{"id":3494,"date":"2018-06-29T07:54:01","date_gmt":"2018-06-29T05:54:01","guid":{"rendered":"http:\/\/www.musedolomiti.it\/?post_type=tribe_events&#038;p=3494"},"modified":"2018-06-29T15:06:57","modified_gmt":"2018-06-29T13:06:57","slug":"2018-la-lirica-la-musica-sacra","status":"publish","type":"tribe_events","link":"https:\/\/www.musedolomiti.it\/en\/evento\/2018-la-lirica-la-musica-sacra\/","title":{"rendered":"La Lirica &#038; la Musica Sacra"},"content":{"rendered":"<h5 class=\"p1\"><span class=\"s1\">Marted\u00ec 31 Luglio 2018, ore 21 | Chiesa del Sacro Cuore di Ges\u00f9, Str\u00e8da de Magoa, 32 &#8211; Canazei |<span class=\"Apple-converted-space\">\u00a0 <\/span>INGRESSO LIBERO<\/span><\/h5>\n<hr \/>\n<p class=\"p1\"><span class=\"s1\"><b>Kumiko Koike, soprano | Oda Zoe Hochscheid, mezzosoprano |\u00a0<\/b><\/span><span class=\"s1\"><b>Ai Yoshida, organo\/cembalo | Alex Gai, organo<\/b><\/span><\/p>\n<p>L\u2019Associazione culturale \u201cLe Muse e le Dolomiti\u201d, punto di riferimento per la musica classica nel territorio dolomitico, organizza un concerto vocale lirico in collaborazione con la Parrocchia del<br \/>\nSacro Cuore e con \u201cCanazei Events\u201d. Saranno eseguiti arie solistiche e duetti accompagnati al clavicembalo, in un programma che si situa tra Lirica e Musica Sacra. Inoltre, Ai Yoshida e Alex<br \/>\nGai suoneranno l\u2019organo restaurato, presente nella Chiesa.<\/p>\n<p>La presentazione al pubblico dei brani in programma sar\u00e0 affidata a Loris Serafini, studioso, organista a Cortina d\u2019Ampezzo, e curatore del Museo Albino Luciani &#8220;MUSAL&#8221; di Canale d\u2019Agordo.<\/p>\n<hr \/>\n<h4 class=\"p1\"><span class=\"s1\"><b><i>Le artiste e gli artisti<\/i><\/b><\/span><\/h4>\n<p class=\"p1\"><span class=\"s1\"><b>Kumiko Koike<\/b>, soprano giapponese, residente in Baviera, ha cantato con direttori di fama internazionale come i Maestri Haselb\u00f6ck e McGegan e ha tra l\u2019altro debuttato il ruolo di Ilia nel \u201cIdomeneo\u201d di W.A. Mozart.<\/span><\/p>\n<p class=\"p1\"><span class=\"s1\"><b>Oda Zoe Hochscheid<\/b>, mezzosoprano, ha debuttato diversi ruoli, tra i quali \u201cRosina\u201d nel Barbiere di Siviglia di Rossini. E\u2019 co-fondatrice del Progetto \u201cLe Muse e le Dolomiti\u201d e Presidente dell\u2019Associazione stessa. Oda, cittadina olandese, \u00e8 residente a Falcade dal 2013. <\/span><\/p>\n<p class=\"p1\"><span class=\"s1\"><b>Ai Yoshida,<\/b> giapponese, organista \/ cembalista, vive e lavora da tempo in Italia, a Tesero in Val di Fiemme. Dal 2016 ricopre l&#8217;incarico di Vice Presidente dell\u2019Associazione.<\/span><\/p>\n<p class=\"p1\"><span class=\"s1\"><b>Alex Gai <\/b>\u00e8 organista presso la Chiesa Parrocchiale di Tesero e organaro presso la Ditta organaria \u201cAndrea Zeni\u201d. Con la moglie Ai Yoshida,<span class=\"Apple-converted-space\">\u00a0 <\/span>suona concerti in Europa e Giappone.<\/span><\/p>\n","protected":false},"excerpt":{"rendered":"<p>Marted\u00ec 31 Luglio 2018, ore 21 | Chiesa del Sacro Cuore di Ges\u00f9, Str\u00e8da de Magoa, 32 &#8211; Canazei |\u00a0 INGRESSO LIBERO Kumiko Koike, soprano | Oda Zoe Hochscheid, mezzosoprano&#8230; <\/p>\n<div class=\"clear\"><\/div>\n<p><a href=\"https:\/\/www.musedolomiti.it\/en\/evento\/2018-la-lirica-la-musica-sacra\/\" class=\"gdlr-button with-border excerpt-read-more\">Read More<\/a><\/p>\n","protected":false},"author":1,"featured_media":3506,"template":"","meta":{"_acf_changed":false,"_tribe_events_status":"","_tribe_events_status_reason":"","footnotes":""},"tags":[],"tribe_events_cat":[61],"class_list":["post-3494","tribe_events","type-tribe_events","status-publish","has-post-thumbnail","hentry","tribe_events_cat-eventi","cat_eventi"],"acf":[],"yoast_head":"<!-- This site is optimized with the Yoast SEO plugin v27.1.1 - https:\/\/yoast.com\/product\/yoast-seo-wordpress\/ -->\n<title>La Lirica &amp; la Musica Sacra - Le Muse e le Dolomiti<\/title>\n<meta name=\"description\" content=\"Scopri tutti gli eventi di Musica Classica organizzati dall&#039;Associazione &quot;Le Muse e le Dolomiti&quot;.\" \/>\n<meta name=\"robots\" content=\"index, follow, max-snippet:-1, max-image-preview:large, max-video-preview:-1\" \/>\n<link rel=\"canonical\" href=\"https:\/\/www.musedolomiti.it\/evento\/2018-la-lirica-la-musica-sacra\/\" \/>\n<meta property=\"og:locale\" content=\"en_US\" \/>\n<meta property=\"og:type\" content=\"article\" \/>\n<meta property=\"og:title\" content=\"La Lirica &amp; la Musica Sacra - Le Muse e le Dolomiti\" \/>\n<meta property=\"og:description\" content=\"Scopri tutti gli eventi di Musica Classica organizzati dall&#039;Associazione &quot;Le Muse e le Dolomiti&quot;.\" \/>\n<meta property=\"og:url\" content=\"https:\/\/www.musedolomiti.it\/evento\/2018-la-lirica-la-musica-sacra\/\" \/>\n<meta property=\"og:site_name\" content=\"Le Muse e le Dolomiti\" \/>\n<meta property=\"article:publisher\" content=\"https:\/\/it-it.facebook.com\/musedolomiti\/\" \/>\n<meta property=\"article:modified_time\" content=\"2018-06-29T13:06:57+00:00\" \/>\n<meta property=\"og:image\" content=\"https:\/\/www.musedolomiti.it\/wp-content\/uploads\/2018\/06\/La_Lirica_e_la_Musica_Sacra.jpg\" \/>\n\t<meta property=\"og:image:width\" content=\"1800\" \/>\n\t<meta property=\"og:image:height\" content=\"1200\" \/>\n\t<meta property=\"og:image:type\" content=\"image\/jpeg\" \/>\n<meta name=\"twitter:card\" content=\"summary_large_image\" \/>\n<meta name=\"twitter:label1\" content=\"Est. reading time\" \/>\n\t<meta name=\"twitter:data1\" content=\"1 minute\" \/>\n<script type=\"application\/ld+json\" class=\"yoast-schema-graph\">{\"@context\":\"https:\/\/schema.org\",\"@graph\":[{\"@type\":\"WebPage\",\"@id\":\"https:\/\/www.musedolomiti.it\/evento\/2018-la-lirica-la-musica-sacra\/\",\"url\":\"https:\/\/www.musedolomiti.it\/evento\/2018-la-lirica-la-musica-sacra\/\",\"name\":\"La Lirica & la Musica Sacra - Le Muse e le Dolomiti\",\"isPartOf\":{\"@id\":\"https:\/\/www.musedolomiti.it\/en\/#website\"},\"primaryImageOfPage\":{\"@id\":\"https:\/\/www.musedolomiti.it\/evento\/2018-la-lirica-la-musica-sacra\/#primaryimage\"},\"image\":{\"@id\":\"https:\/\/www.musedolomiti.it\/evento\/2018-la-lirica-la-musica-sacra\/#primaryimage\"},\"thumbnailUrl\":\"https:\/\/www.musedolomiti.it\/wp-content\/uploads\/2018\/06\/La_Lirica_e_la_Musica_Sacra.jpg\",\"datePublished\":\"2018-06-29T05:54:01+00:00\",\"dateModified\":\"2018-06-29T13:06:57+00:00\",\"description\":\"Scopri tutti gli eventi di Musica Classica organizzati dall'Associazione \\\"Le Muse e le Dolomiti\\\".\",\"breadcrumb\":{\"@id\":\"https:\/\/www.musedolomiti.it\/evento\/2018-la-lirica-la-musica-sacra\/#breadcrumb\"},\"inLanguage\":\"en-US\",\"potentialAction\":[{\"@type\":\"ReadAction\",\"target\":[\"https:\/\/www.musedolomiti.it\/evento\/2018-la-lirica-la-musica-sacra\/\"]}]},{\"@type\":\"ImageObject\",\"inLanguage\":\"en-US\",\"@id\":\"https:\/\/www.musedolomiti.it\/evento\/2018-la-lirica-la-musica-sacra\/#primaryimage\",\"url\":\"https:\/\/www.musedolomiti.it\/wp-content\/uploads\/2018\/06\/La_Lirica_e_la_Musica_Sacra.jpg\",\"contentUrl\":\"https:\/\/www.musedolomiti.it\/wp-content\/uploads\/2018\/06\/La_Lirica_e_la_Musica_Sacra.jpg\",\"width\":1800,\"height\":1200},{\"@type\":\"BreadcrumbList\",\"@id\":\"https:\/\/www.musedolomiti.it\/evento\/2018-la-lirica-la-musica-sacra\/#breadcrumb\",\"itemListElement\":[{\"@type\":\"ListItem\",\"position\":1,\"name\":\"Home\",\"item\":\"https:\/\/www.musedolomiti.it\/en\/\"},{\"@type\":\"ListItem\",\"position\":2,\"name\":\"Eventi\",\"item\":\"https:\/\/www.musedolomiti.it\/calendario\/\"},{\"@type\":\"ListItem\",\"position\":3,\"name\":\"La Lirica &#038; la Musica Sacra\"}]},{\"@type\":\"WebSite\",\"@id\":\"https:\/\/www.musedolomiti.it\/en\/#website\",\"url\":\"https:\/\/www.musedolomiti.it\/en\/\",\"name\":\"Le Muse e le Dolomiti\",\"description\":\"Da Nord a Sud, da Est a Ovest, la Musica e il Belcanto uniscono il mondo.\",\"potentialAction\":[{\"@type\":\"SearchAction\",\"target\":{\"@type\":\"EntryPoint\",\"urlTemplate\":\"https:\/\/www.musedolomiti.it\/en\/?s={search_term_string}\"},\"query-input\":{\"@type\":\"PropertyValueSpecification\",\"valueRequired\":true,\"valueName\":\"search_term_string\"}}],\"inLanguage\":\"en-US\"}]}<\/script>\n<!-- \/ Yoast SEO plugin. -->","yoast_head_json":{"title":"La Lirica & la Musica Sacra - Le Muse e le Dolomiti","description":"Scopri tutti gli eventi di Musica Classica organizzati dall'Associazione \"Le Muse e le Dolomiti\".","robots":{"index":"index","follow":"follow","max-snippet":"max-snippet:-1","max-image-preview":"max-image-preview:large","max-video-preview":"max-video-preview:-1"},"canonical":"https:\/\/www.musedolomiti.it\/evento\/2018-la-lirica-la-musica-sacra\/","og_locale":"en_US","og_type":"article","og_title":"La Lirica & la Musica Sacra - Le Muse e le Dolomiti","og_description":"Scopri tutti gli eventi di Musica Classica organizzati dall'Associazione \"Le Muse e le Dolomiti\".","og_url":"https:\/\/www.musedolomiti.it\/evento\/2018-la-lirica-la-musica-sacra\/","og_site_name":"Le Muse e le Dolomiti","article_publisher":"https:\/\/it-it.facebook.com\/musedolomiti\/","article_modified_time":"2018-06-29T13:06:57+00:00","og_image":[{"width":1800,"height":1200,"url":"https:\/\/www.musedolomiti.it\/wp-content\/uploads\/2018\/06\/La_Lirica_e_la_Musica_Sacra.jpg","type":"image\/jpeg"}],"twitter_card":"summary_large_image","twitter_misc":{"Est. reading time":"1 minute"},"schema":{"@context":"https:\/\/schema.org","@graph":[{"@type":"WebPage","@id":"https:\/\/www.musedolomiti.it\/evento\/2018-la-lirica-la-musica-sacra\/","url":"https:\/\/www.musedolomiti.it\/evento\/2018-la-lirica-la-musica-sacra\/","name":"La Lirica & la Musica Sacra - Le Muse e le Dolomiti","isPartOf":{"@id":"https:\/\/www.musedolomiti.it\/en\/#website"},"primaryImageOfPage":{"@id":"https:\/\/www.musedolomiti.it\/evento\/2018-la-lirica-la-musica-sacra\/#primaryimage"},"image":{"@id":"https:\/\/www.musedolomiti.it\/evento\/2018-la-lirica-la-musica-sacra\/#primaryimage"},"thumbnailUrl":"https:\/\/www.musedolomiti.it\/wp-content\/uploads\/2018\/06\/La_Lirica_e_la_Musica_Sacra.jpg","datePublished":"2018-06-29T05:54:01+00:00","dateModified":"2018-06-29T13:06:57+00:00","description":"Scopri tutti gli eventi di Musica Classica organizzati dall'Associazione \"Le Muse e le Dolomiti\".","breadcrumb":{"@id":"https:\/\/www.musedolomiti.it\/evento\/2018-la-lirica-la-musica-sacra\/#breadcrumb"},"inLanguage":"en-US","potentialAction":[{"@type":"ReadAction","target":["https:\/\/www.musedolomiti.it\/evento\/2018-la-lirica-la-musica-sacra\/"]}]},{"@type":"ImageObject","inLanguage":"en-US","@id":"https:\/\/www.musedolomiti.it\/evento\/2018-la-lirica-la-musica-sacra\/#primaryimage","url":"https:\/\/www.musedolomiti.it\/wp-content\/uploads\/2018\/06\/La_Lirica_e_la_Musica_Sacra.jpg","contentUrl":"https:\/\/www.musedolomiti.it\/wp-content\/uploads\/2018\/06\/La_Lirica_e_la_Musica_Sacra.jpg","width":1800,"height":1200},{"@type":"BreadcrumbList","@id":"https:\/\/www.musedolomiti.it\/evento\/2018-la-lirica-la-musica-sacra\/#breadcrumb","itemListElement":[{"@type":"ListItem","position":1,"name":"Home","item":"https:\/\/www.musedolomiti.it\/en\/"},{"@type":"ListItem","position":2,"name":"Eventi","item":"https:\/\/www.musedolomiti.it\/calendario\/"},{"@type":"ListItem","position":3,"name":"La Lirica &#038; la Musica Sacra"}]},{"@type":"WebSite","@id":"https:\/\/www.musedolomiti.it\/en\/#website","url":"https:\/\/www.musedolomiti.it\/en\/","name":"Le Muse e le Dolomiti","description":"Da Nord a Sud, da Est a Ovest, la Musica e il Belcanto uniscono il mondo.","potentialAction":[{"@type":"SearchAction","target":{"@type":"EntryPoint","urlTemplate":"https:\/\/www.musedolomiti.it\/en\/?s={search_term_string}"},"query-input":{"@type":"PropertyValueSpecification","valueRequired":true,"valueName":"search_term_string"}}],"inLanguage":"en-US"}]}},"_links":{"self":[{"href":"https:\/\/www.musedolomiti.it\/en\/wp-json\/wp\/v2\/tribe_events\/3494","targetHints":{"allow":["GET"]}}],"collection":[{"href":"https:\/\/www.musedolomiti.it\/en\/wp-json\/wp\/v2\/tribe_events"}],"about":[{"href":"https:\/\/www.musedolomiti.it\/en\/wp-json\/wp\/v2\/types\/tribe_events"}],"author":[{"embeddable":true,"href":"https:\/\/www.musedolomiti.it\/en\/wp-json\/wp\/v2\/users\/1"}],"version-history":[{"count":4,"href":"https:\/\/www.musedolomiti.it\/en\/wp-json\/wp\/v2\/tribe_events\/3494\/revisions"}],"predecessor-version":[{"id":3507,"href":"https:\/\/www.musedolomiti.it\/en\/wp-json\/wp\/v2\/tribe_events\/3494\/revisions\/3507"}],"wp:featuredmedia":[{"embeddable":true,"href":"https:\/\/www.musedolomiti.it\/en\/wp-json\/wp\/v2\/media\/3506"}],"wp:attachment":[{"href":"https:\/\/www.musedolomiti.it\/en\/wp-json\/wp\/v2\/media?parent=3494"}],"wp:term":[{"taxonomy":"post_tag","embeddable":true,"href":"https:\/\/www.musedolomiti.it\/en\/wp-json\/wp\/v2\/tags?post=3494"},{"taxonomy":"tribe_events_cat","embeddable":true,"href":"https:\/\/www.musedolomiti.it\/en\/wp-json\/wp\/v2\/tribe_events_cat?post=3494"}],"curies":[{"name":"wp","href":"https:\/\/api.w.org\/{rel}","templated":true}]}}

<h5 class="p1"><span class="s1">Martedì 31 Luglio 2018, ore 21 | Chiesa del Sacro Cuore di Gesù, Strèda de Magoa, 32 &#8211; Canazei |<span class="Apple-converted-space">  </span>INGRESSO LIBERO</span></h5>
<hr />
<p class="p1"><span class="s1"><b>Kumiko Koike, soprano | Oda Zoe Hochscheid, mezzosoprano | </b></span><span class="s1"><b>Ai Yoshida, organo/cembalo | Alex Gai, organo</b></span></p>
<p>L’Associazione culturale “Le Muse e le Dolomiti”, punto di riferimento per la musica classica nel territorio dolomitico, organizza un concerto vocale lirico in collaborazione con la Parrocchia del<br />
Sacro Cuore e con “Canazei Events”. Saranno eseguiti arie solistiche e duetti accompagnati al clavicembalo, in un programma che si situa tra Lirica e Musica Sacra. Inoltre, Ai Yoshida e Alex<br />
Gai suoneranno l’organo restaurato, presente nella Chiesa.</p>
<p>La presentazione al pubblico dei brani in programma sarà affidata a Loris Serafini, studioso, organista a Cortina d’Ampezzo, e curatore del Museo Albino Luciani &#8220;MUSAL&#8221; di Canale d’Agordo.</p>
<hr />
<h4 class="p1"><span class="s1"><b><i>Le artiste e gli artisti</i></b></span></h4>
<p class="p1"><span class="s1"><b>Kumiko Koike</b>, soprano giapponese, residente in Baviera, ha cantato con direttori di fama internazionale come i Maestri Haselböck e McGegan e ha tra l’altro debuttato il ruolo di Ilia nel “Idomeneo” di W.A. Mozart.</span></p>
<p class="p1"><span class="s1"><b>Oda Zoe Hochscheid</b>, mezzosoprano, ha debuttato diversi ruoli, tra i quali “Rosina” nel Barbiere di Siviglia di Rossini. E’ co-fondatrice del Progetto “Le Muse e le Dolomiti” e Presidente dell’Associazione stessa. Oda, cittadina olandese, è residente a Falcade dal 2013. </span></p>
<p class="p1"><span class="s1"><b>Ai Yoshida,</b> giapponese, organista / cembalista, vive e lavora da tempo in Italia, a Tesero in Val di Fiemme. Dal 2016 ricopre l&#8217;incarico di Vice Presidente dell’Associazione.</span></p>
<p class="p1"><span class="s1"><b>Alex Gai </b>è organista presso la Chiesa Parrocchiale di Tesero e organaro presso la Ditta organaria “Andrea Zeni”. Con la moglie Ai Yoshida,<span class="Apple-converted-space">  </span>suona concerti in Europa e Giappone.</span></p>

<p>Martedì 31 Luglio 2018, ore 21 | Chiesa del Sacro Cuore di Gesù, Strèda de Magoa, 32 &#8211; Canazei |  INGRESSO LIBERO Kumiko Koike, soprano | Oda Zoe Hochscheid, mezzosoprano&#8230; </p>
<div class="clear"></div>
<p><a href="https://www.musedolomiti.it/en/evento/2018-la-lirica-la-musica-sacra/" class="gdlr-button with-border excerpt-read-more">Read More</a></p>
