{"id":4654,"date":"2020-12-22T12:24:56","date_gmt":"2020-12-22T11:24:56","guid":{"rendered":"http:\/\/www.musedolomiti.it\/?post_type=tribe_events&#038;p=4654"},"modified":"2021-01-03T13:47:50","modified_gmt":"2021-01-03T12:47:50","slug":"zigzagando","status":"publish","type":"tribe_events","link":"https:\/\/www.musedolomiti.it\/en\/evento\/zigzagando\/","title":{"rendered":"Zigzagando in Europa"},"content":{"rendered":"<h5 class=\"p1\"><span class=\"s1\">Marted\u00ec 5 Gennaio 2021, ore 20:30 | Diretta streaming dalla Biblioteca di Vallada Agordina<\/span><\/h5>\n<p><img loading=\"lazy\" decoding=\"async\" class=\"alignleft wp-image-4648\" src=\"http:\/\/www.musedolomiti.it\/wp-content\/uploads\/2020\/02\/MuseDolomiti_DirettaStreaming-212x300.jpg\" alt=\"\" width=\"550\" height=\"777\" srcset=\"https:\/\/www.musedolomiti.it\/wp-content\/uploads\/2020\/02\/MuseDolomiti_DirettaStreaming-212x300.jpg 212w, https:\/\/www.musedolomiti.it\/wp-content\/uploads\/2020\/02\/MuseDolomiti_DirettaStreaming-725x1024.jpg 725w, https:\/\/www.musedolomiti.it\/wp-content\/uploads\/2020\/02\/MuseDolomiti_DirettaStreaming-768x1085.jpg 768w, https:\/\/www.musedolomiti.it\/wp-content\/uploads\/2020\/02\/MuseDolomiti_DirettaStreaming.jpg 886w\" sizes=\"auto, (max-width: 550px) 100vw, 550px\" \/><\/p>\n<p><i><br \/>\nConcerto per la notte dei Pavarui<\/i><\/p>\n<p><strong>Oda Zoe Hochscheid, mezzosoprano<br \/>\nDoris Hochscheid, violoncello<br \/>\nFrans van Ruth, pianoforte<\/strong><\/p>\n<p>Mai come adesso desideriamo iniziare l\u2019anno nuovo con musica, cultura e bellezza: questo concerto nasce davvero come segno di speranza, oltre ad essere un augurio di Buon Anno a voi tutte e tutti!<\/p>\n<p>Al tramonto della vigilia dell\u2019Epifania, le cime delle montagne della Valle del Biois saranno punteggiate dai Pavarui, i tradizionali fal\u00f2. La stessa sera vi proporremo un viaggio musicale attraverso l\u2019Europa senza tralasciare la Russia.<\/p>\n<p>Il trio Oda Zoe, Doris e Frans canter\u00e0 e suoner\u00e0 una variet\u00e0 di musiche da camera dell\u2019 \u2018800 e del primo \u2018900 realizzando cos\u00ec uno \u201czigzag\u201d musicale mirato: non si pu\u00f2 uscire di casa, ma si pu\u00f2 viaggiare con le note, emozionandosi grazie a questo repertorio senza confini che unisce l\u2019Europa e il mondo.<\/p>\n<p>Ringraziamo vivamente l\u2019emittente Radio Pi\u00f9, nostra partner, che curer\u00e0 la diretta streaming, attivata poco prima delle ore 20:30 del giorno 5 gennaio 2021.<span class=\"Apple-converted-space\">\u00a0<\/span><\/p>\n<p>Per guardare e ascoltare il concerto in diretta, potrete cliccare su uno dei due link sottostanti, ma consigliamo la prima opzione, la pagina facebook: i\u00a0titoli e i testi dei brani eseguiti saranno resi disponibili nei commenti durante la diretta streaming per averli sempre sotto mano. Tramite gli stessi commenti e likes sar\u00e0 possibile condividere, con tutte e tutti gli spettatori, una specie di \u201capplauso virtuale\u201d.<\/p>\n<p><strong>Per seguire la diretta streaming sulla pagina facebook di Radio Pi\u00f9,\u00a0<a href=\"https:\/\/www.facebook.com\/radiopiu\" target=\"_blank\" rel=\"noopener noreferrer\">clicca qui<\/a>.<\/strong><\/p>\n<p><strong>Chi non pu\u00f2 o non vuole usare facebook pu\u00f2 seguire la diretta streaming sul sito web di Radio Pi\u00f9:\u00a0<a href=\"https:\/\/www.radiopiu.net\/\" target=\"_blank\" rel=\"noopener noreferrer\">clicca qui<\/a>.<\/strong><\/p>\n<p><strong>Vi invitiamo a scaricare il programma di sala e i testi cantati in lingua originale e in traduzione italiana <a href=\"http:\/\/www.musedolomiti.it\/wp-content\/uploads\/2020\/02\/Zigzagando_05012021_PerIlPubblicoOnline.pdf\" target=\"_blank\" rel=\"noopener noreferrer\">cliccando qui<\/a>!<\/strong><\/p>\n<p><em>Un sentito ringraziamento al Comune, alla Biblioteca e\u00a0alla ProLoco di Vallada Agordina, in particolare al Sindaco Fabio Luchetta e alla fantastica Maria Rosa Fae\u2019! \u00a0<\/em><\/p>\n<p>Foto: Yvon Moll<\/p>\n","protected":false},"excerpt":{"rendered":"<p>Marted\u00ec 5 Gennaio 2021, ore 20:30 | Diretta streaming dalla Biblioteca di Vallada Agordina Concerto per la notte dei Pavarui Oda Zoe Hochscheid, mezzosoprano Doris Hochscheid, violoncello Frans van Ruth,&#8230; <\/p>\n<div class=\"clear\"><\/div>\n<p><a href=\"https:\/\/www.musedolomiti.it\/en\/evento\/zigzagando\/\" class=\"gdlr-button with-border excerpt-read-more\">Read More<\/a><\/p>\n","protected":false},"author":2,"featured_media":4652,"template":"","meta":{"_acf_changed":false,"_tribe_events_status":"","_tribe_events_status_reason":"","footnotes":""},"tags":[],"tribe_events_cat":[61],"class_list":["post-4654","tribe_events","type-tribe_events","status-publish","has-post-thumbnail","hentry","tribe_events_cat-eventi","cat_eventi"],"acf":[],"yoast_head":"<!-- This site is optimized with the Yoast SEO plugin v27.1.1 - https:\/\/yoast.com\/product\/yoast-seo-wordpress\/ -->\n<title>Zigzagando in Europa - Le Muse e le Dolomiti<\/title>\n<meta name=\"description\" content=\"Scopri tutti gli eventi di Musica Classica organizzati dall&#039;Associazione &quot;Le Muse e le Dolomiti&quot;.\" \/>\n<meta name=\"robots\" content=\"index, follow, max-snippet:-1, max-image-preview:large, max-video-preview:-1\" \/>\n<link rel=\"canonical\" href=\"https:\/\/www.musedolomiti.it\/evento\/zigzagando\/\" \/>\n<meta property=\"og:locale\" content=\"en_US\" \/>\n<meta property=\"og:type\" content=\"article\" \/>\n<meta property=\"og:title\" content=\"Zigzagando in Europa - Le Muse e le Dolomiti\" \/>\n<meta property=\"og:description\" content=\"Scopri tutti gli eventi di Musica Classica organizzati dall&#039;Associazione &quot;Le Muse e le Dolomiti&quot;.\" \/>\n<meta property=\"og:url\" content=\"https:\/\/www.musedolomiti.it\/evento\/zigzagando\/\" \/>\n<meta property=\"og:site_name\" content=\"Le Muse e le Dolomiti\" \/>\n<meta property=\"article:publisher\" content=\"https:\/\/it-it.facebook.com\/musedolomiti\/\" \/>\n<meta property=\"article:modified_time\" content=\"2021-01-03T12:47:50+00:00\" \/>\n<meta property=\"og:image\" content=\"https:\/\/www.musedolomiti.it\/wp-content\/uploads\/2020\/02\/IMG_2447.A.jpg\" \/>\n\t<meta property=\"og:image:width\" content=\"700\" \/>\n\t<meta property=\"og:image:height\" content=\"467\" \/>\n\t<meta property=\"og:image:type\" content=\"image\/jpeg\" \/>\n<meta name=\"twitter:card\" content=\"summary_large_image\" \/>\n<meta name=\"twitter:label1\" content=\"Est. reading time\" \/>\n\t<meta name=\"twitter:data1\" content=\"2 minutes\" \/>\n<script type=\"application\/ld+json\" class=\"yoast-schema-graph\">{\"@context\":\"https:\/\/schema.org\",\"@graph\":[{\"@type\":\"WebPage\",\"@id\":\"https:\/\/www.musedolomiti.it\/evento\/zigzagando\/\",\"url\":\"https:\/\/www.musedolomiti.it\/evento\/zigzagando\/\",\"name\":\"Zigzagando in Europa - Le Muse e le Dolomiti\",\"isPartOf\":{\"@id\":\"https:\/\/www.musedolomiti.it\/en\/#website\"},\"primaryImageOfPage\":{\"@id\":\"https:\/\/www.musedolomiti.it\/evento\/zigzagando\/#primaryimage\"},\"image\":{\"@id\":\"https:\/\/www.musedolomiti.it\/evento\/zigzagando\/#primaryimage\"},\"thumbnailUrl\":\"https:\/\/www.musedolomiti.it\/wp-content\/uploads\/2020\/02\/IMG_2447.A.jpg\",\"datePublished\":\"2020-12-22T11:24:56+00:00\",\"dateModified\":\"2021-01-03T12:47:50+00:00\",\"description\":\"Scopri tutti gli eventi di Musica Classica organizzati dall'Associazione \\\"Le Muse e le Dolomiti\\\".\",\"breadcrumb\":{\"@id\":\"https:\/\/www.musedolomiti.it\/evento\/zigzagando\/#breadcrumb\"},\"inLanguage\":\"en-US\",\"potentialAction\":[{\"@type\":\"ReadAction\",\"target\":[\"https:\/\/www.musedolomiti.it\/evento\/zigzagando\/\"]}]},{\"@type\":\"ImageObject\",\"inLanguage\":\"en-US\",\"@id\":\"https:\/\/www.musedolomiti.it\/evento\/zigzagando\/#primaryimage\",\"url\":\"https:\/\/www.musedolomiti.it\/wp-content\/uploads\/2020\/02\/IMG_2447.A.jpg\",\"contentUrl\":\"https:\/\/www.musedolomiti.it\/wp-content\/uploads\/2020\/02\/IMG_2447.A.jpg\",\"width\":700,\"height\":467},{\"@type\":\"BreadcrumbList\",\"@id\":\"https:\/\/www.musedolomiti.it\/evento\/zigzagando\/#breadcrumb\",\"itemListElement\":[{\"@type\":\"ListItem\",\"position\":1,\"name\":\"Home\",\"item\":\"https:\/\/www.musedolomiti.it\/en\/\"},{\"@type\":\"ListItem\",\"position\":2,\"name\":\"Eventi\",\"item\":\"https:\/\/www.musedolomiti.it\/calendario\/\"},{\"@type\":\"ListItem\",\"position\":3,\"name\":\"Zigzagando in Europa\"}]},{\"@type\":\"WebSite\",\"@id\":\"https:\/\/www.musedolomiti.it\/en\/#website\",\"url\":\"https:\/\/www.musedolomiti.it\/en\/\",\"name\":\"Le Muse e le Dolomiti\",\"description\":\"Da Nord a Sud, da Est a Ovest, la Musica e il Belcanto uniscono il mondo.\",\"potentialAction\":[{\"@type\":\"SearchAction\",\"target\":{\"@type\":\"EntryPoint\",\"urlTemplate\":\"https:\/\/www.musedolomiti.it\/en\/?s={search_term_string}\"},\"query-input\":{\"@type\":\"PropertyValueSpecification\",\"valueRequired\":true,\"valueName\":\"search_term_string\"}}],\"inLanguage\":\"en-US\"}]}<\/script>\n<!-- \/ Yoast SEO plugin. -->","yoast_head_json":{"title":"Zigzagando in Europa - Le Muse e le Dolomiti","description":"Scopri tutti gli eventi di Musica Classica organizzati dall'Associazione \"Le Muse e le Dolomiti\".","robots":{"index":"index","follow":"follow","max-snippet":"max-snippet:-1","max-image-preview":"max-image-preview:large","max-video-preview":"max-video-preview:-1"},"canonical":"https:\/\/www.musedolomiti.it\/evento\/zigzagando\/","og_locale":"en_US","og_type":"article","og_title":"Zigzagando in Europa - Le Muse e le Dolomiti","og_description":"Scopri tutti gli eventi di Musica Classica organizzati dall'Associazione \"Le Muse e le Dolomiti\".","og_url":"https:\/\/www.musedolomiti.it\/evento\/zigzagando\/","og_site_name":"Le Muse e le Dolomiti","article_publisher":"https:\/\/it-it.facebook.com\/musedolomiti\/","article_modified_time":"2021-01-03T12:47:50+00:00","og_image":[{"width":700,"height":467,"url":"https:\/\/www.musedolomiti.it\/wp-content\/uploads\/2020\/02\/IMG_2447.A.jpg","type":"image\/jpeg"}],"twitter_card":"summary_large_image","twitter_misc":{"Est. reading time":"2 minutes"},"schema":{"@context":"https:\/\/schema.org","@graph":[{"@type":"WebPage","@id":"https:\/\/www.musedolomiti.it\/evento\/zigzagando\/","url":"https:\/\/www.musedolomiti.it\/evento\/zigzagando\/","name":"Zigzagando in Europa - Le Muse e le Dolomiti","isPartOf":{"@id":"https:\/\/www.musedolomiti.it\/en\/#website"},"primaryImageOfPage":{"@id":"https:\/\/www.musedolomiti.it\/evento\/zigzagando\/#primaryimage"},"image":{"@id":"https:\/\/www.musedolomiti.it\/evento\/zigzagando\/#primaryimage"},"thumbnailUrl":"https:\/\/www.musedolomiti.it\/wp-content\/uploads\/2020\/02\/IMG_2447.A.jpg","datePublished":"2020-12-22T11:24:56+00:00","dateModified":"2021-01-03T12:47:50+00:00","description":"Scopri tutti gli eventi di Musica Classica organizzati dall'Associazione \"Le Muse e le Dolomiti\".","breadcrumb":{"@id":"https:\/\/www.musedolomiti.it\/evento\/zigzagando\/#breadcrumb"},"inLanguage":"en-US","potentialAction":[{"@type":"ReadAction","target":["https:\/\/www.musedolomiti.it\/evento\/zigzagando\/"]}]},{"@type":"ImageObject","inLanguage":"en-US","@id":"https:\/\/www.musedolomiti.it\/evento\/zigzagando\/#primaryimage","url":"https:\/\/www.musedolomiti.it\/wp-content\/uploads\/2020\/02\/IMG_2447.A.jpg","contentUrl":"https:\/\/www.musedolomiti.it\/wp-content\/uploads\/2020\/02\/IMG_2447.A.jpg","width":700,"height":467},{"@type":"BreadcrumbList","@id":"https:\/\/www.musedolomiti.it\/evento\/zigzagando\/#breadcrumb","itemListElement":[{"@type":"ListItem","position":1,"name":"Home","item":"https:\/\/www.musedolomiti.it\/en\/"},{"@type":"ListItem","position":2,"name":"Eventi","item":"https:\/\/www.musedolomiti.it\/calendario\/"},{"@type":"ListItem","position":3,"name":"Zigzagando in Europa"}]},{"@type":"WebSite","@id":"https:\/\/www.musedolomiti.it\/en\/#website","url":"https:\/\/www.musedolomiti.it\/en\/","name":"Le Muse e le Dolomiti","description":"Da Nord a Sud, da Est a Ovest, la Musica e il Belcanto uniscono il mondo.","potentialAction":[{"@type":"SearchAction","target":{"@type":"EntryPoint","urlTemplate":"https:\/\/www.musedolomiti.it\/en\/?s={search_term_string}"},"query-input":{"@type":"PropertyValueSpecification","valueRequired":true,"valueName":"search_term_string"}}],"inLanguage":"en-US"}]}},"_links":{"self":[{"href":"https:\/\/www.musedolomiti.it\/en\/wp-json\/wp\/v2\/tribe_events\/4654","targetHints":{"allow":["GET"]}}],"collection":[{"href":"https:\/\/www.musedolomiti.it\/en\/wp-json\/wp\/v2\/tribe_events"}],"about":[{"href":"https:\/\/www.musedolomiti.it\/en\/wp-json\/wp\/v2\/types\/tribe_events"}],"author":[{"embeddable":true,"href":"https:\/\/www.musedolomiti.it\/en\/wp-json\/wp\/v2\/users\/2"}],"version-history":[{"count":10,"href":"https:\/\/www.musedolomiti.it\/en\/wp-json\/wp\/v2\/tribe_events\/4654\/revisions"}],"predecessor-version":[{"id":4685,"href":"https:\/\/www.musedolomiti.it\/en\/wp-json\/wp\/v2\/tribe_events\/4654\/revisions\/4685"}],"wp:featuredmedia":[{"embeddable":true,"href":"https:\/\/www.musedolomiti.it\/en\/wp-json\/wp\/v2\/media\/4652"}],"wp:attachment":[{"href":"https:\/\/www.musedolomiti.it\/en\/wp-json\/wp\/v2\/media?parent=4654"}],"wp:term":[{"taxonomy":"post_tag","embeddable":true,"href":"https:\/\/www.musedolomiti.it\/en\/wp-json\/wp\/v2\/tags?post=4654"},{"taxonomy":"tribe_events_cat","embeddable":true,"href":"https:\/\/www.musedolomiti.it\/en\/wp-json\/wp\/v2\/tribe_events_cat?post=4654"}],"curies":[{"name":"wp","href":"https:\/\/api.w.org\/{rel}","templated":true}]}}

<h5 class="p1"><span class="s1">Martedì 5 Gennaio 2021, ore 20:30 | Diretta streaming dalla Biblioteca di Vallada Agordina</span></h5>
<p><img loading="lazy" decoding="async" class="alignleft wp-image-4648" src="http://www.musedolomiti.it/wp-content/uploads/2020/02/MuseDolomiti_DirettaStreaming-212x300.jpg" alt="" width="550" height="777" srcset="https://www.musedolomiti.it/wp-content/uploads/2020/02/MuseDolomiti_DirettaStreaming-212x300.jpg 212w, https://www.musedolomiti.it/wp-content/uploads/2020/02/MuseDolomiti_DirettaStreaming-725x1024.jpg 725w, https://www.musedolomiti.it/wp-content/uploads/2020/02/MuseDolomiti_DirettaStreaming-768x1085.jpg 768w, https://www.musedolomiti.it/wp-content/uploads/2020/02/MuseDolomiti_DirettaStreaming.jpg 886w" sizes="auto, (max-width: 550px) 100vw, 550px" /></p>
<p><i><br />
Concerto per la notte dei Pavarui</i></p>
<p><strong>Oda Zoe Hochscheid, mezzosoprano<br />
Doris Hochscheid, violoncello<br />
Frans van Ruth, pianoforte</strong></p>
<p>Mai come adesso desideriamo iniziare l’anno nuovo con musica, cultura e bellezza: questo concerto nasce davvero come segno di speranza, oltre ad essere un augurio di Buon Anno a voi tutte e tutti!</p>
<p>Al tramonto della vigilia dell’Epifania, le cime delle montagne della Valle del Biois saranno punteggiate dai Pavarui, i tradizionali falò. La stessa sera vi proporremo un viaggio musicale attraverso l’Europa senza tralasciare la Russia.</p>
<p>Il trio Oda Zoe, Doris e Frans canterà e suonerà una varietà di musiche da camera dell’ ‘800 e del primo ‘900 realizzando così uno “zigzag” musicale mirato: non si può uscire di casa, ma si può viaggiare con le note, emozionandosi grazie a questo repertorio senza confini che unisce l’Europa e il mondo.</p>
<p>Ringraziamo vivamente l’emittente Radio Più, nostra partner, che curerà la diretta streaming, attivata poco prima delle ore 20:30 del giorno 5 gennaio 2021.<span class="Apple-converted-space"> </span></p>
<p>Per guardare e ascoltare il concerto in diretta, potrete cliccare su uno dei due link sottostanti, ma consigliamo la prima opzione, la pagina facebook: i titoli e i testi dei brani eseguiti saranno resi disponibili nei commenti durante la diretta streaming per averli sempre sotto mano. Tramite gli stessi commenti e likes sarà possibile condividere, con tutte e tutti gli spettatori, una specie di “applauso virtuale”.</p>
<p><strong>Per seguire la diretta streaming sulla pagina facebook di Radio Più, <a href="https://www.facebook.com/radiopiu" target="_blank" rel="noopener noreferrer">clicca qui</a>.</strong></p>
<p><strong>Chi non può o non vuole usare facebook può seguire la diretta streaming sul sito web di Radio Più: <a href="https://www.radiopiu.net/" target="_blank" rel="noopener noreferrer">clicca qui</a>.</strong></p>
<p><strong>Vi invitiamo a scaricare il programma di sala e i testi cantati in lingua originale e in traduzione italiana <a href="http://www.musedolomiti.it/wp-content/uploads/2020/02/Zigzagando_05012021_PerIlPubblicoOnline.pdf" target="_blank" rel="noopener noreferrer">cliccando qui</a>!</strong></p>
<p><em>Un sentito ringraziamento al Comune, alla Biblioteca e alla ProLoco di Vallada Agordina, in particolare al Sindaco Fabio Luchetta e alla fantastica Maria Rosa Fae’!  </em></p>
<p>Foto: Yvon Moll</p>

<p>Martedì 5 Gennaio 2021, ore 20:30 | Diretta streaming dalla Biblioteca di Vallada Agordina Concerto per la notte dei Pavarui Oda Zoe Hochscheid, mezzosoprano Doris Hochscheid, violoncello Frans van Ruth,&#8230; </p>
<div class="clear"></div>
<p><a href="https://www.musedolomiti.it/en/evento/zigzagando/" class="gdlr-button with-border excerpt-read-more">Read More</a></p>
