{"id":4877,"date":"2021-06-02T22:25:47","date_gmt":"2021-06-02T20:25:47","guid":{"rendered":"https:\/\/www.musedolomiti.it\/?post_type=tribe_events&#038;p=4877"},"modified":"2021-06-24T12:15:38","modified_gmt":"2021-06-24T10:15:38","slug":"zigzagando-in-europa-tesero","status":"publish","type":"tribe_events","link":"https:\/\/www.musedolomiti.it\/en\/evento\/zigzagando-in-europa-tesero\/","title":{"rendered":"IX Edizione 2021 &#8211; Zigzagando in Europa"},"content":{"rendered":"<h5 class=\"p1\"><span class=\"s1\">Venerd\u00ec 2 Luglio 2021, ore 21:00 | Sala Bavarese a Tesero<\/span><\/h5>\n<p>&nbsp;<\/p>\n<p><strong><a href=\"https:\/\/www.musedolomiti.it\/wp-content\/uploads\/2020\/02\/A3_MuseDolomiti_02_07_2021.pdf\" target=\"_blank\" rel=\"attachment noopener wp-att-4979\"><img loading=\"lazy\" decoding=\"async\" class=\"alignleft wp-image-4979\" src=\"https:\/\/www.musedolomiti.it\/wp-content\/uploads\/2021\/06\/A3_MuseDolomiti_02_07_2021-213x300.jpg\" alt=\"\" width=\"450\" height=\"635\" srcset=\"https:\/\/www.musedolomiti.it\/wp-content\/uploads\/2021\/06\/A3_MuseDolomiti_02_07_2021-213x300.jpg 213w, https:\/\/www.musedolomiti.it\/wp-content\/uploads\/2021\/06\/A3_MuseDolomiti_02_07_2021-725x1024.jpg 725w, https:\/\/www.musedolomiti.it\/wp-content\/uploads\/2021\/06\/A3_MuseDolomiti_02_07_2021-768x1084.jpg 768w, https:\/\/www.musedolomiti.it\/wp-content\/uploads\/2021\/06\/A3_MuseDolomiti_02_07_2021-1088x1536.jpg 1088w, https:\/\/www.musedolomiti.it\/wp-content\/uploads\/2021\/06\/A3_MuseDolomiti_02_07_2021.jpg 1360w\" sizes=\"auto, (max-width: 450px) 100vw, 450px\" \/><\/a>Oda Zoe Hochscheid, mezzosoprano<br \/>\nDoris Hochscheid, violoncello<br \/>\nFrans van Ruth, pianoforte<\/strong><\/p>\n<p>Stasera vi proporremo un viaggio musicale attraverso l\u2019Europa e senza tralasciare la Russia.<\/p>\n<p>Il trio Oda Zoe, Doris e Frans canter\u00e0 e suoner\u00e0 una variet\u00e0 di musiche da camera dell\u2019 \u2018800 e del primo \u2018900 realizzando cos\u00ec uno \u201czigzag\u201d musicale mirato: viaggeremo con le note, emozionandosi grazie a questo repertorio senza confini che unisce l\u2019Europa e il mondo.<\/p>\n<p><em>Un sentito ringraziamento al Comune e al Comitato Manifestazioni di Tesero e all&#8217;associazione <a href=\"https:\/\/giulianoorganotesero.it\" target=\"_blank\" rel=\"noopener\">&#8220;Giuliano per l&#8217;Organo di Tesero&#8221;<\/a>!<\/em><\/p>\n<p>Foto: Yvon Moll<\/p>\n<p><b>Precauzioni anti-COVID19:<\/b><\/p>\n<ul>\n<li>Prenotazione <strong>obbligatoria<\/strong><br \/>\ntramite whatsapp al 340 230 5439<br \/>\no via mail: ufficio@musedolomiti.it<\/li>\n<li>Chiediamo gentilmente di ricordarsi la mascherina;<\/li>\n<li>Vi preghiamo di igienizzare le mani con gel alcoolico messo a disposizione dall\u2019Associazione all\u2019ingresso e all\u2019uscita della sala;<\/li>\n<li>Sar\u00e0 possibile sedersi solo nei posti predisposti a distanza di sicurezza di un metro;<\/li>\n<li>Registreremo e conserveremo le vostre generalit\u00e0 e un contatto (mail e telefono) per 14 giorni.<\/li>\n<\/ul>\n<p>Segnaliamo che potr\u00e0 essere rilevata la temperatura corporea.<\/p>\n","protected":false},"excerpt":{"rendered":"<p>Venerd\u00ec 2 Luglio 2021, ore 21:00 | Sala Bavarese a Tesero &nbsp; Oda Zoe Hochscheid, mezzosoprano Doris Hochscheid, violoncello Frans van Ruth, pianoforte Stasera vi proporremo un viaggio musicale attraverso&#8230; <\/p>\n<div class=\"clear\"><\/div>\n<p><a href=\"https:\/\/www.musedolomiti.it\/en\/evento\/zigzagando-in-europa-tesero\/\" class=\"gdlr-button with-border excerpt-read-more\">Read More<\/a><\/p>\n","protected":false},"author":2,"featured_media":4652,"template":"","meta":{"_acf_changed":false,"_tribe_events_status":"","_tribe_events_status_reason":"","footnotes":""},"tags":[],"tribe_events_cat":[75],"class_list":["post-4877","tribe_events","type-tribe_events","status-publish","has-post-thumbnail","hentry","tribe_events_cat-ix-edizione-2021","cat_ix-edizione-2021"],"acf":[],"yoast_head":"<!-- This site is optimized with the Yoast SEO plugin v27.1.1 - https:\/\/yoast.com\/product\/yoast-seo-wordpress\/ -->\n<title>IX Edizione 2021 - Zigzagando in Europa - Le Muse e le Dolomiti<\/title>\n<meta name=\"description\" content=\"Scopri tutti gli eventi di Musica Classica organizzati dall&#039;Associazione &quot;Le Muse e le Dolomiti&quot;.\" \/>\n<meta name=\"robots\" content=\"index, follow, max-snippet:-1, max-image-preview:large, max-video-preview:-1\" \/>\n<link rel=\"canonical\" href=\"https:\/\/www.musedolomiti.it\/evento\/zigzagando-in-europa-tesero\/\" \/>\n<meta property=\"og:locale\" content=\"en_US\" \/>\n<meta property=\"og:type\" content=\"article\" \/>\n<meta property=\"og:title\" content=\"IX Edizione 2021 - Zigzagando in Europa - Le Muse e le Dolomiti\" \/>\n<meta property=\"og:description\" content=\"Scopri tutti gli eventi di Musica Classica organizzati dall&#039;Associazione &quot;Le Muse e le Dolomiti&quot;.\" \/>\n<meta property=\"og:url\" content=\"https:\/\/www.musedolomiti.it\/evento\/zigzagando-in-europa-tesero\/\" \/>\n<meta property=\"og:site_name\" content=\"Le Muse e le Dolomiti\" \/>\n<meta property=\"article:publisher\" content=\"https:\/\/it-it.facebook.com\/musedolomiti\/\" \/>\n<meta property=\"article:modified_time\" content=\"2021-06-24T10:15:38+00:00\" \/>\n<meta property=\"og:image\" content=\"https:\/\/www.musedolomiti.it\/wp-content\/uploads\/2020\/02\/IMG_2447.A.jpg\" \/>\n\t<meta property=\"og:image:width\" content=\"700\" \/>\n\t<meta property=\"og:image:height\" content=\"467\" \/>\n\t<meta property=\"og:image:type\" content=\"image\/jpeg\" \/>\n<meta name=\"twitter:card\" content=\"summary_large_image\" \/>\n<meta name=\"twitter:label1\" content=\"Est. reading time\" \/>\n\t<meta name=\"twitter:data1\" content=\"1 minute\" \/>\n<script type=\"application\/ld+json\" class=\"yoast-schema-graph\">{\"@context\":\"https:\/\/schema.org\",\"@graph\":[{\"@type\":\"WebPage\",\"@id\":\"https:\/\/www.musedolomiti.it\/evento\/zigzagando-in-europa-tesero\/\",\"url\":\"https:\/\/www.musedolomiti.it\/evento\/zigzagando-in-europa-tesero\/\",\"name\":\"IX Edizione 2021 - Zigzagando in Europa - Le Muse e le Dolomiti\",\"isPartOf\":{\"@id\":\"https:\/\/www.musedolomiti.it\/en\/#website\"},\"primaryImageOfPage\":{\"@id\":\"https:\/\/www.musedolomiti.it\/evento\/zigzagando-in-europa-tesero\/#primaryimage\"},\"image\":{\"@id\":\"https:\/\/www.musedolomiti.it\/evento\/zigzagando-in-europa-tesero\/#primaryimage\"},\"thumbnailUrl\":\"https:\/\/www.musedolomiti.it\/wp-content\/uploads\/2020\/02\/IMG_2447.A.jpg\",\"datePublished\":\"2021-06-02T20:25:47+00:00\",\"dateModified\":\"2021-06-24T10:15:38+00:00\",\"description\":\"Scopri tutti gli eventi di Musica Classica organizzati dall'Associazione \\\"Le Muse e le Dolomiti\\\".\",\"breadcrumb\":{\"@id\":\"https:\/\/www.musedolomiti.it\/evento\/zigzagando-in-europa-tesero\/#breadcrumb\"},\"inLanguage\":\"en-US\",\"potentialAction\":[{\"@type\":\"ReadAction\",\"target\":[\"https:\/\/www.musedolomiti.it\/evento\/zigzagando-in-europa-tesero\/\"]}]},{\"@type\":\"ImageObject\",\"inLanguage\":\"en-US\",\"@id\":\"https:\/\/www.musedolomiti.it\/evento\/zigzagando-in-europa-tesero\/#primaryimage\",\"url\":\"https:\/\/www.musedolomiti.it\/wp-content\/uploads\/2020\/02\/IMG_2447.A.jpg\",\"contentUrl\":\"https:\/\/www.musedolomiti.it\/wp-content\/uploads\/2020\/02\/IMG_2447.A.jpg\",\"width\":700,\"height\":467},{\"@type\":\"BreadcrumbList\",\"@id\":\"https:\/\/www.musedolomiti.it\/evento\/zigzagando-in-europa-tesero\/#breadcrumb\",\"itemListElement\":[{\"@type\":\"ListItem\",\"position\":1,\"name\":\"Home\",\"item\":\"https:\/\/www.musedolomiti.it\/en\/\"},{\"@type\":\"ListItem\",\"position\":2,\"name\":\"Eventi\",\"item\":\"https:\/\/www.musedolomiti.it\/calendario\/\"},{\"@type\":\"ListItem\",\"position\":3,\"name\":\"IX Edizione 2021 &#8211; Zigzagando in Europa\"}]},{\"@type\":\"WebSite\",\"@id\":\"https:\/\/www.musedolomiti.it\/en\/#website\",\"url\":\"https:\/\/www.musedolomiti.it\/en\/\",\"name\":\"Le Muse e le Dolomiti\",\"description\":\"Da Nord a Sud, da Est a Ovest, la Musica e il Belcanto uniscono il mondo.\",\"potentialAction\":[{\"@type\":\"SearchAction\",\"target\":{\"@type\":\"EntryPoint\",\"urlTemplate\":\"https:\/\/www.musedolomiti.it\/en\/?s={search_term_string}\"},\"query-input\":{\"@type\":\"PropertyValueSpecification\",\"valueRequired\":true,\"valueName\":\"search_term_string\"}}],\"inLanguage\":\"en-US\"}]}<\/script>\n<!-- \/ Yoast SEO plugin. -->","yoast_head_json":{"title":"IX Edizione 2021 - Zigzagando in Europa - Le Muse e le Dolomiti","description":"Scopri tutti gli eventi di Musica Classica organizzati dall'Associazione \"Le Muse e le Dolomiti\".","robots":{"index":"index","follow":"follow","max-snippet":"max-snippet:-1","max-image-preview":"max-image-preview:large","max-video-preview":"max-video-preview:-1"},"canonical":"https:\/\/www.musedolomiti.it\/evento\/zigzagando-in-europa-tesero\/","og_locale":"en_US","og_type":"article","og_title":"IX Edizione 2021 - Zigzagando in Europa - Le Muse e le Dolomiti","og_description":"Scopri tutti gli eventi di Musica Classica organizzati dall'Associazione \"Le Muse e le Dolomiti\".","og_url":"https:\/\/www.musedolomiti.it\/evento\/zigzagando-in-europa-tesero\/","og_site_name":"Le Muse e le Dolomiti","article_publisher":"https:\/\/it-it.facebook.com\/musedolomiti\/","article_modified_time":"2021-06-24T10:15:38+00:00","og_image":[{"width":700,"height":467,"url":"https:\/\/www.musedolomiti.it\/wp-content\/uploads\/2020\/02\/IMG_2447.A.jpg","type":"image\/jpeg"}],"twitter_card":"summary_large_image","twitter_misc":{"Est. reading time":"1 minute"},"schema":{"@context":"https:\/\/schema.org","@graph":[{"@type":"WebPage","@id":"https:\/\/www.musedolomiti.it\/evento\/zigzagando-in-europa-tesero\/","url":"https:\/\/www.musedolomiti.it\/evento\/zigzagando-in-europa-tesero\/","name":"IX Edizione 2021 - Zigzagando in Europa - Le Muse e le Dolomiti","isPartOf":{"@id":"https:\/\/www.musedolomiti.it\/en\/#website"},"primaryImageOfPage":{"@id":"https:\/\/www.musedolomiti.it\/evento\/zigzagando-in-europa-tesero\/#primaryimage"},"image":{"@id":"https:\/\/www.musedolomiti.it\/evento\/zigzagando-in-europa-tesero\/#primaryimage"},"thumbnailUrl":"https:\/\/www.musedolomiti.it\/wp-content\/uploads\/2020\/02\/IMG_2447.A.jpg","datePublished":"2021-06-02T20:25:47+00:00","dateModified":"2021-06-24T10:15:38+00:00","description":"Scopri tutti gli eventi di Musica Classica organizzati dall'Associazione \"Le Muse e le Dolomiti\".","breadcrumb":{"@id":"https:\/\/www.musedolomiti.it\/evento\/zigzagando-in-europa-tesero\/#breadcrumb"},"inLanguage":"en-US","potentialAction":[{"@type":"ReadAction","target":["https:\/\/www.musedolomiti.it\/evento\/zigzagando-in-europa-tesero\/"]}]},{"@type":"ImageObject","inLanguage":"en-US","@id":"https:\/\/www.musedolomiti.it\/evento\/zigzagando-in-europa-tesero\/#primaryimage","url":"https:\/\/www.musedolomiti.it\/wp-content\/uploads\/2020\/02\/IMG_2447.A.jpg","contentUrl":"https:\/\/www.musedolomiti.it\/wp-content\/uploads\/2020\/02\/IMG_2447.A.jpg","width":700,"height":467},{"@type":"BreadcrumbList","@id":"https:\/\/www.musedolomiti.it\/evento\/zigzagando-in-europa-tesero\/#breadcrumb","itemListElement":[{"@type":"ListItem","position":1,"name":"Home","item":"https:\/\/www.musedolomiti.it\/en\/"},{"@type":"ListItem","position":2,"name":"Eventi","item":"https:\/\/www.musedolomiti.it\/calendario\/"},{"@type":"ListItem","position":3,"name":"IX Edizione 2021 &#8211; Zigzagando in Europa"}]},{"@type":"WebSite","@id":"https:\/\/www.musedolomiti.it\/en\/#website","url":"https:\/\/www.musedolomiti.it\/en\/","name":"Le Muse e le Dolomiti","description":"Da Nord a Sud, da Est a Ovest, la Musica e il Belcanto uniscono il mondo.","potentialAction":[{"@type":"SearchAction","target":{"@type":"EntryPoint","urlTemplate":"https:\/\/www.musedolomiti.it\/en\/?s={search_term_string}"},"query-input":{"@type":"PropertyValueSpecification","valueRequired":true,"valueName":"search_term_string"}}],"inLanguage":"en-US"}]}},"_links":{"self":[{"href":"https:\/\/www.musedolomiti.it\/en\/wp-json\/wp\/v2\/tribe_events\/4877","targetHints":{"allow":["GET"]}}],"collection":[{"href":"https:\/\/www.musedolomiti.it\/en\/wp-json\/wp\/v2\/tribe_events"}],"about":[{"href":"https:\/\/www.musedolomiti.it\/en\/wp-json\/wp\/v2\/types\/tribe_events"}],"author":[{"embeddable":true,"href":"https:\/\/www.musedolomiti.it\/en\/wp-json\/wp\/v2\/users\/2"}],"version-history":[{"count":10,"href":"https:\/\/www.musedolomiti.it\/en\/wp-json\/wp\/v2\/tribe_events\/4877\/revisions"}],"predecessor-version":[{"id":4983,"href":"https:\/\/www.musedolomiti.it\/en\/wp-json\/wp\/v2\/tribe_events\/4877\/revisions\/4983"}],"wp:featuredmedia":[{"embeddable":true,"href":"https:\/\/www.musedolomiti.it\/en\/wp-json\/wp\/v2\/media\/4652"}],"wp:attachment":[{"href":"https:\/\/www.musedolomiti.it\/en\/wp-json\/wp\/v2\/media?parent=4877"}],"wp:term":[{"taxonomy":"post_tag","embeddable":true,"href":"https:\/\/www.musedolomiti.it\/en\/wp-json\/wp\/v2\/tags?post=4877"},{"taxonomy":"tribe_events_cat","embeddable":true,"href":"https:\/\/www.musedolomiti.it\/en\/wp-json\/wp\/v2\/tribe_events_cat?post=4877"}],"curies":[{"name":"wp","href":"https:\/\/api.w.org\/{rel}","templated":true}]}}

<h5 class="p1"><span class="s1">Venerdì 2 Luglio 2021, ore 21:00 | Sala Bavarese a Tesero</span></h5>
<p>&nbsp;</p>
<p><strong><a href="https://www.musedolomiti.it/wp-content/uploads/2020/02/A3_MuseDolomiti_02_07_2021.pdf" target="_blank" rel="attachment noopener wp-att-4979"><img loading="lazy" decoding="async" class="alignleft wp-image-4979" src="https://www.musedolomiti.it/wp-content/uploads/2021/06/A3_MuseDolomiti_02_07_2021-213x300.jpg" alt="" width="450" height="635" srcset="https://www.musedolomiti.it/wp-content/uploads/2021/06/A3_MuseDolomiti_02_07_2021-213x300.jpg 213w, https://www.musedolomiti.it/wp-content/uploads/2021/06/A3_MuseDolomiti_02_07_2021-725x1024.jpg 725w, https://www.musedolomiti.it/wp-content/uploads/2021/06/A3_MuseDolomiti_02_07_2021-768x1084.jpg 768w, https://www.musedolomiti.it/wp-content/uploads/2021/06/A3_MuseDolomiti_02_07_2021-1088x1536.jpg 1088w, https://www.musedolomiti.it/wp-content/uploads/2021/06/A3_MuseDolomiti_02_07_2021.jpg 1360w" sizes="auto, (max-width: 450px) 100vw, 450px" /></a>Oda Zoe Hochscheid, mezzosoprano<br />
Doris Hochscheid, violoncello<br />
Frans van Ruth, pianoforte</strong></p>
<p>Stasera vi proporremo un viaggio musicale attraverso l’Europa e senza tralasciare la Russia.</p>
<p>Il trio Oda Zoe, Doris e Frans canterà e suonerà una varietà di musiche da camera dell’ ‘800 e del primo ‘900 realizzando così uno “zigzag” musicale mirato: viaggeremo con le note, emozionandosi grazie a questo repertorio senza confini che unisce l’Europa e il mondo.</p>
<p><em>Un sentito ringraziamento al Comune e al Comitato Manifestazioni di Tesero e all&#8217;associazione <a href="https://giulianoorganotesero.it" target="_blank" rel="noopener">&#8220;Giuliano per l&#8217;Organo di Tesero&#8221;</a>!</em></p>
<p>Foto: Yvon Moll</p>
<p><b>Precauzioni anti-COVID19:</b></p>
<ul>
<li>Prenotazione <strong>obbligatoria</strong><br />
tramite whatsapp al 340 230 5439<br />
o via mail: ufficio@musedolomiti.it</li>
<li>Chiediamo gentilmente di ricordarsi la mascherina;</li>
<li>Vi preghiamo di igienizzare le mani con gel alcoolico messo a disposizione dall’Associazione all’ingresso e all’uscita della sala;</li>
<li>Sarà possibile sedersi solo nei posti predisposti a distanza di sicurezza di un metro;</li>
<li>Registreremo e conserveremo le vostre generalità e un contatto (mail e telefono) per 14 giorni.</li>
</ul>
<p>Segnaliamo che potrà essere rilevata la temperatura corporea.</p>

<p>Venerdì 2 Luglio 2021, ore 21:00 | Sala Bavarese a Tesero &nbsp; Oda Zoe Hochscheid, mezzosoprano Doris Hochscheid, violoncello Frans van Ruth, pianoforte Stasera vi proporremo un viaggio musicale attraverso&#8230; </p>
<div class="clear"></div>
<p><a href="https://www.musedolomiti.it/en/evento/zigzagando-in-europa-tesero/" class="gdlr-button with-border excerpt-read-more">Read More</a></p>
