{"id":5360,"date":"2022-06-30T20:56:23","date_gmt":"2022-06-30T18:56:23","guid":{"rendered":"https:\/\/www.musedolomiti.it\/?post_type=tribe_events&#038;p=5360"},"modified":"2022-07-03T21:39:31","modified_gmt":"2022-07-03T19:39:31","slug":"x-edizione-2022-dietro-le-quinte","status":"publish","type":"tribe_events","link":"https:\/\/www.musedolomiti.it\/en\/evento\/x-edizione-2022-dietro-le-quinte\/","title":{"rendered":"DECENNALE X Edizione 2022 &#8211; Dietro le Quinte"},"content":{"rendered":"<h5 class=\"p1\"><span class=\"s1\">Domenica 17 &#8211; Gioved\u00ec 28 Luglio 2022 | Scuola Primaria &#8220;Padre Felice Cappello&#8221;, Falcade |<span class=\"Apple-converted-space\">\u00a0 <\/span>INGRESSO LIBERO<\/span><\/h5>\n<hr \/>\n<p><b>Masterclass Internazionale di Canto Lirico, tenuta dalla Maestra<\/b><b><sup>\u00a0<\/sup><\/b><b>Tabiadon e dal Maestro<\/b><b><sup>\u00a0<\/sup><\/b><b>Peverada. Le lezioni della mattina e del pomeriggio sono aperte al pubblico gratuitamente.<br \/>\n<\/b><b>Per info chiamare 340 230 5439.<\/b><\/p>\n<p>Finalmente, dopo due anni di sospensione dovuti alla pandemia, torna uno dei nostri eventi preferiti: il nostro <strong>&#8220;Dietro le Quinte&#8221;<\/strong>, evento\u00a0legato alla <b>Masterclass Internazionale \u201cOpera, Liederistica e Musica Sacra\u201d <\/b>tenuta dal soprano <b>Adelisa Tabiadon<\/b> e dal pianista\/maestro di repertorio <b>Loris Peverada.<\/b><\/p>\n<p>Adelisa Tabiadon, le cui origini familiari sono a Tabiadon di Val, frazione del Comune di Falcade, \u00e8 un famoso soprano lirico-spinto. Ha cantato nei teatri pi\u00f9 importanti d&#8217;Italia e del mondo, interpretando i ruoli principali del repertorio verdiano, sempre a fianco di artisti importanti come Luciano Pavarotti, Leo Nucci, Riccardo Chailly e molti altri. Adelisa Tabiadon insegna presso la Scuola Civica \u201cC. Abbado\u201d di Milano e il Conservatorio \u201cG. Nicolini\u201d di Piacenza ed \u00e8 insegnante della Masterclass Internazionale dal 2013, anno di inizio del progetto.<\/p>\n<p>Loris Peverada \u00e8 pianista e maestro collaboratore di esperienza trentennale nel mondo della lirica, ha collaborato con artisti del pi\u00f9 alto livello e con numerosi teatri ed enti importanti, come quelli di Macerata, Montepulciano, L\u2019Aquila, Trieste, Nizza, Lugano oltre alla Radio della Svizzera Italiana.<\/p>\n<p>La decima edizione della masterclass prevede la presenza di ben 15 cantanti internazionali provenienti dagli Stati Uniti (California), dalla Cina, dal Giappone, dalla Corea del Sud e dall&#8217;Italia. Tra i partecipanti una giovane cantante della Val di Fassa che, anche grazie all\u2019offerta formativa de Le Muse e le Dolomiti, ha trovato la sua strada alla Scuola Civica \u201cClaudio Abbado\u201d di Milano, dove attualmente studia con la Maestra Tabiadon.<\/p>\n<p>Nel periodo 17-28 Luglio, i maestri Adelisa e Loris terranno le lezioni di canto presso la Scuola Primaria \u201cPadre Felice Cappello\u201d in Via Marmolada, Falcade, <strong>con esclusione del 23 Luglio, causa concerto!<br \/>\nOrari: tutti giorni (escluso il 23 luglio) dalle 09:30 alle 12.30 e dalle 14 alle 18:30.<br \/>\n<\/strong><\/p>\n<p>Le lezioni saranno aperte, sempre in forma gratuita, al pubblico, che potr\u00e0 cos\u00ec scoprire il lavoro dietro le quinte: non \u00e8 solo talento che porta al palcoscenico!<span class=\"Apple-converted-space\">\u00a0<\/span><\/p>\n<p>Per ulteriori informazioni, rivolgersi al 340 230 5439.<\/p>\n<p><em>Le Muse e le Dolomiti ringrazia:<\/em><br \/>\n<i>Comune di Falcade, Istituto comprensivo di Cencenighe<\/i><\/p>\n","protected":false},"excerpt":{"rendered":"<p>Domenica 17 &#8211; Gioved\u00ec 28 Luglio 2022 | Scuola Primaria &#8220;Padre Felice Cappello&#8221;, Falcade |\u00a0 INGRESSO LIBERO Masterclass Internazionale di Canto Lirico, tenuta dalla Maestra\u00a0Tabiadon e dal Maestro\u00a0Peverada. Le lezioni&#8230; <\/p>\n<div class=\"clear\"><\/div>\n<p><a href=\"https:\/\/www.musedolomiti.it\/en\/evento\/x-edizione-2022-dietro-le-quinte\/\" class=\"gdlr-button with-border excerpt-read-more\">Read More<\/a><\/p>\n","protected":false},"author":2,"featured_media":3841,"template":"","meta":{"_acf_changed":false,"_tribe_events_status":"","_tribe_events_status_reason":"","footnotes":""},"tags":[],"tribe_events_cat":[76],"class_list":["post-5360","tribe_events","type-tribe_events","status-publish","has-post-thumbnail","hentry","tribe_events_cat-decennale","cat_decennale"],"acf":[],"yoast_head":"<!-- This site is optimized with the Yoast SEO plugin v27.1.1 - https:\/\/yoast.com\/product\/yoast-seo-wordpress\/ -->\n<title>DECENNALE X Edizione 2022 - Dietro le Quinte - Le Muse e le Dolomiti<\/title>\n<meta name=\"description\" content=\"Scopri tutti gli eventi di Musica Classica organizzati dall&#039;Associazione &quot;Le Muse e le Dolomiti&quot;.\" \/>\n<meta name=\"robots\" content=\"index, follow, max-snippet:-1, max-image-preview:large, max-video-preview:-1\" \/>\n<link rel=\"canonical\" href=\"https:\/\/www.musedolomiti.it\/evento\/x-edizione-2022-dietro-le-quinte\/\" \/>\n<meta property=\"og:locale\" content=\"en_US\" \/>\n<meta property=\"og:type\" content=\"article\" \/>\n<meta property=\"og:title\" content=\"DECENNALE X Edizione 2022 - Dietro le Quinte - Le Muse e le Dolomiti\" \/>\n<meta property=\"og:description\" content=\"Scopri tutti gli eventi di Musica Classica organizzati dall&#039;Associazione &quot;Le Muse e le Dolomiti&quot;.\" \/>\n<meta property=\"og:url\" content=\"https:\/\/www.musedolomiti.it\/evento\/x-edizione-2022-dietro-le-quinte\/\" \/>\n<meta property=\"og:site_name\" content=\"Le Muse e le Dolomiti\" \/>\n<meta property=\"article:publisher\" content=\"https:\/\/it-it.facebook.com\/musedolomiti\/\" \/>\n<meta property=\"article:modified_time\" content=\"2022-07-03T19:39:31+00:00\" \/>\n<meta property=\"og:image\" content=\"https:\/\/www.musedolomiti.it\/wp-content\/uploads\/2018\/06\/3_DIETROLEQUINTE.jpg\" \/>\n\t<meta property=\"og:image:width\" content=\"1800\" \/>\n\t<meta property=\"og:image:height\" content=\"1200\" \/>\n\t<meta property=\"og:image:type\" content=\"image\/jpeg\" \/>\n<meta name=\"twitter:card\" content=\"summary_large_image\" \/>\n<meta name=\"twitter:label1\" content=\"Est. reading time\" \/>\n\t<meta name=\"twitter:data1\" content=\"3 minutes\" \/>\n<script type=\"application\/ld+json\" class=\"yoast-schema-graph\">{\"@context\":\"https:\/\/schema.org\",\"@graph\":[{\"@type\":\"WebPage\",\"@id\":\"https:\/\/www.musedolomiti.it\/evento\/x-edizione-2022-dietro-le-quinte\/\",\"url\":\"https:\/\/www.musedolomiti.it\/evento\/x-edizione-2022-dietro-le-quinte\/\",\"name\":\"DECENNALE X Edizione 2022 - Dietro le Quinte - Le Muse e le Dolomiti\",\"isPartOf\":{\"@id\":\"https:\/\/www.musedolomiti.it\/en\/#website\"},\"primaryImageOfPage\":{\"@id\":\"https:\/\/www.musedolomiti.it\/evento\/x-edizione-2022-dietro-le-quinte\/#primaryimage\"},\"image\":{\"@id\":\"https:\/\/www.musedolomiti.it\/evento\/x-edizione-2022-dietro-le-quinte\/#primaryimage\"},\"thumbnailUrl\":\"https:\/\/www.musedolomiti.it\/wp-content\/uploads\/2018\/06\/3_DIETROLEQUINTE.jpg\",\"datePublished\":\"2022-06-30T18:56:23+00:00\",\"dateModified\":\"2022-07-03T19:39:31+00:00\",\"description\":\"Scopri tutti gli eventi di Musica Classica organizzati dall'Associazione \\\"Le Muse e le Dolomiti\\\".\",\"breadcrumb\":{\"@id\":\"https:\/\/www.musedolomiti.it\/evento\/x-edizione-2022-dietro-le-quinte\/#breadcrumb\"},\"inLanguage\":\"en-US\",\"potentialAction\":[{\"@type\":\"ReadAction\",\"target\":[\"https:\/\/www.musedolomiti.it\/evento\/x-edizione-2022-dietro-le-quinte\/\"]}]},{\"@type\":\"ImageObject\",\"inLanguage\":\"en-US\",\"@id\":\"https:\/\/www.musedolomiti.it\/evento\/x-edizione-2022-dietro-le-quinte\/#primaryimage\",\"url\":\"https:\/\/www.musedolomiti.it\/wp-content\/uploads\/2018\/06\/3_DIETROLEQUINTE.jpg\",\"contentUrl\":\"https:\/\/www.musedolomiti.it\/wp-content\/uploads\/2018\/06\/3_DIETROLEQUINTE.jpg\",\"width\":1800,\"height\":1200},{\"@type\":\"BreadcrumbList\",\"@id\":\"https:\/\/www.musedolomiti.it\/evento\/x-edizione-2022-dietro-le-quinte\/#breadcrumb\",\"itemListElement\":[{\"@type\":\"ListItem\",\"position\":1,\"name\":\"Home\",\"item\":\"https:\/\/www.musedolomiti.it\/en\/\"},{\"@type\":\"ListItem\",\"position\":2,\"name\":\"Eventi\",\"item\":\"https:\/\/www.musedolomiti.it\/calendario\/\"},{\"@type\":\"ListItem\",\"position\":3,\"name\":\"DECENNALE X Edizione 2022 &#8211; Dietro le Quinte\"}]},{\"@type\":\"WebSite\",\"@id\":\"https:\/\/www.musedolomiti.it\/en\/#website\",\"url\":\"https:\/\/www.musedolomiti.it\/en\/\",\"name\":\"Le Muse e le Dolomiti\",\"description\":\"Da Nord a Sud, da Est a Ovest, la Musica e il Belcanto uniscono il mondo.\",\"potentialAction\":[{\"@type\":\"SearchAction\",\"target\":{\"@type\":\"EntryPoint\",\"urlTemplate\":\"https:\/\/www.musedolomiti.it\/en\/?s={search_term_string}\"},\"query-input\":{\"@type\":\"PropertyValueSpecification\",\"valueRequired\":true,\"valueName\":\"search_term_string\"}}],\"inLanguage\":\"en-US\"}]}<\/script>\n<!-- \/ Yoast SEO plugin. -->","yoast_head_json":{"title":"DECENNALE X Edizione 2022 - Dietro le Quinte - Le Muse e le Dolomiti","description":"Scopri tutti gli eventi di Musica Classica organizzati dall'Associazione \"Le Muse e le Dolomiti\".","robots":{"index":"index","follow":"follow","max-snippet":"max-snippet:-1","max-image-preview":"max-image-preview:large","max-video-preview":"max-video-preview:-1"},"canonical":"https:\/\/www.musedolomiti.it\/evento\/x-edizione-2022-dietro-le-quinte\/","og_locale":"en_US","og_type":"article","og_title":"DECENNALE X Edizione 2022 - Dietro le Quinte - Le Muse e le Dolomiti","og_description":"Scopri tutti gli eventi di Musica Classica organizzati dall'Associazione \"Le Muse e le Dolomiti\".","og_url":"https:\/\/www.musedolomiti.it\/evento\/x-edizione-2022-dietro-le-quinte\/","og_site_name":"Le Muse e le Dolomiti","article_publisher":"https:\/\/it-it.facebook.com\/musedolomiti\/","article_modified_time":"2022-07-03T19:39:31+00:00","og_image":[{"width":1800,"height":1200,"url":"https:\/\/www.musedolomiti.it\/wp-content\/uploads\/2018\/06\/3_DIETROLEQUINTE.jpg","type":"image\/jpeg"}],"twitter_card":"summary_large_image","twitter_misc":{"Est. reading time":"3 minutes"},"schema":{"@context":"https:\/\/schema.org","@graph":[{"@type":"WebPage","@id":"https:\/\/www.musedolomiti.it\/evento\/x-edizione-2022-dietro-le-quinte\/","url":"https:\/\/www.musedolomiti.it\/evento\/x-edizione-2022-dietro-le-quinte\/","name":"DECENNALE X Edizione 2022 - Dietro le Quinte - Le Muse e le Dolomiti","isPartOf":{"@id":"https:\/\/www.musedolomiti.it\/en\/#website"},"primaryImageOfPage":{"@id":"https:\/\/www.musedolomiti.it\/evento\/x-edizione-2022-dietro-le-quinte\/#primaryimage"},"image":{"@id":"https:\/\/www.musedolomiti.it\/evento\/x-edizione-2022-dietro-le-quinte\/#primaryimage"},"thumbnailUrl":"https:\/\/www.musedolomiti.it\/wp-content\/uploads\/2018\/06\/3_DIETROLEQUINTE.jpg","datePublished":"2022-06-30T18:56:23+00:00","dateModified":"2022-07-03T19:39:31+00:00","description":"Scopri tutti gli eventi di Musica Classica organizzati dall'Associazione \"Le Muse e le Dolomiti\".","breadcrumb":{"@id":"https:\/\/www.musedolomiti.it\/evento\/x-edizione-2022-dietro-le-quinte\/#breadcrumb"},"inLanguage":"en-US","potentialAction":[{"@type":"ReadAction","target":["https:\/\/www.musedolomiti.it\/evento\/x-edizione-2022-dietro-le-quinte\/"]}]},{"@type":"ImageObject","inLanguage":"en-US","@id":"https:\/\/www.musedolomiti.it\/evento\/x-edizione-2022-dietro-le-quinte\/#primaryimage","url":"https:\/\/www.musedolomiti.it\/wp-content\/uploads\/2018\/06\/3_DIETROLEQUINTE.jpg","contentUrl":"https:\/\/www.musedolomiti.it\/wp-content\/uploads\/2018\/06\/3_DIETROLEQUINTE.jpg","width":1800,"height":1200},{"@type":"BreadcrumbList","@id":"https:\/\/www.musedolomiti.it\/evento\/x-edizione-2022-dietro-le-quinte\/#breadcrumb","itemListElement":[{"@type":"ListItem","position":1,"name":"Home","item":"https:\/\/www.musedolomiti.it\/en\/"},{"@type":"ListItem","position":2,"name":"Eventi","item":"https:\/\/www.musedolomiti.it\/calendario\/"},{"@type":"ListItem","position":3,"name":"DECENNALE X Edizione 2022 &#8211; Dietro le Quinte"}]},{"@type":"WebSite","@id":"https:\/\/www.musedolomiti.it\/en\/#website","url":"https:\/\/www.musedolomiti.it\/en\/","name":"Le Muse e le Dolomiti","description":"Da Nord a Sud, da Est a Ovest, la Musica e il Belcanto uniscono il mondo.","potentialAction":[{"@type":"SearchAction","target":{"@type":"EntryPoint","urlTemplate":"https:\/\/www.musedolomiti.it\/en\/?s={search_term_string}"},"query-input":{"@type":"PropertyValueSpecification","valueRequired":true,"valueName":"search_term_string"}}],"inLanguage":"en-US"}]}},"_links":{"self":[{"href":"https:\/\/www.musedolomiti.it\/en\/wp-json\/wp\/v2\/tribe_events\/5360","targetHints":{"allow":["GET"]}}],"collection":[{"href":"https:\/\/www.musedolomiti.it\/en\/wp-json\/wp\/v2\/tribe_events"}],"about":[{"href":"https:\/\/www.musedolomiti.it\/en\/wp-json\/wp\/v2\/types\/tribe_events"}],"author":[{"embeddable":true,"href":"https:\/\/www.musedolomiti.it\/en\/wp-json\/wp\/v2\/users\/2"}],"version-history":[{"count":4,"href":"https:\/\/www.musedolomiti.it\/en\/wp-json\/wp\/v2\/tribe_events\/5360\/revisions"}],"predecessor-version":[{"id":5487,"href":"https:\/\/www.musedolomiti.it\/en\/wp-json\/wp\/v2\/tribe_events\/5360\/revisions\/5487"}],"wp:featuredmedia":[{"embeddable":true,"href":"https:\/\/www.musedolomiti.it\/en\/wp-json\/wp\/v2\/media\/3841"}],"wp:attachment":[{"href":"https:\/\/www.musedolomiti.it\/en\/wp-json\/wp\/v2\/media?parent=5360"}],"wp:term":[{"taxonomy":"post_tag","embeddable":true,"href":"https:\/\/www.musedolomiti.it\/en\/wp-json\/wp\/v2\/tags?post=5360"},{"taxonomy":"tribe_events_cat","embeddable":true,"href":"https:\/\/www.musedolomiti.it\/en\/wp-json\/wp\/v2\/tribe_events_cat?post=5360"}],"curies":[{"name":"wp","href":"https:\/\/api.w.org\/{rel}","templated":true}]}}

<h5 class="p1"><span class="s1">Domenica 17 &#8211; Giovedì 28 Luglio 2022 | Scuola Primaria &#8220;Padre Felice Cappello&#8221;, Falcade |<span class="Apple-converted-space">  </span>INGRESSO LIBERO</span></h5>
<hr />
<p><b>Masterclass Internazionale di Canto Lirico, tenuta dalla Maestra</b><b><sup> </sup></b><b>Tabiadon e dal Maestro</b><b><sup> </sup></b><b>Peverada. Le lezioni della mattina e del pomeriggio sono aperte al pubblico gratuitamente.<br />
</b><b>Per info chiamare 340 230 5439.</b></p>
<p>Finalmente, dopo due anni di sospensione dovuti alla pandemia, torna uno dei nostri eventi preferiti: il nostro <strong>&#8220;Dietro le Quinte&#8221;</strong>, evento legato alla <b>Masterclass Internazionale “Opera, Liederistica e Musica Sacra” </b>tenuta dal soprano <b>Adelisa Tabiadon</b> e dal pianista/maestro di repertorio <b>Loris Peverada.</b></p>
<p>Adelisa Tabiadon, le cui origini familiari sono a Tabiadon di Val, frazione del Comune di Falcade, è un famoso soprano lirico-spinto. Ha cantato nei teatri più importanti d&#8217;Italia e del mondo, interpretando i ruoli principali del repertorio verdiano, sempre a fianco di artisti importanti come Luciano Pavarotti, Leo Nucci, Riccardo Chailly e molti altri. Adelisa Tabiadon insegna presso la Scuola Civica “C. Abbado” di Milano e il Conservatorio “G. Nicolini” di Piacenza ed è insegnante della Masterclass Internazionale dal 2013, anno di inizio del progetto.</p>
<p>Loris Peverada è pianista e maestro collaboratore di esperienza trentennale nel mondo della lirica, ha collaborato con artisti del più alto livello e con numerosi teatri ed enti importanti, come quelli di Macerata, Montepulciano, L’Aquila, Trieste, Nizza, Lugano oltre alla Radio della Svizzera Italiana.</p>
<p>La decima edizione della masterclass prevede la presenza di ben 15 cantanti internazionali provenienti dagli Stati Uniti (California), dalla Cina, dal Giappone, dalla Corea del Sud e dall&#8217;Italia. Tra i partecipanti una giovane cantante della Val di Fassa che, anche grazie all’offerta formativa de Le Muse e le Dolomiti, ha trovato la sua strada alla Scuola Civica “Claudio Abbado” di Milano, dove attualmente studia con la Maestra Tabiadon.</p>
<p>Nel periodo 17-28 Luglio, i maestri Adelisa e Loris terranno le lezioni di canto presso la Scuola Primaria “Padre Felice Cappello” in Via Marmolada, Falcade, <strong>con esclusione del 23 Luglio, causa concerto!<br />
Orari: tutti giorni (escluso il 23 luglio) dalle 09:30 alle 12.30 e dalle 14 alle 18:30.<br />
</strong></p>
<p>Le lezioni saranno aperte, sempre in forma gratuita, al pubblico, che potrà così scoprire il lavoro dietro le quinte: non è solo talento che porta al palcoscenico!<span class="Apple-converted-space"> </span></p>
<p>Per ulteriori informazioni, rivolgersi al 340 230 5439.</p>
<p><em>Le Muse e le Dolomiti ringrazia:</em><br />
<i>Comune di Falcade, Istituto comprensivo di Cencenighe</i></p>

<p>Domenica 17 &#8211; Giovedì 28 Luglio 2022 | Scuola Primaria &#8220;Padre Felice Cappello&#8221;, Falcade |  INGRESSO LIBERO Masterclass Internazionale di Canto Lirico, tenuta dalla Maestra Tabiadon e dal Maestro Peverada. Le lezioni&#8230; </p>
<div class="clear"></div>
<p><a href="https://www.musedolomiti.it/en/evento/x-edizione-2022-dietro-le-quinte/" class="gdlr-button with-border excerpt-read-more">Read More</a></p>
