{"id":5425,"date":"2022-07-02T15:52:13","date_gmt":"2022-07-02T13:52:13","guid":{"rendered":"https:\/\/www.musedolomiti.it\/?post_type=tribe_events&#038;p=5425"},"modified":"2022-07-04T07:37:55","modified_gmt":"2022-07-04T05:37:55","slug":"x-edizione-2022-zigzagando-in-europa-cavalese","status":"publish","type":"tribe_events","link":"https:\/\/www.musedolomiti.it\/en\/evento\/x-edizione-2022-zigzagando-in-europa-cavalese\/","title":{"rendered":"DECENNALE X Edizione 2022 &#8211; Zigzagando in Europa"},"content":{"rendered":"<h5 class=\"p1\"><span class=\"s1\">Sabato 6 Agosto 2022, ore 21:00 | Palazzo della Magnifica Comunit\u00e0 di Fiemme, Cavalese | INGRESSO LIBERO<\/span><\/h5>\n<p><strong>Oda Zoe Hochscheid, mezzosoprano<br \/>\nDoris Hochscheid, violoncello<br \/>\nFrans van Ruth, pianoforte<\/strong><\/p>\n<p><em>prenotazione gradita<\/em><\/p>\n<p>Stasera l&#8217;associazione Le Muse e le Dolomiti &#8220;debutta&#8221; presso una struttura di grandissima importanza storica per il territorio in cui \u00e8 operativa, e oltre: il Palazzo della Magnifica Comunit\u00e0 di Fiemme. All&#8217;inizio del concerto Vi sar\u00e0 proposto una breve introduzione sull&#8217;edificio a cura del Palazzo presso il Salone Clesiano, luogo dove si svolger\u00e0 poi il concerto usufruendo del prezioso pianoforte a coda Fazioli presente.<\/p>\n<p>Oda, Doris e Frans hanno messo in valigia un grande numero di spartiti per mezzosoprano, violoncello e pianoforte, provenienti da vari paesi europei ed occidentali (anche se colori e atmosfere dell&#8217;oriente non mancheranno), scritti in cinque lingue diverse. Andremo cos\u00ec a zonzo dall\u2019inizio dell\u2019epoca romantica fino alla sua trasformazione stilistica nei primi decenni del &#8216;900.<\/p>\n<p>Dal Belcanto dei contemporanei di Giuseppe Verdi alla melodia inglese, dai calorosi colori spagnoli al &#8220;Lied&#8221; tedesco, dall&#8217;atmosfera pensierosa del Nord-Europa alla grinta melanconica russa ed ucraina- il concerto non potrebbe rappresentare meglio lo &#8220;slogan&#8221; dell&#8217;associazione Le Muse e le Dolomiti, regalatoci da un membro del pubblico:<\/p>\n<p><strong>&#8220;Da Nord a Sud, da Est a Ovest, la musica e il Belcanto uniscono il mondo&#8221;.<\/strong><\/p>\n<p>Per conoscere il trio\u00a0<a href=\"https:\/\/www.odazoehochscheid.com\/it\/trio-3\/\" target=\"_blank\" rel=\"noopener\">clicca qui!<\/a><br \/>\nFoto: Yvon Moll<\/p>\n<p><strong>ATTENZIONE: i posti nel Salone Clesiano sono limitati, vi consigliamo di prenotare il vostro posto (whatsapp 340 230 5439 o via mail: ufficio@musedolomiti.it)!<\/strong><\/p>\n<div class=\"tribe-events-single-event-description tribe-events-content\">\n<p><i>______________________<\/i><\/p>\n<p><strong>Un pensiero sulla situazione pandemica:<\/strong><\/p>\n<p>Al momento non \u00e8 obbligatorio rispettare la distanza di sicurezza e\/o indossare mascherine. Tuttavia consigliamo l\u2019uso della mascherina e invitiamo chi preferisce un posto distanziato a prenotarselo (whatsapp 340 230 5439 o via mail: ufficio@musedolomiti.it).<\/p>\n<p>Vi preghiamo gentilmente di igienizzare le mani con gel alcoolico messo a disposizione all\u2019ingresso del Palazzo.<\/p>\n<\/div>\n","protected":false},"excerpt":{"rendered":"<p>Sabato 6 Agosto 2022, ore 21:00 | Palazzo della Magnifica Comunit\u00e0 di Fiemme, Cavalese | INGRESSO LIBERO Oda Zoe Hochscheid, mezzosoprano Doris Hochscheid, violoncello Frans van Ruth, pianoforte prenotazione gradita&#8230; <\/p>\n<div class=\"clear\"><\/div>\n<p><a href=\"https:\/\/www.musedolomiti.it\/en\/evento\/x-edizione-2022-zigzagando-in-europa-cavalese\/\" class=\"gdlr-button with-border excerpt-read-more\">Read More<\/a><\/p>\n","protected":false},"author":2,"featured_media":4652,"template":"","meta":{"_acf_changed":false,"_tribe_events_status":"","_tribe_events_status_reason":"","footnotes":""},"tags":[],"tribe_events_cat":[76],"class_list":["post-5425","tribe_events","type-tribe_events","status-publish","has-post-thumbnail","hentry","tribe_events_cat-decennale","cat_decennale"],"acf":[],"yoast_head":"<!-- This site is optimized with the Yoast SEO plugin v27.1.1 - https:\/\/yoast.com\/product\/yoast-seo-wordpress\/ -->\n<title>DECENNALE X Edizione 2022 - Zigzagando in Europa - Le Muse e le Dolomiti<\/title>\n<meta name=\"description\" content=\"Scopri tutti gli eventi di Musica Classica organizzati dall&#039;Associazione &quot;Le Muse e le Dolomiti&quot;.\" \/>\n<meta name=\"robots\" content=\"index, follow, max-snippet:-1, max-image-preview:large, max-video-preview:-1\" \/>\n<link rel=\"canonical\" href=\"https:\/\/www.musedolomiti.it\/evento\/x-edizione-2022-zigzagando-in-europa-cavalese\/\" \/>\n<meta property=\"og:locale\" content=\"en_US\" \/>\n<meta property=\"og:type\" content=\"article\" \/>\n<meta property=\"og:title\" content=\"DECENNALE X Edizione 2022 - Zigzagando in Europa - Le Muse e le Dolomiti\" \/>\n<meta property=\"og:description\" content=\"Scopri tutti gli eventi di Musica Classica organizzati dall&#039;Associazione &quot;Le Muse e le Dolomiti&quot;.\" \/>\n<meta property=\"og:url\" content=\"https:\/\/www.musedolomiti.it\/evento\/x-edizione-2022-zigzagando-in-europa-cavalese\/\" \/>\n<meta property=\"og:site_name\" content=\"Le Muse e le Dolomiti\" \/>\n<meta property=\"article:publisher\" content=\"https:\/\/it-it.facebook.com\/musedolomiti\/\" \/>\n<meta property=\"article:modified_time\" content=\"2022-07-04T05:37:55+00:00\" \/>\n<meta property=\"og:image\" content=\"https:\/\/www.musedolomiti.it\/wp-content\/uploads\/2020\/02\/IMG_2447.A.jpg\" \/>\n\t<meta property=\"og:image:width\" content=\"700\" \/>\n\t<meta property=\"og:image:height\" content=\"467\" \/>\n\t<meta property=\"og:image:type\" content=\"image\/jpeg\" \/>\n<meta name=\"twitter:card\" content=\"summary_large_image\" \/>\n<meta name=\"twitter:label1\" content=\"Est. reading time\" \/>\n\t<meta name=\"twitter:data1\" content=\"2 minutes\" \/>\n<script type=\"application\/ld+json\" class=\"yoast-schema-graph\">{\"@context\":\"https:\/\/schema.org\",\"@graph\":[{\"@type\":\"WebPage\",\"@id\":\"https:\/\/www.musedolomiti.it\/evento\/x-edizione-2022-zigzagando-in-europa-cavalese\/\",\"url\":\"https:\/\/www.musedolomiti.it\/evento\/x-edizione-2022-zigzagando-in-europa-cavalese\/\",\"name\":\"DECENNALE X Edizione 2022 - Zigzagando in Europa - Le Muse e le Dolomiti\",\"isPartOf\":{\"@id\":\"https:\/\/www.musedolomiti.it\/en\/#website\"},\"primaryImageOfPage\":{\"@id\":\"https:\/\/www.musedolomiti.it\/evento\/x-edizione-2022-zigzagando-in-europa-cavalese\/#primaryimage\"},\"image\":{\"@id\":\"https:\/\/www.musedolomiti.it\/evento\/x-edizione-2022-zigzagando-in-europa-cavalese\/#primaryimage\"},\"thumbnailUrl\":\"https:\/\/www.musedolomiti.it\/wp-content\/uploads\/2020\/02\/IMG_2447.A.jpg\",\"datePublished\":\"2022-07-02T13:52:13+00:00\",\"dateModified\":\"2022-07-04T05:37:55+00:00\",\"description\":\"Scopri tutti gli eventi di Musica Classica organizzati dall'Associazione \\\"Le Muse e le Dolomiti\\\".\",\"breadcrumb\":{\"@id\":\"https:\/\/www.musedolomiti.it\/evento\/x-edizione-2022-zigzagando-in-europa-cavalese\/#breadcrumb\"},\"inLanguage\":\"en-US\",\"potentialAction\":[{\"@type\":\"ReadAction\",\"target\":[\"https:\/\/www.musedolomiti.it\/evento\/x-edizione-2022-zigzagando-in-europa-cavalese\/\"]}]},{\"@type\":\"ImageObject\",\"inLanguage\":\"en-US\",\"@id\":\"https:\/\/www.musedolomiti.it\/evento\/x-edizione-2022-zigzagando-in-europa-cavalese\/#primaryimage\",\"url\":\"https:\/\/www.musedolomiti.it\/wp-content\/uploads\/2020\/02\/IMG_2447.A.jpg\",\"contentUrl\":\"https:\/\/www.musedolomiti.it\/wp-content\/uploads\/2020\/02\/IMG_2447.A.jpg\",\"width\":700,\"height\":467},{\"@type\":\"BreadcrumbList\",\"@id\":\"https:\/\/www.musedolomiti.it\/evento\/x-edizione-2022-zigzagando-in-europa-cavalese\/#breadcrumb\",\"itemListElement\":[{\"@type\":\"ListItem\",\"position\":1,\"name\":\"Home\",\"item\":\"https:\/\/www.musedolomiti.it\/en\/\"},{\"@type\":\"ListItem\",\"position\":2,\"name\":\"Eventi\",\"item\":\"https:\/\/www.musedolomiti.it\/calendario\/\"},{\"@type\":\"ListItem\",\"position\":3,\"name\":\"DECENNALE X Edizione 2022 &#8211; Zigzagando in Europa\"}]},{\"@type\":\"WebSite\",\"@id\":\"https:\/\/www.musedolomiti.it\/en\/#website\",\"url\":\"https:\/\/www.musedolomiti.it\/en\/\",\"name\":\"Le Muse e le Dolomiti\",\"description\":\"Da Nord a Sud, da Est a Ovest, la Musica e il Belcanto uniscono il mondo.\",\"potentialAction\":[{\"@type\":\"SearchAction\",\"target\":{\"@type\":\"EntryPoint\",\"urlTemplate\":\"https:\/\/www.musedolomiti.it\/en\/?s={search_term_string}\"},\"query-input\":{\"@type\":\"PropertyValueSpecification\",\"valueRequired\":true,\"valueName\":\"search_term_string\"}}],\"inLanguage\":\"en-US\"}]}<\/script>\n<!-- \/ Yoast SEO plugin. -->","yoast_head_json":{"title":"DECENNALE X Edizione 2022 - Zigzagando in Europa - Le Muse e le Dolomiti","description":"Scopri tutti gli eventi di Musica Classica organizzati dall'Associazione \"Le Muse e le Dolomiti\".","robots":{"index":"index","follow":"follow","max-snippet":"max-snippet:-1","max-image-preview":"max-image-preview:large","max-video-preview":"max-video-preview:-1"},"canonical":"https:\/\/www.musedolomiti.it\/evento\/x-edizione-2022-zigzagando-in-europa-cavalese\/","og_locale":"en_US","og_type":"article","og_title":"DECENNALE X Edizione 2022 - Zigzagando in Europa - Le Muse e le Dolomiti","og_description":"Scopri tutti gli eventi di Musica Classica organizzati dall'Associazione \"Le Muse e le Dolomiti\".","og_url":"https:\/\/www.musedolomiti.it\/evento\/x-edizione-2022-zigzagando-in-europa-cavalese\/","og_site_name":"Le Muse e le Dolomiti","article_publisher":"https:\/\/it-it.facebook.com\/musedolomiti\/","article_modified_time":"2022-07-04T05:37:55+00:00","og_image":[{"width":700,"height":467,"url":"https:\/\/www.musedolomiti.it\/wp-content\/uploads\/2020\/02\/IMG_2447.A.jpg","type":"image\/jpeg"}],"twitter_card":"summary_large_image","twitter_misc":{"Est. reading time":"2 minutes"},"schema":{"@context":"https:\/\/schema.org","@graph":[{"@type":"WebPage","@id":"https:\/\/www.musedolomiti.it\/evento\/x-edizione-2022-zigzagando-in-europa-cavalese\/","url":"https:\/\/www.musedolomiti.it\/evento\/x-edizione-2022-zigzagando-in-europa-cavalese\/","name":"DECENNALE X Edizione 2022 - Zigzagando in Europa - Le Muse e le Dolomiti","isPartOf":{"@id":"https:\/\/www.musedolomiti.it\/en\/#website"},"primaryImageOfPage":{"@id":"https:\/\/www.musedolomiti.it\/evento\/x-edizione-2022-zigzagando-in-europa-cavalese\/#primaryimage"},"image":{"@id":"https:\/\/www.musedolomiti.it\/evento\/x-edizione-2022-zigzagando-in-europa-cavalese\/#primaryimage"},"thumbnailUrl":"https:\/\/www.musedolomiti.it\/wp-content\/uploads\/2020\/02\/IMG_2447.A.jpg","datePublished":"2022-07-02T13:52:13+00:00","dateModified":"2022-07-04T05:37:55+00:00","description":"Scopri tutti gli eventi di Musica Classica organizzati dall'Associazione \"Le Muse e le Dolomiti\".","breadcrumb":{"@id":"https:\/\/www.musedolomiti.it\/evento\/x-edizione-2022-zigzagando-in-europa-cavalese\/#breadcrumb"},"inLanguage":"en-US","potentialAction":[{"@type":"ReadAction","target":["https:\/\/www.musedolomiti.it\/evento\/x-edizione-2022-zigzagando-in-europa-cavalese\/"]}]},{"@type":"ImageObject","inLanguage":"en-US","@id":"https:\/\/www.musedolomiti.it\/evento\/x-edizione-2022-zigzagando-in-europa-cavalese\/#primaryimage","url":"https:\/\/www.musedolomiti.it\/wp-content\/uploads\/2020\/02\/IMG_2447.A.jpg","contentUrl":"https:\/\/www.musedolomiti.it\/wp-content\/uploads\/2020\/02\/IMG_2447.A.jpg","width":700,"height":467},{"@type":"BreadcrumbList","@id":"https:\/\/www.musedolomiti.it\/evento\/x-edizione-2022-zigzagando-in-europa-cavalese\/#breadcrumb","itemListElement":[{"@type":"ListItem","position":1,"name":"Home","item":"https:\/\/www.musedolomiti.it\/en\/"},{"@type":"ListItem","position":2,"name":"Eventi","item":"https:\/\/www.musedolomiti.it\/calendario\/"},{"@type":"ListItem","position":3,"name":"DECENNALE X Edizione 2022 &#8211; Zigzagando in Europa"}]},{"@type":"WebSite","@id":"https:\/\/www.musedolomiti.it\/en\/#website","url":"https:\/\/www.musedolomiti.it\/en\/","name":"Le Muse e le Dolomiti","description":"Da Nord a Sud, da Est a Ovest, la Musica e il Belcanto uniscono il mondo.","potentialAction":[{"@type":"SearchAction","target":{"@type":"EntryPoint","urlTemplate":"https:\/\/www.musedolomiti.it\/en\/?s={search_term_string}"},"query-input":{"@type":"PropertyValueSpecification","valueRequired":true,"valueName":"search_term_string"}}],"inLanguage":"en-US"}]}},"_links":{"self":[{"href":"https:\/\/www.musedolomiti.it\/en\/wp-json\/wp\/v2\/tribe_events\/5425","targetHints":{"allow":["GET"]}}],"collection":[{"href":"https:\/\/www.musedolomiti.it\/en\/wp-json\/wp\/v2\/tribe_events"}],"about":[{"href":"https:\/\/www.musedolomiti.it\/en\/wp-json\/wp\/v2\/types\/tribe_events"}],"author":[{"embeddable":true,"href":"https:\/\/www.musedolomiti.it\/en\/wp-json\/wp\/v2\/users\/2"}],"version-history":[{"count":8,"href":"https:\/\/www.musedolomiti.it\/en\/wp-json\/wp\/v2\/tribe_events\/5425\/revisions"}],"predecessor-version":[{"id":5498,"href":"https:\/\/www.musedolomiti.it\/en\/wp-json\/wp\/v2\/tribe_events\/5425\/revisions\/5498"}],"wp:featuredmedia":[{"embeddable":true,"href":"https:\/\/www.musedolomiti.it\/en\/wp-json\/wp\/v2\/media\/4652"}],"wp:attachment":[{"href":"https:\/\/www.musedolomiti.it\/en\/wp-json\/wp\/v2\/media?parent=5425"}],"wp:term":[{"taxonomy":"post_tag","embeddable":true,"href":"https:\/\/www.musedolomiti.it\/en\/wp-json\/wp\/v2\/tags?post=5425"},{"taxonomy":"tribe_events_cat","embeddable":true,"href":"https:\/\/www.musedolomiti.it\/en\/wp-json\/wp\/v2\/tribe_events_cat?post=5425"}],"curies":[{"name":"wp","href":"https:\/\/api.w.org\/{rel}","templated":true}]}}

<h5 class="p1"><span class="s1">Sabato 6 Agosto 2022, ore 21:00 | Palazzo della Magnifica Comunità di Fiemme, Cavalese | INGRESSO LIBERO</span></h5>
<p><strong>Oda Zoe Hochscheid, mezzosoprano<br />
Doris Hochscheid, violoncello<br />
Frans van Ruth, pianoforte</strong></p>
<p><em>prenotazione gradita</em></p>
<p>Stasera l&#8217;associazione Le Muse e le Dolomiti &#8220;debutta&#8221; presso una struttura di grandissima importanza storica per il territorio in cui è operativa, e oltre: il Palazzo della Magnifica Comunità di Fiemme. All&#8217;inizio del concerto Vi sarà proposto una breve introduzione sull&#8217;edificio a cura del Palazzo presso il Salone Clesiano, luogo dove si svolgerà poi il concerto usufruendo del prezioso pianoforte a coda Fazioli presente.</p>
<p>Oda, Doris e Frans hanno messo in valigia un grande numero di spartiti per mezzosoprano, violoncello e pianoforte, provenienti da vari paesi europei ed occidentali (anche se colori e atmosfere dell&#8217;oriente non mancheranno), scritti in cinque lingue diverse. Andremo così a zonzo dall’inizio dell’epoca romantica fino alla sua trasformazione stilistica nei primi decenni del &#8216;900.</p>
<p>Dal Belcanto dei contemporanei di Giuseppe Verdi alla melodia inglese, dai calorosi colori spagnoli al &#8220;Lied&#8221; tedesco, dall&#8217;atmosfera pensierosa del Nord-Europa alla grinta melanconica russa ed ucraina- il concerto non potrebbe rappresentare meglio lo &#8220;slogan&#8221; dell&#8217;associazione Le Muse e le Dolomiti, regalatoci da un membro del pubblico:</p>
<p><strong>&#8220;Da Nord a Sud, da Est a Ovest, la musica e il Belcanto uniscono il mondo&#8221;.</strong></p>
<p>Per conoscere il trio <a href="https://www.odazoehochscheid.com/it/trio-3/" target="_blank" rel="noopener">clicca qui!</a><br />
Foto: Yvon Moll</p>
<p><strong>ATTENZIONE: i posti nel Salone Clesiano sono limitati, vi consigliamo di prenotare il vostro posto (whatsapp 340 230 5439 o via mail: ufficio@musedolomiti.it)!</strong></p>
<div class="tribe-events-single-event-description tribe-events-content">
<p><i>______________________</i></p>
<p><strong>Un pensiero sulla situazione pandemica:</strong></p>
<p>Al momento non è obbligatorio rispettare la distanza di sicurezza e/o indossare mascherine. Tuttavia consigliamo l’uso della mascherina e invitiamo chi preferisce un posto distanziato a prenotarselo (whatsapp 340 230 5439 o via mail: ufficio@musedolomiti.it).</p>
<p>Vi preghiamo gentilmente di igienizzare le mani con gel alcoolico messo a disposizione all’ingresso del Palazzo.</p>
</div>

<p>Sabato 6 Agosto 2022, ore 21:00 | Palazzo della Magnifica Comunità di Fiemme, Cavalese | INGRESSO LIBERO Oda Zoe Hochscheid, mezzosoprano Doris Hochscheid, violoncello Frans van Ruth, pianoforte prenotazione gradita&#8230; </p>
<div class="clear"></div>
<p><a href="https://www.musedolomiti.it/en/evento/x-edizione-2022-zigzagando-in-europa-cavalese/" class="gdlr-button with-border excerpt-read-more">Read More</a></p>
