{"id":5517,"date":"2022-07-04T15:19:56","date_gmt":"2022-07-04T13:19:56","guid":{"rendered":"https:\/\/www.musedolomiti.it\/?post_type=tribe_events&#038;p=5517"},"modified":"2022-08-27T15:57:44","modified_gmt":"2022-08-27T13:57:44","slug":"decennale-x-edizione-2022-triogalantes-tesero","status":"publish","type":"tribe_events","link":"https:\/\/www.musedolomiti.it\/en\/evento\/decennale-x-edizione-2022-triogalantes-tesero\/","title":{"rendered":"DECENNALE X Edizione 2022 &#8211; Trio Galantes"},"content":{"rendered":"<h5 class=\"p1\"><span class=\"s1\">Sabato 27 Agosto 2022, ore 21 | Auditorium &#8220;L. Canal&#8221; della Cassa Rurale Fiemme, Tesero |<span class=\"Apple-converted-space\">\u00a0 <\/span>INGRESSO LIBERO<\/span><\/h5>\n<hr \/>\n<h2><em>Aggiornamento definitivo sul luogo e meteo: causa piogge ci troverete presso l&#8217;Auditorium &#8220;L. Canal&#8221; della Cassa Rurale Fiemme! Ingresso da Via Giovinelli.<\/em><\/h2>\n<p class=\"p1\"><strong>Augusto Valen\u00e7a, voce<\/strong><br \/>\n<strong>Alvaro Pinto Lyon, voce e chitarre<\/strong><br \/>\n<strong>Humberto Albores Martinez, voce e chitarre<\/strong><\/p>\n<p>Proprio per offrire qualcosa di completamente nuovo nella nostra programmazione artistica in occasione dei festeggiamenti del nostro primo decennale di attivit\u00e0, abbiamo invitato il Trio Galantes.<\/p>\n<p>Una nota originale ed \u201c<i>\u2019n cin esotica<\/i>\u201d:\u00a0il \u201cTrio Galantes\u201d, di base ad Amsterdam, proporr\u00e0 musiche romantiche latino-americane degli anni \u201940 e \u201950. Il trio \u00e8 composto da musicisti di preparazione classica; Alvaro \u00e8 cileno, Humberto messicano e Augusto \u00e8 originario del Brasile. Una serata elegante e inconfondibilmente latino-americana, con stili originali e <i>fusion<\/i> che includono bolero, copla, huapango, tango, bossa nova e ballada.<\/p>\n<p>Vi aspettiamo in piazza per un appuntamento con l&#8217;eleganza disinvolta!<\/p>\n<p><em>Le Muse e le Dolomiti ringraziano il Comune e il Comitato manifestazioni di Tesero.<\/em><\/p>\n<div class=\"tribe-events-single-event-description tribe-events-content\">\n<p>&nbsp;<\/p>\n<\/div>\n","protected":false},"excerpt":{"rendered":"<p>Sabato 27 Agosto 2022, ore 21 | Auditorium &#8220;L. Canal&#8221; della Cassa Rurale Fiemme, Tesero |\u00a0 INGRESSO LIBERO Aggiornamento definitivo sul luogo e meteo: causa piogge ci troverete presso l&#8217;Auditorium&#8230; <\/p>\n<div class=\"clear\"><\/div>\n<p><a href=\"https:\/\/www.musedolomiti.it\/en\/evento\/decennale-x-edizione-2022-triogalantes-tesero\/\" class=\"gdlr-button with-border excerpt-read-more\">Read More<\/a><\/p>\n","protected":false},"author":2,"featured_media":5512,"template":"","meta":{"_acf_changed":false,"_tribe_events_status":"","_tribe_events_status_reason":"","footnotes":""},"tags":[],"tribe_events_cat":[76],"class_list":["post-5517","tribe_events","type-tribe_events","status-publish","has-post-thumbnail","hentry","tribe_events_cat-decennale","cat_decennale"],"acf":[],"yoast_head":"<!-- This site is optimized with the Yoast SEO plugin v27.1.1 - https:\/\/yoast.com\/product\/yoast-seo-wordpress\/ -->\n<title>DECENNALE X Edizione 2022 - Trio Galantes - Le Muse e le Dolomiti<\/title>\n<meta name=\"description\" content=\"Scopri tutti gli eventi di Musica Classica organizzati dall&#039;Associazione &quot;Le Muse e le Dolomiti&quot;.\" \/>\n<meta name=\"robots\" content=\"index, follow, max-snippet:-1, max-image-preview:large, max-video-preview:-1\" \/>\n<link rel=\"canonical\" href=\"https:\/\/www.musedolomiti.it\/evento\/decennale-x-edizione-2022-triogalantes-tesero\/\" \/>\n<meta property=\"og:locale\" content=\"en_US\" \/>\n<meta property=\"og:type\" content=\"article\" \/>\n<meta property=\"og:title\" content=\"DECENNALE X Edizione 2022 - Trio Galantes - Le Muse e le Dolomiti\" \/>\n<meta property=\"og:description\" content=\"Scopri tutti gli eventi di Musica Classica organizzati dall&#039;Associazione &quot;Le Muse e le Dolomiti&quot;.\" \/>\n<meta property=\"og:url\" content=\"https:\/\/www.musedolomiti.it\/evento\/decennale-x-edizione-2022-triogalantes-tesero\/\" \/>\n<meta property=\"og:site_name\" content=\"Le Muse e le Dolomiti\" \/>\n<meta property=\"article:publisher\" content=\"https:\/\/it-it.facebook.com\/musedolomiti\/\" \/>\n<meta property=\"article:modified_time\" content=\"2022-08-27T13:57:44+00:00\" \/>\n<meta property=\"og:image\" content=\"https:\/\/www.musedolomiti.it\/wp-content\/uploads\/2022\/07\/Trio-Galantes-Red-1.jpeg\" \/>\n\t<meta property=\"og:image:width\" content=\"1920\" \/>\n\t<meta property=\"og:image:height\" content=\"1079\" \/>\n\t<meta property=\"og:image:type\" content=\"image\/jpeg\" \/>\n<meta name=\"twitter:card\" content=\"summary_large_image\" \/>\n<meta name=\"twitter:label1\" content=\"Est. reading time\" \/>\n\t<meta name=\"twitter:data1\" content=\"1 minute\" \/>\n<script type=\"application\/ld+json\" class=\"yoast-schema-graph\">{\"@context\":\"https:\/\/schema.org\",\"@graph\":[{\"@type\":\"WebPage\",\"@id\":\"https:\/\/www.musedolomiti.it\/evento\/decennale-x-edizione-2022-triogalantes-tesero\/\",\"url\":\"https:\/\/www.musedolomiti.it\/evento\/decennale-x-edizione-2022-triogalantes-tesero\/\",\"name\":\"DECENNALE X Edizione 2022 - Trio Galantes - Le Muse e le Dolomiti\",\"isPartOf\":{\"@id\":\"https:\/\/www.musedolomiti.it\/en\/#website\"},\"primaryImageOfPage\":{\"@id\":\"https:\/\/www.musedolomiti.it\/evento\/decennale-x-edizione-2022-triogalantes-tesero\/#primaryimage\"},\"image\":{\"@id\":\"https:\/\/www.musedolomiti.it\/evento\/decennale-x-edizione-2022-triogalantes-tesero\/#primaryimage\"},\"thumbnailUrl\":\"https:\/\/www.musedolomiti.it\/wp-content\/uploads\/2022\/07\/Trio-Galantes-Red-1.jpeg\",\"datePublished\":\"2022-07-04T13:19:56+00:00\",\"dateModified\":\"2022-08-27T13:57:44+00:00\",\"description\":\"Scopri tutti gli eventi di Musica Classica organizzati dall'Associazione \\\"Le Muse e le Dolomiti\\\".\",\"breadcrumb\":{\"@id\":\"https:\/\/www.musedolomiti.it\/evento\/decennale-x-edizione-2022-triogalantes-tesero\/#breadcrumb\"},\"inLanguage\":\"en-US\",\"potentialAction\":[{\"@type\":\"ReadAction\",\"target\":[\"https:\/\/www.musedolomiti.it\/evento\/decennale-x-edizione-2022-triogalantes-tesero\/\"]}]},{\"@type\":\"ImageObject\",\"inLanguage\":\"en-US\",\"@id\":\"https:\/\/www.musedolomiti.it\/evento\/decennale-x-edizione-2022-triogalantes-tesero\/#primaryimage\",\"url\":\"https:\/\/www.musedolomiti.it\/wp-content\/uploads\/2022\/07\/Trio-Galantes-Red-1.jpeg\",\"contentUrl\":\"https:\/\/www.musedolomiti.it\/wp-content\/uploads\/2022\/07\/Trio-Galantes-Red-1.jpeg\",\"width\":1920,\"height\":1079},{\"@type\":\"BreadcrumbList\",\"@id\":\"https:\/\/www.musedolomiti.it\/evento\/decennale-x-edizione-2022-triogalantes-tesero\/#breadcrumb\",\"itemListElement\":[{\"@type\":\"ListItem\",\"position\":1,\"name\":\"Home\",\"item\":\"https:\/\/www.musedolomiti.it\/en\/\"},{\"@type\":\"ListItem\",\"position\":2,\"name\":\"Eventi\",\"item\":\"https:\/\/www.musedolomiti.it\/calendario\/\"},{\"@type\":\"ListItem\",\"position\":3,\"name\":\"DECENNALE X Edizione 2022 &#8211; Trio Galantes\"}]},{\"@type\":\"WebSite\",\"@id\":\"https:\/\/www.musedolomiti.it\/en\/#website\",\"url\":\"https:\/\/www.musedolomiti.it\/en\/\",\"name\":\"Le Muse e le Dolomiti\",\"description\":\"Da Nord a Sud, da Est a Ovest, la Musica e il Belcanto uniscono il mondo.\",\"potentialAction\":[{\"@type\":\"SearchAction\",\"target\":{\"@type\":\"EntryPoint\",\"urlTemplate\":\"https:\/\/www.musedolomiti.it\/en\/?s={search_term_string}\"},\"query-input\":{\"@type\":\"PropertyValueSpecification\",\"valueRequired\":true,\"valueName\":\"search_term_string\"}}],\"inLanguage\":\"en-US\"}]}<\/script>\n<!-- \/ Yoast SEO plugin. -->","yoast_head_json":{"title":"DECENNALE X Edizione 2022 - Trio Galantes - Le Muse e le Dolomiti","description":"Scopri tutti gli eventi di Musica Classica organizzati dall'Associazione \"Le Muse e le Dolomiti\".","robots":{"index":"index","follow":"follow","max-snippet":"max-snippet:-1","max-image-preview":"max-image-preview:large","max-video-preview":"max-video-preview:-1"},"canonical":"https:\/\/www.musedolomiti.it\/evento\/decennale-x-edizione-2022-triogalantes-tesero\/","og_locale":"en_US","og_type":"article","og_title":"DECENNALE X Edizione 2022 - Trio Galantes - Le Muse e le Dolomiti","og_description":"Scopri tutti gli eventi di Musica Classica organizzati dall'Associazione \"Le Muse e le Dolomiti\".","og_url":"https:\/\/www.musedolomiti.it\/evento\/decennale-x-edizione-2022-triogalantes-tesero\/","og_site_name":"Le Muse e le Dolomiti","article_publisher":"https:\/\/it-it.facebook.com\/musedolomiti\/","article_modified_time":"2022-08-27T13:57:44+00:00","og_image":[{"width":1920,"height":1079,"url":"https:\/\/www.musedolomiti.it\/wp-content\/uploads\/2022\/07\/Trio-Galantes-Red-1.jpeg","type":"image\/jpeg"}],"twitter_card":"summary_large_image","twitter_misc":{"Est. reading time":"1 minute"},"schema":{"@context":"https:\/\/schema.org","@graph":[{"@type":"WebPage","@id":"https:\/\/www.musedolomiti.it\/evento\/decennale-x-edizione-2022-triogalantes-tesero\/","url":"https:\/\/www.musedolomiti.it\/evento\/decennale-x-edizione-2022-triogalantes-tesero\/","name":"DECENNALE X Edizione 2022 - Trio Galantes - Le Muse e le Dolomiti","isPartOf":{"@id":"https:\/\/www.musedolomiti.it\/en\/#website"},"primaryImageOfPage":{"@id":"https:\/\/www.musedolomiti.it\/evento\/decennale-x-edizione-2022-triogalantes-tesero\/#primaryimage"},"image":{"@id":"https:\/\/www.musedolomiti.it\/evento\/decennale-x-edizione-2022-triogalantes-tesero\/#primaryimage"},"thumbnailUrl":"https:\/\/www.musedolomiti.it\/wp-content\/uploads\/2022\/07\/Trio-Galantes-Red-1.jpeg","datePublished":"2022-07-04T13:19:56+00:00","dateModified":"2022-08-27T13:57:44+00:00","description":"Scopri tutti gli eventi di Musica Classica organizzati dall'Associazione \"Le Muse e le Dolomiti\".","breadcrumb":{"@id":"https:\/\/www.musedolomiti.it\/evento\/decennale-x-edizione-2022-triogalantes-tesero\/#breadcrumb"},"inLanguage":"en-US","potentialAction":[{"@type":"ReadAction","target":["https:\/\/www.musedolomiti.it\/evento\/decennale-x-edizione-2022-triogalantes-tesero\/"]}]},{"@type":"ImageObject","inLanguage":"en-US","@id":"https:\/\/www.musedolomiti.it\/evento\/decennale-x-edizione-2022-triogalantes-tesero\/#primaryimage","url":"https:\/\/www.musedolomiti.it\/wp-content\/uploads\/2022\/07\/Trio-Galantes-Red-1.jpeg","contentUrl":"https:\/\/www.musedolomiti.it\/wp-content\/uploads\/2022\/07\/Trio-Galantes-Red-1.jpeg","width":1920,"height":1079},{"@type":"BreadcrumbList","@id":"https:\/\/www.musedolomiti.it\/evento\/decennale-x-edizione-2022-triogalantes-tesero\/#breadcrumb","itemListElement":[{"@type":"ListItem","position":1,"name":"Home","item":"https:\/\/www.musedolomiti.it\/en\/"},{"@type":"ListItem","position":2,"name":"Eventi","item":"https:\/\/www.musedolomiti.it\/calendario\/"},{"@type":"ListItem","position":3,"name":"DECENNALE X Edizione 2022 &#8211; Trio Galantes"}]},{"@type":"WebSite","@id":"https:\/\/www.musedolomiti.it\/en\/#website","url":"https:\/\/www.musedolomiti.it\/en\/","name":"Le Muse e le Dolomiti","description":"Da Nord a Sud, da Est a Ovest, la Musica e il Belcanto uniscono il mondo.","potentialAction":[{"@type":"SearchAction","target":{"@type":"EntryPoint","urlTemplate":"https:\/\/www.musedolomiti.it\/en\/?s={search_term_string}"},"query-input":{"@type":"PropertyValueSpecification","valueRequired":true,"valueName":"search_term_string"}}],"inLanguage":"en-US"}]}},"_links":{"self":[{"href":"https:\/\/www.musedolomiti.it\/en\/wp-json\/wp\/v2\/tribe_events\/5517","targetHints":{"allow":["GET"]}}],"collection":[{"href":"https:\/\/www.musedolomiti.it\/en\/wp-json\/wp\/v2\/tribe_events"}],"about":[{"href":"https:\/\/www.musedolomiti.it\/en\/wp-json\/wp\/v2\/types\/tribe_events"}],"author":[{"embeddable":true,"href":"https:\/\/www.musedolomiti.it\/en\/wp-json\/wp\/v2\/users\/2"}],"version-history":[{"count":5,"href":"https:\/\/www.musedolomiti.it\/en\/wp-json\/wp\/v2\/tribe_events\/5517\/revisions"}],"predecessor-version":[{"id":5698,"href":"https:\/\/www.musedolomiti.it\/en\/wp-json\/wp\/v2\/tribe_events\/5517\/revisions\/5698"}],"wp:featuredmedia":[{"embeddable":true,"href":"https:\/\/www.musedolomiti.it\/en\/wp-json\/wp\/v2\/media\/5512"}],"wp:attachment":[{"href":"https:\/\/www.musedolomiti.it\/en\/wp-json\/wp\/v2\/media?parent=5517"}],"wp:term":[{"taxonomy":"post_tag","embeddable":true,"href":"https:\/\/www.musedolomiti.it\/en\/wp-json\/wp\/v2\/tags?post=5517"},{"taxonomy":"tribe_events_cat","embeddable":true,"href":"https:\/\/www.musedolomiti.it\/en\/wp-json\/wp\/v2\/tribe_events_cat?post=5517"}],"curies":[{"name":"wp","href":"https:\/\/api.w.org\/{rel}","templated":true}]}}

<h5 class="p1"><span class="s1">Sabato 27 Agosto 2022, ore 21 | Auditorium &#8220;L. Canal&#8221; della Cassa Rurale Fiemme, Tesero |<span class="Apple-converted-space">  </span>INGRESSO LIBERO</span></h5>
<hr />
<h2><em>Aggiornamento definitivo sul luogo e meteo: causa piogge ci troverete presso l&#8217;Auditorium &#8220;L. Canal&#8221; della Cassa Rurale Fiemme! Ingresso da Via Giovinelli.</em></h2>
<p class="p1"><strong>Augusto Valença, voce</strong><br />
<strong>Alvaro Pinto Lyon, voce e chitarre</strong><br />
<strong>Humberto Albores Martinez, voce e chitarre</strong></p>
<p>Proprio per offrire qualcosa di completamente nuovo nella nostra programmazione artistica in occasione dei festeggiamenti del nostro primo decennale di attività, abbiamo invitato il Trio Galantes.</p>
<p>Una nota originale ed “<i>’n cin esotica</i>”: il “Trio Galantes”, di base ad Amsterdam, proporrà musiche romantiche latino-americane degli anni ’40 e ’50. Il trio è composto da musicisti di preparazione classica; Alvaro è cileno, Humberto messicano e Augusto è originario del Brasile. Una serata elegante e inconfondibilmente latino-americana, con stili originali e <i>fusion</i> che includono bolero, copla, huapango, tango, bossa nova e ballada.</p>
<p>Vi aspettiamo in piazza per un appuntamento con l&#8217;eleganza disinvolta!</p>
<p><em>Le Muse e le Dolomiti ringraziano il Comune e il Comitato manifestazioni di Tesero.</em></p>
<div class="tribe-events-single-event-description tribe-events-content">
<p>&nbsp;</p>
</div>
