{"id":5902,"date":"2023-03-08T09:24:29","date_gmt":"2023-03-08T08:24:29","guid":{"rendered":"https:\/\/www.musedolomiti.it\/?post_type=tribe_events&#038;p=5902"},"modified":"2023-04-03T10:08:56","modified_gmt":"2023-04-03T08:08:56","slug":"in-paradisum","status":"publish","type":"tribe_events","link":"https:\/\/www.musedolomiti.it\/en\/evento\/in-paradisum\/","title":{"rendered":"In Paradisum"},"content":{"rendered":"<h5 class=\"p1\"><span class=\"s1\">Luned\u00ec 10 Aprile 2023, ore 21 | Chiesa Arcipretale di Canale d&#8217;Agordo |<span class=\"Apple-converted-space\">\u00a0 <\/span>INGRESSO LIBERO<\/span><\/h5>\n<hr \/>\n<h2><strong><em>IN PARADISUM<br \/>\n<\/em><\/strong><strong><em>Concerto Vocale Sacro Teatrale<\/em><\/strong><\/h2>\n<p>Voci Bianche, Voci Giovanili e Solisti della<br \/>\n<strong>Scuola Interregionale di Canto e Teatro<br \/>\n<\/strong><em>Sedi di Agordo, Cavalese, Moena e Vallada Agordina<\/em><strong><br \/>\n<\/strong><\/p>\n<p><strong>Laura Valli,<\/strong> preparazione teatrale<br \/>\n<strong>Oda Zoe Hochscheid,<\/strong> preparazione musicale e vocale<br \/>\n<strong>Ai Yoshida<\/strong>, organo<\/p>\n<p>Dir. <strong>Paolo Piana<\/strong><\/p>\n<p>I protagonisti di questo &#8220;concerto teatrale&#8221; saranno gli studenti della Scuola Interregionale di Canto e Teatro. Lanciato nell&#8217;autunno del 2021, la Scuola \u00e8 un progetto formativo unico nel territorio con forte scopo sociale, che unisce bambini e giovani (et\u00e0 6-17) dal Bellunese e dal Trentino.<\/p>\n<p>Il programma del concerto sar\u00e0 presentato dalla vice-presidente dell&#8217;associazione, Adelisa Tabiadon e comprender\u00e0 il bellissimo &#8220;In Paradisum&#8221; dal Requiem di Gabriel Faur\u00e9, una delle musiche pi\u00f9 importanti composte per voci bianche. Saranno inoltre eseguiti alcune arie e duetti del grande repertorio vocale sacro, interpretati da studenti adulti della maestra Oda Zoe Hochscheid.<\/p>\n<p>Un concerto dedicato alla Pasqua, alla primavera e alla speranza.<\/p>\n<p><em>Un sentito ringraziamento alla Parrocchia di S. Giovanni Battista, alla Fondazione Papa Luciani e all&#8217;Associazione &#8220;Giuliano per l&#8217;Organo di Tesero&#8221; che ha gentilmente messo a disposizione l&#8217;organo portativo &#8220;Andrea Zeni&#8221;.\u00a0<\/em><\/p>\n<p><a href=\"https:\/\/www.musedolomiti.it\/evento\/in-paradisum\/a3_muse-e-le-dolomiti_in-paradisum\/\" rel=\"attachment wp-att-5916\"><img loading=\"lazy\" decoding=\"async\" class=\"alignleft size-large wp-image-5916\" src=\"https:\/\/www.musedolomiti.it\/wp-content\/uploads\/2023\/03\/A3_Muse-e-le-Dolomiti_IN-PARADISUM-729x1024.jpg\" alt=\"\" width=\"729\" height=\"1024\" srcset=\"https:\/\/www.musedolomiti.it\/wp-content\/uploads\/2023\/03\/A3_Muse-e-le-Dolomiti_IN-PARADISUM-729x1024.jpg 729w, https:\/\/www.musedolomiti.it\/wp-content\/uploads\/2023\/03\/A3_Muse-e-le-Dolomiti_IN-PARADISUM-213x300.jpg 213w, https:\/\/www.musedolomiti.it\/wp-content\/uploads\/2023\/03\/A3_Muse-e-le-Dolomiti_IN-PARADISUM-768x1079.jpg 768w, https:\/\/www.musedolomiti.it\/wp-content\/uploads\/2023\/03\/A3_Muse-e-le-Dolomiti_IN-PARADISUM-1093x1536.jpg 1093w, https:\/\/www.musedolomiti.it\/wp-content\/uploads\/2023\/03\/A3_Muse-e-le-Dolomiti_IN-PARADISUM.jpg 1366w\" sizes=\"auto, (max-width: 729px) 100vw, 729px\" \/><\/a><\/p>\n<p>&nbsp;<\/p>\n","protected":false},"excerpt":{"rendered":"<p>Luned\u00ec 10 Aprile 2023, ore 21 | Chiesa Arcipretale di Canale d&#8217;Agordo |\u00a0 INGRESSO LIBERO IN PARADISUM Concerto Vocale Sacro Teatrale Voci Bianche, Voci Giovanili e Solisti della Scuola Interregionale&#8230; <\/p>\n<div class=\"clear\"><\/div>\n<p><a href=\"https:\/\/www.musedolomiti.it\/en\/evento\/in-paradisum\/\" class=\"gdlr-button with-border excerpt-read-more\">Read More<\/a><\/p>\n","protected":false},"author":2,"featured_media":5911,"template":"","meta":{"_acf_changed":false,"_tribe_events_status":"","_tribe_events_status_reason":"","footnotes":""},"tags":[],"tribe_events_cat":[61],"class_list":["post-5902","tribe_events","type-tribe_events","status-publish","has-post-thumbnail","hentry","tribe_events_cat-eventi","cat_eventi"],"acf":[],"yoast_head":"<!-- This site is optimized with the Yoast SEO plugin v27.1.1 - https:\/\/yoast.com\/product\/yoast-seo-wordpress\/ -->\n<title>In Paradisum - Le Muse e le Dolomiti<\/title>\n<meta name=\"description\" content=\"Scopri tutti gli eventi di Musica Classica organizzati dall&#039;Associazione &quot;Le Muse e le Dolomiti&quot;.\" \/>\n<meta name=\"robots\" content=\"index, follow, max-snippet:-1, max-image-preview:large, max-video-preview:-1\" \/>\n<link rel=\"canonical\" href=\"https:\/\/www.musedolomiti.it\/evento\/in-paradisum\/\" \/>\n<meta property=\"og:locale\" content=\"en_US\" \/>\n<meta property=\"og:type\" content=\"article\" \/>\n<meta property=\"og:title\" content=\"In Paradisum - Le Muse e le Dolomiti\" \/>\n<meta property=\"og:description\" content=\"Scopri tutti gli eventi di Musica Classica organizzati dall&#039;Associazione &quot;Le Muse e le Dolomiti&quot;.\" \/>\n<meta property=\"og:url\" content=\"https:\/\/www.musedolomiti.it\/evento\/in-paradisum\/\" \/>\n<meta property=\"og:site_name\" content=\"Le Muse e le Dolomiti\" \/>\n<meta property=\"article:publisher\" content=\"https:\/\/it-it.facebook.com\/musedolomiti\/\" \/>\n<meta property=\"article:modified_time\" content=\"2023-04-03T08:08:56+00:00\" \/>\n<meta property=\"og:image\" content=\"https:\/\/www.musedolomiti.it\/wp-content\/uploads\/2023\/03\/1500x100px_PARADISUM-.jpg\" \/>\n\t<meta property=\"og:image:width\" content=\"1920\" \/>\n\t<meta property=\"og:image:height\" content=\"1280\" \/>\n\t<meta property=\"og:image:type\" content=\"image\/jpeg\" \/>\n<meta name=\"twitter:card\" content=\"summary_large_image\" \/>\n<meta name=\"twitter:label1\" content=\"Est. reading time\" \/>\n\t<meta name=\"twitter:data1\" content=\"2 minutes\" \/>\n<script type=\"application\/ld+json\" class=\"yoast-schema-graph\">{\"@context\":\"https:\/\/schema.org\",\"@graph\":[{\"@type\":\"WebPage\",\"@id\":\"https:\/\/www.musedolomiti.it\/evento\/in-paradisum\/\",\"url\":\"https:\/\/www.musedolomiti.it\/evento\/in-paradisum\/\",\"name\":\"In Paradisum - Le Muse e le Dolomiti\",\"isPartOf\":{\"@id\":\"https:\/\/www.musedolomiti.it\/en\/#website\"},\"primaryImageOfPage\":{\"@id\":\"https:\/\/www.musedolomiti.it\/evento\/in-paradisum\/#primaryimage\"},\"image\":{\"@id\":\"https:\/\/www.musedolomiti.it\/evento\/in-paradisum\/#primaryimage\"},\"thumbnailUrl\":\"https:\/\/www.musedolomiti.it\/wp-content\/uploads\/2023\/03\/1500x100px_PARADISUM-.jpg\",\"datePublished\":\"2023-03-08T08:24:29+00:00\",\"dateModified\":\"2023-04-03T08:08:56+00:00\",\"description\":\"Scopri tutti gli eventi di Musica Classica organizzati dall'Associazione \\\"Le Muse e le Dolomiti\\\".\",\"breadcrumb\":{\"@id\":\"https:\/\/www.musedolomiti.it\/evento\/in-paradisum\/#breadcrumb\"},\"inLanguage\":\"en-US\",\"potentialAction\":[{\"@type\":\"ReadAction\",\"target\":[\"https:\/\/www.musedolomiti.it\/evento\/in-paradisum\/\"]}]},{\"@type\":\"ImageObject\",\"inLanguage\":\"en-US\",\"@id\":\"https:\/\/www.musedolomiti.it\/evento\/in-paradisum\/#primaryimage\",\"url\":\"https:\/\/www.musedolomiti.it\/wp-content\/uploads\/2023\/03\/1500x100px_PARADISUM-.jpg\",\"contentUrl\":\"https:\/\/www.musedolomiti.it\/wp-content\/uploads\/2023\/03\/1500x100px_PARADISUM-.jpg\",\"width\":1920,\"height\":1280},{\"@type\":\"BreadcrumbList\",\"@id\":\"https:\/\/www.musedolomiti.it\/evento\/in-paradisum\/#breadcrumb\",\"itemListElement\":[{\"@type\":\"ListItem\",\"position\":1,\"name\":\"Home\",\"item\":\"https:\/\/www.musedolomiti.it\/en\/\"},{\"@type\":\"ListItem\",\"position\":2,\"name\":\"Eventi\",\"item\":\"https:\/\/www.musedolomiti.it\/calendario\/\"},{\"@type\":\"ListItem\",\"position\":3,\"name\":\"In Paradisum\"}]},{\"@type\":\"WebSite\",\"@id\":\"https:\/\/www.musedolomiti.it\/en\/#website\",\"url\":\"https:\/\/www.musedolomiti.it\/en\/\",\"name\":\"Le Muse e le Dolomiti\",\"description\":\"Da Nord a Sud, da Est a Ovest, la Musica e il Belcanto uniscono il mondo.\",\"potentialAction\":[{\"@type\":\"SearchAction\",\"target\":{\"@type\":\"EntryPoint\",\"urlTemplate\":\"https:\/\/www.musedolomiti.it\/en\/?s={search_term_string}\"},\"query-input\":{\"@type\":\"PropertyValueSpecification\",\"valueRequired\":true,\"valueName\":\"search_term_string\"}}],\"inLanguage\":\"en-US\"}]}<\/script>\n<!-- \/ Yoast SEO plugin. -->","yoast_head_json":{"title":"In Paradisum - Le Muse e le Dolomiti","description":"Scopri tutti gli eventi di Musica Classica organizzati dall'Associazione \"Le Muse e le Dolomiti\".","robots":{"index":"index","follow":"follow","max-snippet":"max-snippet:-1","max-image-preview":"max-image-preview:large","max-video-preview":"max-video-preview:-1"},"canonical":"https:\/\/www.musedolomiti.it\/evento\/in-paradisum\/","og_locale":"en_US","og_type":"article","og_title":"In Paradisum - Le Muse e le Dolomiti","og_description":"Scopri tutti gli eventi di Musica Classica organizzati dall'Associazione \"Le Muse e le Dolomiti\".","og_url":"https:\/\/www.musedolomiti.it\/evento\/in-paradisum\/","og_site_name":"Le Muse e le Dolomiti","article_publisher":"https:\/\/it-it.facebook.com\/musedolomiti\/","article_modified_time":"2023-04-03T08:08:56+00:00","og_image":[{"width":1920,"height":1280,"url":"https:\/\/www.musedolomiti.it\/wp-content\/uploads\/2023\/03\/1500x100px_PARADISUM-.jpg","type":"image\/jpeg"}],"twitter_card":"summary_large_image","twitter_misc":{"Est. reading time":"2 minutes"},"schema":{"@context":"https:\/\/schema.org","@graph":[{"@type":"WebPage","@id":"https:\/\/www.musedolomiti.it\/evento\/in-paradisum\/","url":"https:\/\/www.musedolomiti.it\/evento\/in-paradisum\/","name":"In Paradisum - Le Muse e le Dolomiti","isPartOf":{"@id":"https:\/\/www.musedolomiti.it\/en\/#website"},"primaryImageOfPage":{"@id":"https:\/\/www.musedolomiti.it\/evento\/in-paradisum\/#primaryimage"},"image":{"@id":"https:\/\/www.musedolomiti.it\/evento\/in-paradisum\/#primaryimage"},"thumbnailUrl":"https:\/\/www.musedolomiti.it\/wp-content\/uploads\/2023\/03\/1500x100px_PARADISUM-.jpg","datePublished":"2023-03-08T08:24:29+00:00","dateModified":"2023-04-03T08:08:56+00:00","description":"Scopri tutti gli eventi di Musica Classica organizzati dall'Associazione \"Le Muse e le Dolomiti\".","breadcrumb":{"@id":"https:\/\/www.musedolomiti.it\/evento\/in-paradisum\/#breadcrumb"},"inLanguage":"en-US","potentialAction":[{"@type":"ReadAction","target":["https:\/\/www.musedolomiti.it\/evento\/in-paradisum\/"]}]},{"@type":"ImageObject","inLanguage":"en-US","@id":"https:\/\/www.musedolomiti.it\/evento\/in-paradisum\/#primaryimage","url":"https:\/\/www.musedolomiti.it\/wp-content\/uploads\/2023\/03\/1500x100px_PARADISUM-.jpg","contentUrl":"https:\/\/www.musedolomiti.it\/wp-content\/uploads\/2023\/03\/1500x100px_PARADISUM-.jpg","width":1920,"height":1280},{"@type":"BreadcrumbList","@id":"https:\/\/www.musedolomiti.it\/evento\/in-paradisum\/#breadcrumb","itemListElement":[{"@type":"ListItem","position":1,"name":"Home","item":"https:\/\/www.musedolomiti.it\/en\/"},{"@type":"ListItem","position":2,"name":"Eventi","item":"https:\/\/www.musedolomiti.it\/calendario\/"},{"@type":"ListItem","position":3,"name":"In Paradisum"}]},{"@type":"WebSite","@id":"https:\/\/www.musedolomiti.it\/en\/#website","url":"https:\/\/www.musedolomiti.it\/en\/","name":"Le Muse e le Dolomiti","description":"Da Nord a Sud, da Est a Ovest, la Musica e il Belcanto uniscono il mondo.","potentialAction":[{"@type":"SearchAction","target":{"@type":"EntryPoint","urlTemplate":"https:\/\/www.musedolomiti.it\/en\/?s={search_term_string}"},"query-input":{"@type":"PropertyValueSpecification","valueRequired":true,"valueName":"search_term_string"}}],"inLanguage":"en-US"}]}},"_links":{"self":[{"href":"https:\/\/www.musedolomiti.it\/en\/wp-json\/wp\/v2\/tribe_events\/5902","targetHints":{"allow":["GET"]}}],"collection":[{"href":"https:\/\/www.musedolomiti.it\/en\/wp-json\/wp\/v2\/tribe_events"}],"about":[{"href":"https:\/\/www.musedolomiti.it\/en\/wp-json\/wp\/v2\/types\/tribe_events"}],"author":[{"embeddable":true,"href":"https:\/\/www.musedolomiti.it\/en\/wp-json\/wp\/v2\/users\/2"}],"version-history":[{"count":7,"href":"https:\/\/www.musedolomiti.it\/en\/wp-json\/wp\/v2\/tribe_events\/5902\/revisions"}],"predecessor-version":[{"id":5920,"href":"https:\/\/www.musedolomiti.it\/en\/wp-json\/wp\/v2\/tribe_events\/5902\/revisions\/5920"}],"wp:featuredmedia":[{"embeddable":true,"href":"https:\/\/www.musedolomiti.it\/en\/wp-json\/wp\/v2\/media\/5911"}],"wp:attachment":[{"href":"https:\/\/www.musedolomiti.it\/en\/wp-json\/wp\/v2\/media?parent=5902"}],"wp:term":[{"taxonomy":"post_tag","embeddable":true,"href":"https:\/\/www.musedolomiti.it\/en\/wp-json\/wp\/v2\/tags?post=5902"},{"taxonomy":"tribe_events_cat","embeddable":true,"href":"https:\/\/www.musedolomiti.it\/en\/wp-json\/wp\/v2\/tribe_events_cat?post=5902"}],"curies":[{"name":"wp","href":"https:\/\/api.w.org\/{rel}","templated":true}]}}

<h5 class="p1"><span class="s1">Lunedì 10 Aprile 2023, ore 21 | Chiesa Arcipretale di Canale d&#8217;Agordo |<span class="Apple-converted-space">  </span>INGRESSO LIBERO</span></h5>
<hr />
<h2><strong><em>IN PARADISUM<br />
</em></strong><strong><em>Concerto Vocale Sacro Teatrale</em></strong></h2>
<p>Voci Bianche, Voci Giovanili e Solisti della<br />
<strong>Scuola Interregionale di Canto e Teatro<br />
</strong><em>Sedi di Agordo, Cavalese, Moena e Vallada Agordina</em><strong><br />
</strong></p>
<p><strong>Laura Valli,</strong> preparazione teatrale<br />
<strong>Oda Zoe Hochscheid,</strong> preparazione musicale e vocale<br />
<strong>Ai Yoshida</strong>, organo</p>
<p>Dir. <strong>Paolo Piana</strong></p>
<p>I protagonisti di questo &#8220;concerto teatrale&#8221; saranno gli studenti della Scuola Interregionale di Canto e Teatro. Lanciato nell&#8217;autunno del 2021, la Scuola è un progetto formativo unico nel territorio con forte scopo sociale, che unisce bambini e giovani (età 6-17) dal Bellunese e dal Trentino.</p>
<p>Il programma del concerto sarà presentato dalla vice-presidente dell&#8217;associazione, Adelisa Tabiadon e comprenderà il bellissimo &#8220;In Paradisum&#8221; dal Requiem di Gabriel Fauré, una delle musiche più importanti composte per voci bianche. Saranno inoltre eseguiti alcune arie e duetti del grande repertorio vocale sacro, interpretati da studenti adulti della maestra Oda Zoe Hochscheid.</p>
<p>Un concerto dedicato alla Pasqua, alla primavera e alla speranza.</p>
<p><em>Un sentito ringraziamento alla Parrocchia di S. Giovanni Battista, alla Fondazione Papa Luciani e all&#8217;Associazione &#8220;Giuliano per l&#8217;Organo di Tesero&#8221; che ha gentilmente messo a disposizione l&#8217;organo portativo &#8220;Andrea Zeni&#8221;. </em></p>
<p><a href="https://www.musedolomiti.it/evento/in-paradisum/a3_muse-e-le-dolomiti_in-paradisum/" rel="attachment wp-att-5916"><img loading="lazy" decoding="async" class="alignleft size-large wp-image-5916" src="https://www.musedolomiti.it/wp-content/uploads/2023/03/A3_Muse-e-le-Dolomiti_IN-PARADISUM-729x1024.jpg" alt="" width="729" height="1024" srcset="https://www.musedolomiti.it/wp-content/uploads/2023/03/A3_Muse-e-le-Dolomiti_IN-PARADISUM-729x1024.jpg 729w, https://www.musedolomiti.it/wp-content/uploads/2023/03/A3_Muse-e-le-Dolomiti_IN-PARADISUM-213x300.jpg 213w, https://www.musedolomiti.it/wp-content/uploads/2023/03/A3_Muse-e-le-Dolomiti_IN-PARADISUM-768x1079.jpg 768w, https://www.musedolomiti.it/wp-content/uploads/2023/03/A3_Muse-e-le-Dolomiti_IN-PARADISUM-1093x1536.jpg 1093w, https://www.musedolomiti.it/wp-content/uploads/2023/03/A3_Muse-e-le-Dolomiti_IN-PARADISUM.jpg 1366w" sizes="auto, (max-width: 729px) 100vw, 729px" /></a></p>
<p>&nbsp;</p>

<p>Lunedì 10 Aprile 2023, ore 21 | Chiesa Arcipretale di Canale d&#8217;Agordo |  INGRESSO LIBERO IN PARADISUM Concerto Vocale Sacro Teatrale Voci Bianche, Voci Giovanili e Solisti della Scuola Interregionale&#8230; </p>
<div class="clear"></div>
<p><a href="https://www.musedolomiti.it/en/evento/in-paradisum/" class="gdlr-button with-border excerpt-read-more">Read More</a></p>
