{"id":5981,"date":"2023-06-02T17:07:22","date_gmt":"2023-06-02T15:07:22","guid":{"rendered":"https:\/\/www.musedolomiti.it\/?post_type=tribe_events&#038;p=5981"},"modified":"2024-06-18T11:29:17","modified_gmt":"2024-06-18T09:29:17","slug":"2024-violinicaviola","status":"publish","type":"tribe_events","link":"https:\/\/www.musedolomiti.it\/en\/evento\/2024-violinicaviola\/","title":{"rendered":"Violini a Caviola"},"content":{"rendered":"<h5 class=\"p1\"><span class=\"s1\">Marted\u00ec 23 Luglio 2024, ore 21 | Chiesa della Madonna della Salute di Caviola (Falcade) |<span class=\"Apple-converted-space\">\u00a0 <\/span>INGRESSO LIBERO<\/span><\/h5>\n<hr \/>\n<h2>Concerto per violino e pianoforte<\/h2>\n<h4><em>Con gli studenti della Masterclass di Violino, tenuta da Myriam Dal Don<\/em><span class=\"s1\"><b><br \/>\n<\/b><\/span><\/h4>\n<p>La nostra dodicesima rassegna estiva prevede la seconda edizione della Masterclass di Violino con Myriam Dal Don. La Maestra \u00e8 una\u00a0musicista di grande bravura e di fama internazionale. Ha una cosa in comune con la Maestra Tabiadon, che tiene la nostra Masterclass di Lirica: \u00e8 anche lei originaria della zona operativa de &#8220;Le Muse e le Dolomiti&#8221;. Infatti, Don \u00e8 una frazione di Gosaldo, come Tabiadon lo \u00e8 di Falcade.<\/p>\n<p><a href=\"https:\/\/www.musedolomiti.it\/wp-content\/uploads\/2023\/05\/daldon_web.jpg\"><img loading=\"lazy\" decoding=\"async\" class=\"alignleft wp-image-5948 size-medium\" src=\"https:\/\/www.musedolomiti.it\/wp-content\/uploads\/2023\/05\/daldon_web-300x193.jpg\" alt=\"\" width=\"300\" height=\"193\" srcset=\"https:\/\/www.musedolomiti.it\/wp-content\/uploads\/2023\/05\/daldon_web-300x193.jpg 300w, https:\/\/www.musedolomiti.it\/wp-content\/uploads\/2023\/05\/daldon_web-768x494.jpg 768w, https:\/\/www.musedolomiti.it\/wp-content\/uploads\/2023\/05\/daldon_web.jpg 900w\" sizes=\"auto, (max-width: 300px) 100vw, 300px\" \/><\/a><\/p>\n<p><strong>Due eccellenze di livello mondiale si uniscono per arricchire l&#8217;offerta culturale della loro &#8220;terra natale&#8221;: siamo orgogliosi di poter contare sulla loro collaborazione e condividerne i frutti con voi!<\/strong><\/p>\n<p>La seconda edizione della nostra Masterclass di Violino prevede la partecipazione di quattro violinisti, dall&#8217;Italia e dalla Germania, che si esibiranno in un repertorio vario.<\/p>\n<p>&nbsp;<\/p>\n<h2><em>Chiediamo gentilmente di parcheggiare presso la Chiesa parrocchiale di Caviola in Via Trento e di salire poi a piedi alla Chiesetta, che si vede in posizione dominante nei prati appena sopra il paese. La camminata \u00e8 di ca. 6 minuti in salita. Parcheggi limitati sono disponibili nel piazzale davanti alla Chiesetta, solo per chi non pu\u00f2 affrontare la breve camminata a piedi. Grazie!<\/em><\/h2>\n<p><em>Ringraziamo il\u00a0Comune di Falcade, l\u2019Istituto comprensivo di Cencenighe, la Parrocchia di Caviola e il parroco Don Vito!<\/em><\/p>\n","protected":false},"excerpt":{"rendered":"<p>Marted\u00ec 23 Luglio 2024, ore 21 | Chiesa della Madonna della Salute di Caviola (Falcade) |\u00a0 INGRESSO LIBERO Concerto per violino e pianoforte Con gli studenti della Masterclass di Violino,&#8230; <\/p>\n<div class=\"clear\"><\/div>\n<p><a href=\"https:\/\/www.musedolomiti.it\/en\/evento\/2024-violinicaviola\/\" class=\"gdlr-button with-border excerpt-read-more\">Read More<\/a><\/p>\n","protected":false},"author":2,"featured_media":6456,"template":"","meta":{"_acf_changed":false,"_tribe_events_status":"","_tribe_events_status_reason":"","footnotes":""},"tags":[],"tribe_events_cat":[78],"class_list":["post-5981","tribe_events","type-tribe_events","status-publish","has-post-thumbnail","hentry","tribe_events_cat-xii-edizione-2024","cat_xii-edizione-2024"],"acf":[],"yoast_head":"<!-- This site is optimized with the Yoast SEO plugin v27.1.1 - https:\/\/yoast.com\/product\/yoast-seo-wordpress\/ -->\n<title>Violini a Caviola - Le Muse e le Dolomiti<\/title>\n<meta name=\"description\" content=\"Scopri tutti gli eventi di Musica Classica organizzati dall&#039;Associazione &quot;Le Muse e le Dolomiti&quot;.\" \/>\n<meta name=\"robots\" content=\"index, follow, max-snippet:-1, max-image-preview:large, max-video-preview:-1\" \/>\n<link rel=\"canonical\" href=\"https:\/\/www.musedolomiti.it\/evento\/2024-violinicaviola\/\" \/>\n<meta property=\"og:locale\" content=\"en_US\" \/>\n<meta property=\"og:type\" content=\"article\" \/>\n<meta property=\"og:title\" content=\"Violini a Caviola - Le Muse e le Dolomiti\" \/>\n<meta property=\"og:description\" content=\"Scopri tutti gli eventi di Musica Classica organizzati dall&#039;Associazione &quot;Le Muse e le Dolomiti&quot;.\" \/>\n<meta property=\"og:url\" content=\"https:\/\/www.musedolomiti.it\/evento\/2024-violinicaviola\/\" \/>\n<meta property=\"og:site_name\" content=\"Le Muse e le Dolomiti\" \/>\n<meta property=\"article:publisher\" content=\"https:\/\/it-it.facebook.com\/musedolomiti\/\" \/>\n<meta property=\"article:modified_time\" content=\"2024-06-18T09:29:17+00:00\" \/>\n<meta property=\"og:image\" content=\"https:\/\/www.musedolomiti.it\/wp-content\/uploads\/2023\/06\/Foto.20.07.0014-copia-2.jpg\" \/>\n\t<meta property=\"og:image:width\" content=\"1500\" \/>\n\t<meta property=\"og:image:height\" content=\"1000\" \/>\n\t<meta property=\"og:image:type\" content=\"image\/jpeg\" \/>\n<meta name=\"twitter:card\" content=\"summary_large_image\" \/>\n<meta name=\"twitter:label1\" content=\"Est. reading time\" \/>\n\t<meta name=\"twitter:data1\" content=\"2 minutes\" \/>\n<script type=\"application\/ld+json\" class=\"yoast-schema-graph\">{\"@context\":\"https:\/\/schema.org\",\"@graph\":[{\"@type\":\"WebPage\",\"@id\":\"https:\/\/www.musedolomiti.it\/evento\/2024-violinicaviola\/\",\"url\":\"https:\/\/www.musedolomiti.it\/evento\/2024-violinicaviola\/\",\"name\":\"Violini a Caviola - Le Muse e le Dolomiti\",\"isPartOf\":{\"@id\":\"https:\/\/www.musedolomiti.it\/en\/#website\"},\"primaryImageOfPage\":{\"@id\":\"https:\/\/www.musedolomiti.it\/evento\/2024-violinicaviola\/#primaryimage\"},\"image\":{\"@id\":\"https:\/\/www.musedolomiti.it\/evento\/2024-violinicaviola\/#primaryimage\"},\"thumbnailUrl\":\"https:\/\/www.musedolomiti.it\/wp-content\/uploads\/2023\/06\/Foto.20.07.0014-copia-2.jpg\",\"datePublished\":\"2023-06-02T15:07:22+00:00\",\"dateModified\":\"2024-06-18T09:29:17+00:00\",\"description\":\"Scopri tutti gli eventi di Musica Classica organizzati dall'Associazione \\\"Le Muse e le Dolomiti\\\".\",\"breadcrumb\":{\"@id\":\"https:\/\/www.musedolomiti.it\/evento\/2024-violinicaviola\/#breadcrumb\"},\"inLanguage\":\"en-US\",\"potentialAction\":[{\"@type\":\"ReadAction\",\"target\":[\"https:\/\/www.musedolomiti.it\/evento\/2024-violinicaviola\/\"]}]},{\"@type\":\"ImageObject\",\"inLanguage\":\"en-US\",\"@id\":\"https:\/\/www.musedolomiti.it\/evento\/2024-violinicaviola\/#primaryimage\",\"url\":\"https:\/\/www.musedolomiti.it\/wp-content\/uploads\/2023\/06\/Foto.20.07.0014-copia-2.jpg\",\"contentUrl\":\"https:\/\/www.musedolomiti.it\/wp-content\/uploads\/2023\/06\/Foto.20.07.0014-copia-2.jpg\",\"width\":1500,\"height\":1000},{\"@type\":\"BreadcrumbList\",\"@id\":\"https:\/\/www.musedolomiti.it\/evento\/2024-violinicaviola\/#breadcrumb\",\"itemListElement\":[{\"@type\":\"ListItem\",\"position\":1,\"name\":\"Home\",\"item\":\"https:\/\/www.musedolomiti.it\/en\/\"},{\"@type\":\"ListItem\",\"position\":2,\"name\":\"Eventi\",\"item\":\"https:\/\/www.musedolomiti.it\/calendario\/\"},{\"@type\":\"ListItem\",\"position\":3,\"name\":\"Violini a Caviola\"}]},{\"@type\":\"WebSite\",\"@id\":\"https:\/\/www.musedolomiti.it\/en\/#website\",\"url\":\"https:\/\/www.musedolomiti.it\/en\/\",\"name\":\"Le Muse e le Dolomiti\",\"description\":\"Da Nord a Sud, da Est a Ovest, la Musica e il Belcanto uniscono il mondo.\",\"potentialAction\":[{\"@type\":\"SearchAction\",\"target\":{\"@type\":\"EntryPoint\",\"urlTemplate\":\"https:\/\/www.musedolomiti.it\/en\/?s={search_term_string}\"},\"query-input\":{\"@type\":\"PropertyValueSpecification\",\"valueRequired\":true,\"valueName\":\"search_term_string\"}}],\"inLanguage\":\"en-US\"}]}<\/script>\n<!-- \/ Yoast SEO plugin. -->","yoast_head_json":{"title":"Violini a Caviola - Le Muse e le Dolomiti","description":"Scopri tutti gli eventi di Musica Classica organizzati dall'Associazione \"Le Muse e le Dolomiti\".","robots":{"index":"index","follow":"follow","max-snippet":"max-snippet:-1","max-image-preview":"max-image-preview:large","max-video-preview":"max-video-preview:-1"},"canonical":"https:\/\/www.musedolomiti.it\/evento\/2024-violinicaviola\/","og_locale":"en_US","og_type":"article","og_title":"Violini a Caviola - Le Muse e le Dolomiti","og_description":"Scopri tutti gli eventi di Musica Classica organizzati dall'Associazione \"Le Muse e le Dolomiti\".","og_url":"https:\/\/www.musedolomiti.it\/evento\/2024-violinicaviola\/","og_site_name":"Le Muse e le Dolomiti","article_publisher":"https:\/\/it-it.facebook.com\/musedolomiti\/","article_modified_time":"2024-06-18T09:29:17+00:00","og_image":[{"width":1500,"height":1000,"url":"https:\/\/www.musedolomiti.it\/wp-content\/uploads\/2023\/06\/Foto.20.07.0014-copia-2.jpg","type":"image\/jpeg"}],"twitter_card":"summary_large_image","twitter_misc":{"Est. reading time":"2 minutes"},"schema":{"@context":"https:\/\/schema.org","@graph":[{"@type":"WebPage","@id":"https:\/\/www.musedolomiti.it\/evento\/2024-violinicaviola\/","url":"https:\/\/www.musedolomiti.it\/evento\/2024-violinicaviola\/","name":"Violini a Caviola - Le Muse e le Dolomiti","isPartOf":{"@id":"https:\/\/www.musedolomiti.it\/en\/#website"},"primaryImageOfPage":{"@id":"https:\/\/www.musedolomiti.it\/evento\/2024-violinicaviola\/#primaryimage"},"image":{"@id":"https:\/\/www.musedolomiti.it\/evento\/2024-violinicaviola\/#primaryimage"},"thumbnailUrl":"https:\/\/www.musedolomiti.it\/wp-content\/uploads\/2023\/06\/Foto.20.07.0014-copia-2.jpg","datePublished":"2023-06-02T15:07:22+00:00","dateModified":"2024-06-18T09:29:17+00:00","description":"Scopri tutti gli eventi di Musica Classica organizzati dall'Associazione \"Le Muse e le Dolomiti\".","breadcrumb":{"@id":"https:\/\/www.musedolomiti.it\/evento\/2024-violinicaviola\/#breadcrumb"},"inLanguage":"en-US","potentialAction":[{"@type":"ReadAction","target":["https:\/\/www.musedolomiti.it\/evento\/2024-violinicaviola\/"]}]},{"@type":"ImageObject","inLanguage":"en-US","@id":"https:\/\/www.musedolomiti.it\/evento\/2024-violinicaviola\/#primaryimage","url":"https:\/\/www.musedolomiti.it\/wp-content\/uploads\/2023\/06\/Foto.20.07.0014-copia-2.jpg","contentUrl":"https:\/\/www.musedolomiti.it\/wp-content\/uploads\/2023\/06\/Foto.20.07.0014-copia-2.jpg","width":1500,"height":1000},{"@type":"BreadcrumbList","@id":"https:\/\/www.musedolomiti.it\/evento\/2024-violinicaviola\/#breadcrumb","itemListElement":[{"@type":"ListItem","position":1,"name":"Home","item":"https:\/\/www.musedolomiti.it\/en\/"},{"@type":"ListItem","position":2,"name":"Eventi","item":"https:\/\/www.musedolomiti.it\/calendario\/"},{"@type":"ListItem","position":3,"name":"Violini a Caviola"}]},{"@type":"WebSite","@id":"https:\/\/www.musedolomiti.it\/en\/#website","url":"https:\/\/www.musedolomiti.it\/en\/","name":"Le Muse e le Dolomiti","description":"Da Nord a Sud, da Est a Ovest, la Musica e il Belcanto uniscono il mondo.","potentialAction":[{"@type":"SearchAction","target":{"@type":"EntryPoint","urlTemplate":"https:\/\/www.musedolomiti.it\/en\/?s={search_term_string}"},"query-input":{"@type":"PropertyValueSpecification","valueRequired":true,"valueName":"search_term_string"}}],"inLanguage":"en-US"}]}},"_links":{"self":[{"href":"https:\/\/www.musedolomiti.it\/en\/wp-json\/wp\/v2\/tribe_events\/5981","targetHints":{"allow":["GET"]}}],"collection":[{"href":"https:\/\/www.musedolomiti.it\/en\/wp-json\/wp\/v2\/tribe_events"}],"about":[{"href":"https:\/\/www.musedolomiti.it\/en\/wp-json\/wp\/v2\/types\/tribe_events"}],"author":[{"embeddable":true,"href":"https:\/\/www.musedolomiti.it\/en\/wp-json\/wp\/v2\/users\/2"}],"version-history":[{"count":10,"href":"https:\/\/www.musedolomiti.it\/en\/wp-json\/wp\/v2\/tribe_events\/5981\/revisions"}],"predecessor-version":[{"id":6464,"href":"https:\/\/www.musedolomiti.it\/en\/wp-json\/wp\/v2\/tribe_events\/5981\/revisions\/6464"}],"wp:featuredmedia":[{"embeddable":true,"href":"https:\/\/www.musedolomiti.it\/en\/wp-json\/wp\/v2\/media\/6456"}],"wp:attachment":[{"href":"https:\/\/www.musedolomiti.it\/en\/wp-json\/wp\/v2\/media?parent=5981"}],"wp:term":[{"taxonomy":"post_tag","embeddable":true,"href":"https:\/\/www.musedolomiti.it\/en\/wp-json\/wp\/v2\/tags?post=5981"},{"taxonomy":"tribe_events_cat","embeddable":true,"href":"https:\/\/www.musedolomiti.it\/en\/wp-json\/wp\/v2\/tribe_events_cat?post=5981"}],"curies":[{"name":"wp","href":"https:\/\/api.w.org\/{rel}","templated":true}]}}

<h5 class="p1"><span class="s1">Martedì 23 Luglio 2024, ore 21 | Chiesa della Madonna della Salute di Caviola (Falcade) |<span class="Apple-converted-space">  </span>INGRESSO LIBERO</span></h5>
<hr />
<h2>Concerto per violino e pianoforte</h2>
<h4><em>Con gli studenti della Masterclass di Violino, tenuta da Myriam Dal Don</em><span class="s1"><b><br />
</b></span></h4>
<p>La nostra dodicesima rassegna estiva prevede la seconda edizione della Masterclass di Violino con Myriam Dal Don. La Maestra è una musicista di grande bravura e di fama internazionale. Ha una cosa in comune con la Maestra Tabiadon, che tiene la nostra Masterclass di Lirica: è anche lei originaria della zona operativa de &#8220;Le Muse e le Dolomiti&#8221;. Infatti, Don è una frazione di Gosaldo, come Tabiadon lo è di Falcade.</p>
<p><a href="https://www.musedolomiti.it/wp-content/uploads/2023/05/daldon_web.jpg"><img loading="lazy" decoding="async" class="alignleft wp-image-5948 size-medium" src="https://www.musedolomiti.it/wp-content/uploads/2023/05/daldon_web-300x193.jpg" alt="" width="300" height="193" srcset="https://www.musedolomiti.it/wp-content/uploads/2023/05/daldon_web-300x193.jpg 300w, https://www.musedolomiti.it/wp-content/uploads/2023/05/daldon_web-768x494.jpg 768w, https://www.musedolomiti.it/wp-content/uploads/2023/05/daldon_web.jpg 900w" sizes="auto, (max-width: 300px) 100vw, 300px" /></a></p>
<p><strong>Due eccellenze di livello mondiale si uniscono per arricchire l&#8217;offerta culturale della loro &#8220;terra natale&#8221;: siamo orgogliosi di poter contare sulla loro collaborazione e condividerne i frutti con voi!</strong></p>
<p>La seconda edizione della nostra Masterclass di Violino prevede la partecipazione di quattro violinisti, dall&#8217;Italia e dalla Germania, che si esibiranno in un repertorio vario.</p>
<p>&nbsp;</p>
<h2><em>Chiediamo gentilmente di parcheggiare presso la Chiesa parrocchiale di Caviola in Via Trento e di salire poi a piedi alla Chiesetta, che si vede in posizione dominante nei prati appena sopra il paese. La camminata è di ca. 6 minuti in salita. Parcheggi limitati sono disponibili nel piazzale davanti alla Chiesetta, solo per chi non può affrontare la breve camminata a piedi. Grazie!</em></h2>
<p><em>Ringraziamo il Comune di Falcade, l’Istituto comprensivo di Cencenighe, la Parrocchia di Caviola e il parroco Don Vito!</em></p>

<p>Martedì 23 Luglio 2024, ore 21 | Chiesa della Madonna della Salute di Caviola (Falcade) |  INGRESSO LIBERO Concerto per violino e pianoforte Con gli studenti della Masterclass di Violino,&#8230; </p>
<div class="clear"></div>
<p><a href="https://www.musedolomiti.it/en/evento/2024-violinicaviola/" class="gdlr-button with-border excerpt-read-more">Read More</a></p>
