{"id":6013,"date":"2023-06-02T18:22:21","date_gmt":"2023-06-02T16:22:21","guid":{"rendered":"https:\/\/www.musedolomiti.it\/?post_type=tribe_events&#038;p=6013"},"modified":"2023-06-16T18:17:47","modified_gmt":"2023-06-16T16:17:47","slug":"2023-vincailmigliore","status":"publish","type":"tribe_events","link":"https:\/\/www.musedolomiti.it\/en\/evento\/2023-vincailmigliore\/","title":{"rendered":"Vinca il migliore!"},"content":{"rendered":"<h5 class=\"p1\"><span class=\"s1\">Sabato 12 Agosto 2023, ore 21 | Chiesa parrocchiale di Falcade |<span class=\"Apple-converted-space\">\u00a0 <\/span>INGRESSO LIBERO<\/span><\/h5>\n<hr \/>\n<p><em><strong>Celebri sfide musicali raccontate all\u2019organo<span class=\"Apple-converted-space\"><br \/>\n<\/span><\/strong><strong>Giovanni Feltrin, organo e narrazione<\/strong><\/em><\/p>\n<p class=\"default-style\">Il programma rievoca alcuni duelli musicali, che videro affrontarsi leggendari virtuosi della tastiera.<\/p>\n<p class=\"default-style\">Differenti le poste in palio: per Andrea Gabrieli, opposto a Claudio Merulo, vincere significa ottenere il posto di Secondo Organista della Basilica di S. Marco in Venezia; i tedeschi Haendel e Mattheson ambiscono invece a diventare successori di Buxtehude nella chiesa di S. Maria in Lubecca, ma c&#8217;\u00e8 una clausola inattesa e poco gradita.<\/p>\n<p class=\"default-style\"><a href=\"https:\/\/www.musedolomiti.it\/wp-content\/uploads\/2023\/06\/feltrin-giovanni-01.jpg\"><img loading=\"lazy\" decoding=\"async\" class=\"alignleft wp-image-6015\" src=\"https:\/\/www.musedolomiti.it\/wp-content\/uploads\/2023\/06\/feltrin-giovanni-01-440x550.jpg\" alt=\"\" width=\"300\" height=\"180\" srcset=\"https:\/\/www.musedolomiti.it\/wp-content\/uploads\/2023\/06\/feltrin-giovanni-01-300x180.jpg 300w, https:\/\/www.musedolomiti.it\/wp-content\/uploads\/2023\/06\/feltrin-giovanni-01-1024x614.jpg 1024w, https:\/\/www.musedolomiti.it\/wp-content\/uploads\/2023\/06\/feltrin-giovanni-01-768x461.jpg 768w, https:\/\/www.musedolomiti.it\/wp-content\/uploads\/2023\/06\/feltrin-giovanni-01-1536x922.jpg 1536w, https:\/\/www.musedolomiti.it\/wp-content\/uploads\/2023\/06\/feltrin-giovanni-01.jpg 1920w\" sizes=\"auto, (max-width: 300px) 100vw, 300px\" \/><\/a>Sfide di pura abilit\u00e0 allo strumento sono quelle organizzate tra Bach e Marchand, paladini di Germania e Francia; e ancora tra Clementi e Mozart.<\/p>\n<p class=\"default-style\">Si vince o si perde, talvolta si pareggia.\u00a0L\u2019importante \u00e8 partecipare, dir\u00e0 pi\u00f9 tardi qualcuno, ma c\u2019\u00e8 chi preferisce la ritirata strategica a una sonora (\u00e8 il caso di dirlo) sconfitta.<\/p>\n<p class=\"default-style\">Tra queste tenzoni musicali se ne insinua una tecnologica, che a fine \u2018700 vede contrapposti gli organari Serassi e Callido: il primo intende far suonare un organo attraverso un sistema meccanico sotterraneo lungo 33 metri. Il secondo \u00e8 certo che fallir\u00e0, e ci scommette la testa: avr\u00e0 fatto bene?<\/p>\n<p>________________________<\/p>\n<p>Il concerto \u00e8 organizzato in collaborazione con &#8220;Asolo Musica&#8221; e con &#8220;Agordo Musica&#8221;\u00a0per celebrare i 30 anni delle rassegne &#8220;Musica nell&#8217;Agordino&#8221; e &#8220;La Settimana Organistica&#8221;. Auguri ai nostri colleghi per questo traguardo!!<\/p>\n<p><em>Le Muse e le Dolomiti ringraziano la<\/em><em>\u00a0<i>Parrocchia e Don Andrea!<\/i><\/em><\/p>\n","protected":false},"excerpt":{"rendered":"<p>Sabato 12 Agosto 2023, ore 21 | Chiesa parrocchiale di Falcade |\u00a0 INGRESSO LIBERO Celebri sfide musicali raccontate all\u2019organo Giovanni Feltrin, organo e narrazione Il programma rievoca alcuni duelli musicali,&#8230; <\/p>\n<div class=\"clear\"><\/div>\n<p><a href=\"https:\/\/www.musedolomiti.it\/en\/evento\/2023-vincailmigliore\/\" class=\"gdlr-button with-border excerpt-read-more\">Read More<\/a><\/p>\n","protected":false},"author":2,"featured_media":6103,"template":"","meta":{"_acf_changed":false,"_tribe_events_status":"","_tribe_events_status_reason":"","footnotes":""},"tags":[],"tribe_events_cat":[77],"class_list":["post-6013","tribe_events","type-tribe_events","status-publish","has-post-thumbnail","hentry","tribe_events_cat-xi-edizione-2023","cat_xi-edizione-2023"],"acf":[],"yoast_head":"<!-- This site is optimized with the Yoast SEO plugin v27.1.1 - https:\/\/yoast.com\/product\/yoast-seo-wordpress\/ -->\n<title>Vinca il migliore! - Le Muse e le Dolomiti<\/title>\n<meta name=\"description\" content=\"Scopri tutti gli eventi di Musica Classica organizzati dall&#039;Associazione &quot;Le Muse e le Dolomiti&quot;.\" \/>\n<meta name=\"robots\" content=\"index, follow, max-snippet:-1, max-image-preview:large, max-video-preview:-1\" \/>\n<link rel=\"canonical\" href=\"https:\/\/www.musedolomiti.it\/evento\/2023-vincailmigliore\/\" \/>\n<meta property=\"og:locale\" content=\"en_US\" \/>\n<meta property=\"og:type\" content=\"article\" \/>\n<meta property=\"og:title\" content=\"Vinca il migliore! - Le Muse e le Dolomiti\" \/>\n<meta property=\"og:description\" content=\"Scopri tutti gli eventi di Musica Classica organizzati dall&#039;Associazione &quot;Le Muse e le Dolomiti&quot;.\" \/>\n<meta property=\"og:url\" content=\"https:\/\/www.musedolomiti.it\/evento\/2023-vincailmigliore\/\" \/>\n<meta property=\"og:site_name\" content=\"Le Muse e le Dolomiti\" \/>\n<meta property=\"article:publisher\" content=\"https:\/\/it-it.facebook.com\/musedolomiti\/\" \/>\n<meta property=\"article:modified_time\" content=\"2023-06-16T16:17:47+00:00\" \/>\n<meta property=\"og:image\" content=\"https:\/\/www.musedolomiti.it\/wp-content\/uploads\/2023\/06\/01-Gabrieli-Merulo-1.jpg\" \/>\n\t<meta property=\"og:image:width\" content=\"1920\" \/>\n\t<meta property=\"og:image:height\" content=\"1222\" \/>\n\t<meta property=\"og:image:type\" content=\"image\/jpeg\" \/>\n<meta name=\"twitter:card\" content=\"summary_large_image\" \/>\n<meta name=\"twitter:label1\" content=\"Est. reading time\" \/>\n\t<meta name=\"twitter:data1\" content=\"2 minutes\" \/>\n<script type=\"application\/ld+json\" class=\"yoast-schema-graph\">{\"@context\":\"https:\/\/schema.org\",\"@graph\":[{\"@type\":\"WebPage\",\"@id\":\"https:\/\/www.musedolomiti.it\/evento\/2023-vincailmigliore\/\",\"url\":\"https:\/\/www.musedolomiti.it\/evento\/2023-vincailmigliore\/\",\"name\":\"Vinca il migliore! - Le Muse e le Dolomiti\",\"isPartOf\":{\"@id\":\"https:\/\/www.musedolomiti.it\/en\/#website\"},\"primaryImageOfPage\":{\"@id\":\"https:\/\/www.musedolomiti.it\/evento\/2023-vincailmigliore\/#primaryimage\"},\"image\":{\"@id\":\"https:\/\/www.musedolomiti.it\/evento\/2023-vincailmigliore\/#primaryimage\"},\"thumbnailUrl\":\"https:\/\/www.musedolomiti.it\/wp-content\/uploads\/2023\/06\/01-Gabrieli-Merulo-1.jpg\",\"datePublished\":\"2023-06-02T16:22:21+00:00\",\"dateModified\":\"2023-06-16T16:17:47+00:00\",\"description\":\"Scopri tutti gli eventi di Musica Classica organizzati dall'Associazione \\\"Le Muse e le Dolomiti\\\".\",\"breadcrumb\":{\"@id\":\"https:\/\/www.musedolomiti.it\/evento\/2023-vincailmigliore\/#breadcrumb\"},\"inLanguage\":\"en-US\",\"potentialAction\":[{\"@type\":\"ReadAction\",\"target\":[\"https:\/\/www.musedolomiti.it\/evento\/2023-vincailmigliore\/\"]}]},{\"@type\":\"ImageObject\",\"inLanguage\":\"en-US\",\"@id\":\"https:\/\/www.musedolomiti.it\/evento\/2023-vincailmigliore\/#primaryimage\",\"url\":\"https:\/\/www.musedolomiti.it\/wp-content\/uploads\/2023\/06\/01-Gabrieli-Merulo-1.jpg\",\"contentUrl\":\"https:\/\/www.musedolomiti.it\/wp-content\/uploads\/2023\/06\/01-Gabrieli-Merulo-1.jpg\",\"width\":1920,\"height\":1222},{\"@type\":\"BreadcrumbList\",\"@id\":\"https:\/\/www.musedolomiti.it\/evento\/2023-vincailmigliore\/#breadcrumb\",\"itemListElement\":[{\"@type\":\"ListItem\",\"position\":1,\"name\":\"Home\",\"item\":\"https:\/\/www.musedolomiti.it\/en\/\"},{\"@type\":\"ListItem\",\"position\":2,\"name\":\"Eventi\",\"item\":\"https:\/\/www.musedolomiti.it\/calendario\/\"},{\"@type\":\"ListItem\",\"position\":3,\"name\":\"Vinca il migliore!\"}]},{\"@type\":\"WebSite\",\"@id\":\"https:\/\/www.musedolomiti.it\/en\/#website\",\"url\":\"https:\/\/www.musedolomiti.it\/en\/\",\"name\":\"Le Muse e le Dolomiti\",\"description\":\"Da Nord a Sud, da Est a Ovest, la Musica e il Belcanto uniscono il mondo.\",\"potentialAction\":[{\"@type\":\"SearchAction\",\"target\":{\"@type\":\"EntryPoint\",\"urlTemplate\":\"https:\/\/www.musedolomiti.it\/en\/?s={search_term_string}\"},\"query-input\":{\"@type\":\"PropertyValueSpecification\",\"valueRequired\":true,\"valueName\":\"search_term_string\"}}],\"inLanguage\":\"en-US\"}]}<\/script>\n<!-- \/ Yoast SEO plugin. -->","yoast_head_json":{"title":"Vinca il migliore! - Le Muse e le Dolomiti","description":"Scopri tutti gli eventi di Musica Classica organizzati dall'Associazione \"Le Muse e le Dolomiti\".","robots":{"index":"index","follow":"follow","max-snippet":"max-snippet:-1","max-image-preview":"max-image-preview:large","max-video-preview":"max-video-preview:-1"},"canonical":"https:\/\/www.musedolomiti.it\/evento\/2023-vincailmigliore\/","og_locale":"en_US","og_type":"article","og_title":"Vinca il migliore! - Le Muse e le Dolomiti","og_description":"Scopri tutti gli eventi di Musica Classica organizzati dall'Associazione \"Le Muse e le Dolomiti\".","og_url":"https:\/\/www.musedolomiti.it\/evento\/2023-vincailmigliore\/","og_site_name":"Le Muse e le Dolomiti","article_publisher":"https:\/\/it-it.facebook.com\/musedolomiti\/","article_modified_time":"2023-06-16T16:17:47+00:00","og_image":[{"width":1920,"height":1222,"url":"https:\/\/www.musedolomiti.it\/wp-content\/uploads\/2023\/06\/01-Gabrieli-Merulo-1.jpg","type":"image\/jpeg"}],"twitter_card":"summary_large_image","twitter_misc":{"Est. reading time":"2 minutes"},"schema":{"@context":"https:\/\/schema.org","@graph":[{"@type":"WebPage","@id":"https:\/\/www.musedolomiti.it\/evento\/2023-vincailmigliore\/","url":"https:\/\/www.musedolomiti.it\/evento\/2023-vincailmigliore\/","name":"Vinca il migliore! - Le Muse e le Dolomiti","isPartOf":{"@id":"https:\/\/www.musedolomiti.it\/en\/#website"},"primaryImageOfPage":{"@id":"https:\/\/www.musedolomiti.it\/evento\/2023-vincailmigliore\/#primaryimage"},"image":{"@id":"https:\/\/www.musedolomiti.it\/evento\/2023-vincailmigliore\/#primaryimage"},"thumbnailUrl":"https:\/\/www.musedolomiti.it\/wp-content\/uploads\/2023\/06\/01-Gabrieli-Merulo-1.jpg","datePublished":"2023-06-02T16:22:21+00:00","dateModified":"2023-06-16T16:17:47+00:00","description":"Scopri tutti gli eventi di Musica Classica organizzati dall'Associazione \"Le Muse e le Dolomiti\".","breadcrumb":{"@id":"https:\/\/www.musedolomiti.it\/evento\/2023-vincailmigliore\/#breadcrumb"},"inLanguage":"en-US","potentialAction":[{"@type":"ReadAction","target":["https:\/\/www.musedolomiti.it\/evento\/2023-vincailmigliore\/"]}]},{"@type":"ImageObject","inLanguage":"en-US","@id":"https:\/\/www.musedolomiti.it\/evento\/2023-vincailmigliore\/#primaryimage","url":"https:\/\/www.musedolomiti.it\/wp-content\/uploads\/2023\/06\/01-Gabrieli-Merulo-1.jpg","contentUrl":"https:\/\/www.musedolomiti.it\/wp-content\/uploads\/2023\/06\/01-Gabrieli-Merulo-1.jpg","width":1920,"height":1222},{"@type":"BreadcrumbList","@id":"https:\/\/www.musedolomiti.it\/evento\/2023-vincailmigliore\/#breadcrumb","itemListElement":[{"@type":"ListItem","position":1,"name":"Home","item":"https:\/\/www.musedolomiti.it\/en\/"},{"@type":"ListItem","position":2,"name":"Eventi","item":"https:\/\/www.musedolomiti.it\/calendario\/"},{"@type":"ListItem","position":3,"name":"Vinca il migliore!"}]},{"@type":"WebSite","@id":"https:\/\/www.musedolomiti.it\/en\/#website","url":"https:\/\/www.musedolomiti.it\/en\/","name":"Le Muse e le Dolomiti","description":"Da Nord a Sud, da Est a Ovest, la Musica e il Belcanto uniscono il mondo.","potentialAction":[{"@type":"SearchAction","target":{"@type":"EntryPoint","urlTemplate":"https:\/\/www.musedolomiti.it\/en\/?s={search_term_string}"},"query-input":{"@type":"PropertyValueSpecification","valueRequired":true,"valueName":"search_term_string"}}],"inLanguage":"en-US"}]}},"_links":{"self":[{"href":"https:\/\/www.musedolomiti.it\/en\/wp-json\/wp\/v2\/tribe_events\/6013","targetHints":{"allow":["GET"]}}],"collection":[{"href":"https:\/\/www.musedolomiti.it\/en\/wp-json\/wp\/v2\/tribe_events"}],"about":[{"href":"https:\/\/www.musedolomiti.it\/en\/wp-json\/wp\/v2\/types\/tribe_events"}],"author":[{"embeddable":true,"href":"https:\/\/www.musedolomiti.it\/en\/wp-json\/wp\/v2\/users\/2"}],"version-history":[{"count":6,"href":"https:\/\/www.musedolomiti.it\/en\/wp-json\/wp\/v2\/tribe_events\/6013\/revisions"}],"predecessor-version":[{"id":6102,"href":"https:\/\/www.musedolomiti.it\/en\/wp-json\/wp\/v2\/tribe_events\/6013\/revisions\/6102"}],"wp:featuredmedia":[{"embeddable":true,"href":"https:\/\/www.musedolomiti.it\/en\/wp-json\/wp\/v2\/media\/6103"}],"wp:attachment":[{"href":"https:\/\/www.musedolomiti.it\/en\/wp-json\/wp\/v2\/media?parent=6013"}],"wp:term":[{"taxonomy":"post_tag","embeddable":true,"href":"https:\/\/www.musedolomiti.it\/en\/wp-json\/wp\/v2\/tags?post=6013"},{"taxonomy":"tribe_events_cat","embeddable":true,"href":"https:\/\/www.musedolomiti.it\/en\/wp-json\/wp\/v2\/tribe_events_cat?post=6013"}],"curies":[{"name":"wp","href":"https:\/\/api.w.org\/{rel}","templated":true}]}}

<h5 class="p1"><span class="s1">Sabato 12 Agosto 2023, ore 21 | Chiesa parrocchiale di Falcade |<span class="Apple-converted-space">  </span>INGRESSO LIBERO</span></h5>
<hr />
<p><em><strong>Celebri sfide musicali raccontate all’organo<span class="Apple-converted-space"><br />
</span></strong><strong>Giovanni Feltrin, organo e narrazione</strong></em></p>
<p class="default-style">Il programma rievoca alcuni duelli musicali, che videro affrontarsi leggendari virtuosi della tastiera.</p>
<p class="default-style">Differenti le poste in palio: per Andrea Gabrieli, opposto a Claudio Merulo, vincere significa ottenere il posto di Secondo Organista della Basilica di S. Marco in Venezia; i tedeschi Haendel e Mattheson ambiscono invece a diventare successori di Buxtehude nella chiesa di S. Maria in Lubecca, ma c&#8217;è una clausola inattesa e poco gradita.</p>
<p class="default-style"><a href="https://www.musedolomiti.it/wp-content/uploads/2023/06/feltrin-giovanni-01.jpg"><img loading="lazy" decoding="async" class="alignleft wp-image-6015" src="https://www.musedolomiti.it/wp-content/uploads/2023/06/feltrin-giovanni-01-440x550.jpg" alt="" width="300" height="180" srcset="https://www.musedolomiti.it/wp-content/uploads/2023/06/feltrin-giovanni-01-300x180.jpg 300w, https://www.musedolomiti.it/wp-content/uploads/2023/06/feltrin-giovanni-01-1024x614.jpg 1024w, https://www.musedolomiti.it/wp-content/uploads/2023/06/feltrin-giovanni-01-768x461.jpg 768w, https://www.musedolomiti.it/wp-content/uploads/2023/06/feltrin-giovanni-01-1536x922.jpg 1536w, https://www.musedolomiti.it/wp-content/uploads/2023/06/feltrin-giovanni-01.jpg 1920w" sizes="auto, (max-width: 300px) 100vw, 300px" /></a>Sfide di pura abilità allo strumento sono quelle organizzate tra Bach e Marchand, paladini di Germania e Francia; e ancora tra Clementi e Mozart.</p>
<p class="default-style">Si vince o si perde, talvolta si pareggia. L’importante è partecipare, dirà più tardi qualcuno, ma c’è chi preferisce la ritirata strategica a una sonora (è il caso di dirlo) sconfitta.</p>
<p class="default-style">Tra queste tenzoni musicali se ne insinua una tecnologica, che a fine ‘700 vede contrapposti gli organari Serassi e Callido: il primo intende far suonare un organo attraverso un sistema meccanico sotterraneo lungo 33 metri. Il secondo è certo che fallirà, e ci scommette la testa: avrà fatto bene?</p>
<p>________________________</p>
<p>Il concerto è organizzato in collaborazione con &#8220;Asolo Musica&#8221; e con &#8220;Agordo Musica&#8221; per celebrare i 30 anni delle rassegne &#8220;Musica nell&#8217;Agordino&#8221; e &#8220;La Settimana Organistica&#8221;. Auguri ai nostri colleghi per questo traguardo!!</p>
<p><em>Le Muse e le Dolomiti ringraziano la</em><em> <i>Parrocchia e Don Andrea!</i></em></p>
