{"id":6019,"date":"2023-06-02T18:31:31","date_gmt":"2023-06-02T16:31:31","guid":{"rendered":"https:\/\/www.musedolomiti.it\/?post_type=tribe_events&#038;p=6019"},"modified":"2023-08-04T13:23:40","modified_gmt":"2023-08-04T11:23:40","slug":"in-paradisum-2","status":"publish","type":"tribe_events","link":"https:\/\/www.musedolomiti.it\/en\/evento\/in-paradisum-2\/","title":{"rendered":"In Paradisum"},"content":{"rendered":"<h5 class=\"p1\"><span class=\"s1\">Venerd\u00ec 11 Agosto 2023, ore 21 | Chiesa di S. Nicol\u00f2, Carano di Ville di Fiemme |<span class=\"Apple-converted-space\">\u00a0 <\/span>INGRESSO LIBERO<\/span><\/h5>\n<hr \/>\n<h2><strong><em>IN PARADISUM<br \/>\n<\/em><\/strong><strong><em>Concerto Vocale Sacro Teatrale<\/em><\/strong><\/h2>\n<p>Voci Bianche e Giovanili della<br \/>\n<strong>Scuola Interregionale di Canto e Teatro<br \/>\n<\/strong><em>Sedi di Agordo, Cavalese, Moena e Vallada Agordina<\/em><strong><br \/>\n<\/strong><\/p>\n<p><strong>Oda Zoe Hochscheid,<\/strong> preparazione musicale e teatrale<br \/>\n<strong>Ai Yoshida e Alex Gai<\/strong>, organo<br \/>\n<strong>Paolo Trettel,<\/strong> tromba<\/p>\n<p>I protagonisti di questo &#8220;concerto teatrale&#8221; saranno gli studenti della Scuola Interregionale di Canto e Teatro. Lanciato nell&#8217;autunno del 2021, la Scuola \u00e8 un progetto formativo unico nel territorio con forte scopo sociale, che unisce bambini e giovani (et\u00e0 6-17) dal Bellunese e dal Trentino.<\/p>\n<p>Il programma del concerto sar\u00e0 presentato dalla vice-presidente dell&#8217;associazione, Adelisa Tabiadon e comprender\u00e0 il bellissimo &#8220;In Paradisum&#8221; dal Requiem di Gabriel Faur\u00e9, una delle musiche pi\u00f9 importanti composte per voci bianche.<\/p>\n<p><em>Le Muse e le Dolomiti ringraziano il Comune di Ville di Fiemme, la Parrocchia di Carano e il Museo &#8220;Casa Begna&#8221; per la preziosa collaborazione!<\/em><\/p>\n","protected":false},"excerpt":{"rendered":"<p>Venerd\u00ec 11 Agosto 2023, ore 21 | Chiesa di S. Nicol\u00f2, Carano di Ville di Fiemme |\u00a0 INGRESSO LIBERO IN PARADISUM Concerto Vocale Sacro Teatrale Voci Bianche e Giovanili della&#8230; <\/p>\n<div class=\"clear\"><\/div>\n<p><a href=\"https:\/\/www.musedolomiti.it\/en\/evento\/in-paradisum-2\/\" class=\"gdlr-button with-border excerpt-read-more\">Read More<\/a><\/p>\n","protected":false},"author":2,"featured_media":6021,"template":"","meta":{"_acf_changed":false,"_tribe_events_status":"","_tribe_events_status_reason":"","footnotes":""},"tags":[],"tribe_events_cat":[77],"class_list":["post-6019","tribe_events","type-tribe_events","status-publish","has-post-thumbnail","hentry","tribe_events_cat-xi-edizione-2023","cat_xi-edizione-2023"],"acf":[],"yoast_head":"<!-- This site is optimized with the Yoast SEO plugin v27.1.1 - https:\/\/yoast.com\/product\/yoast-seo-wordpress\/ -->\n<title>In Paradisum - Le Muse e le Dolomiti<\/title>\n<meta name=\"description\" content=\"Scopri tutti gli eventi di Musica Classica organizzati dall&#039;Associazione &quot;Le Muse e le Dolomiti&quot;.\" \/>\n<meta name=\"robots\" content=\"index, follow, max-snippet:-1, max-image-preview:large, max-video-preview:-1\" \/>\n<link rel=\"canonical\" href=\"https:\/\/www.musedolomiti.it\/evento\/in-paradisum-2\/\" \/>\n<meta property=\"og:locale\" content=\"en_US\" \/>\n<meta property=\"og:type\" content=\"article\" \/>\n<meta property=\"og:title\" content=\"In Paradisum - Le Muse e le Dolomiti\" \/>\n<meta property=\"og:description\" content=\"Scopri tutti gli eventi di Musica Classica organizzati dall&#039;Associazione &quot;Le Muse e le Dolomiti&quot;.\" \/>\n<meta property=\"og:url\" content=\"https:\/\/www.musedolomiti.it\/evento\/in-paradisum-2\/\" \/>\n<meta property=\"og:site_name\" content=\"Le Muse e le Dolomiti\" \/>\n<meta property=\"article:publisher\" content=\"https:\/\/it-it.facebook.com\/musedolomiti\/\" \/>\n<meta property=\"article:modified_time\" content=\"2023-08-04T11:23:40+00:00\" \/>\n<meta property=\"og:image\" content=\"https:\/\/www.musedolomiti.it\/wp-content\/uploads\/2023\/06\/Foto.0141.jpg\" \/>\n\t<meta property=\"og:image:width\" content=\"1500\" \/>\n\t<meta property=\"og:image:height\" content=\"1000\" \/>\n\t<meta property=\"og:image:type\" content=\"image\/jpeg\" \/>\n<meta name=\"twitter:card\" content=\"summary_large_image\" \/>\n<meta name=\"twitter:label1\" content=\"Est. reading time\" \/>\n\t<meta name=\"twitter:data1\" content=\"1 minute\" \/>\n<script type=\"application\/ld+json\" class=\"yoast-schema-graph\">{\"@context\":\"https:\/\/schema.org\",\"@graph\":[{\"@type\":\"WebPage\",\"@id\":\"https:\/\/www.musedolomiti.it\/evento\/in-paradisum-2\/\",\"url\":\"https:\/\/www.musedolomiti.it\/evento\/in-paradisum-2\/\",\"name\":\"In Paradisum - Le Muse e le Dolomiti\",\"isPartOf\":{\"@id\":\"https:\/\/www.musedolomiti.it\/en\/#website\"},\"primaryImageOfPage\":{\"@id\":\"https:\/\/www.musedolomiti.it\/evento\/in-paradisum-2\/#primaryimage\"},\"image\":{\"@id\":\"https:\/\/www.musedolomiti.it\/evento\/in-paradisum-2\/#primaryimage\"},\"thumbnailUrl\":\"https:\/\/www.musedolomiti.it\/wp-content\/uploads\/2023\/06\/Foto.0141.jpg\",\"datePublished\":\"2023-06-02T16:31:31+00:00\",\"dateModified\":\"2023-08-04T11:23:40+00:00\",\"description\":\"Scopri tutti gli eventi di Musica Classica organizzati dall'Associazione \\\"Le Muse e le Dolomiti\\\".\",\"breadcrumb\":{\"@id\":\"https:\/\/www.musedolomiti.it\/evento\/in-paradisum-2\/#breadcrumb\"},\"inLanguage\":\"en-US\",\"potentialAction\":[{\"@type\":\"ReadAction\",\"target\":[\"https:\/\/www.musedolomiti.it\/evento\/in-paradisum-2\/\"]}]},{\"@type\":\"ImageObject\",\"inLanguage\":\"en-US\",\"@id\":\"https:\/\/www.musedolomiti.it\/evento\/in-paradisum-2\/#primaryimage\",\"url\":\"https:\/\/www.musedolomiti.it\/wp-content\/uploads\/2023\/06\/Foto.0141.jpg\",\"contentUrl\":\"https:\/\/www.musedolomiti.it\/wp-content\/uploads\/2023\/06\/Foto.0141.jpg\",\"width\":1500,\"height\":1000},{\"@type\":\"BreadcrumbList\",\"@id\":\"https:\/\/www.musedolomiti.it\/evento\/in-paradisum-2\/#breadcrumb\",\"itemListElement\":[{\"@type\":\"ListItem\",\"position\":1,\"name\":\"Home\",\"item\":\"https:\/\/www.musedolomiti.it\/en\/\"},{\"@type\":\"ListItem\",\"position\":2,\"name\":\"Eventi\",\"item\":\"https:\/\/www.musedolomiti.it\/calendario\/\"},{\"@type\":\"ListItem\",\"position\":3,\"name\":\"In Paradisum\"}]},{\"@type\":\"WebSite\",\"@id\":\"https:\/\/www.musedolomiti.it\/en\/#website\",\"url\":\"https:\/\/www.musedolomiti.it\/en\/\",\"name\":\"Le Muse e le Dolomiti\",\"description\":\"Da Nord a Sud, da Est a Ovest, la Musica e il Belcanto uniscono il mondo.\",\"potentialAction\":[{\"@type\":\"SearchAction\",\"target\":{\"@type\":\"EntryPoint\",\"urlTemplate\":\"https:\/\/www.musedolomiti.it\/en\/?s={search_term_string}\"},\"query-input\":{\"@type\":\"PropertyValueSpecification\",\"valueRequired\":true,\"valueName\":\"search_term_string\"}}],\"inLanguage\":\"en-US\"}]}<\/script>\n<!-- \/ Yoast SEO plugin. -->","yoast_head_json":{"title":"In Paradisum - Le Muse e le Dolomiti","description":"Scopri tutti gli eventi di Musica Classica organizzati dall'Associazione \"Le Muse e le Dolomiti\".","robots":{"index":"index","follow":"follow","max-snippet":"max-snippet:-1","max-image-preview":"max-image-preview:large","max-video-preview":"max-video-preview:-1"},"canonical":"https:\/\/www.musedolomiti.it\/evento\/in-paradisum-2\/","og_locale":"en_US","og_type":"article","og_title":"In Paradisum - Le Muse e le Dolomiti","og_description":"Scopri tutti gli eventi di Musica Classica organizzati dall'Associazione \"Le Muse e le Dolomiti\".","og_url":"https:\/\/www.musedolomiti.it\/evento\/in-paradisum-2\/","og_site_name":"Le Muse e le Dolomiti","article_publisher":"https:\/\/it-it.facebook.com\/musedolomiti\/","article_modified_time":"2023-08-04T11:23:40+00:00","og_image":[{"width":1500,"height":1000,"url":"https:\/\/www.musedolomiti.it\/wp-content\/uploads\/2023\/06\/Foto.0141.jpg","type":"image\/jpeg"}],"twitter_card":"summary_large_image","twitter_misc":{"Est. reading time":"1 minute"},"schema":{"@context":"https:\/\/schema.org","@graph":[{"@type":"WebPage","@id":"https:\/\/www.musedolomiti.it\/evento\/in-paradisum-2\/","url":"https:\/\/www.musedolomiti.it\/evento\/in-paradisum-2\/","name":"In Paradisum - Le Muse e le Dolomiti","isPartOf":{"@id":"https:\/\/www.musedolomiti.it\/en\/#website"},"primaryImageOfPage":{"@id":"https:\/\/www.musedolomiti.it\/evento\/in-paradisum-2\/#primaryimage"},"image":{"@id":"https:\/\/www.musedolomiti.it\/evento\/in-paradisum-2\/#primaryimage"},"thumbnailUrl":"https:\/\/www.musedolomiti.it\/wp-content\/uploads\/2023\/06\/Foto.0141.jpg","datePublished":"2023-06-02T16:31:31+00:00","dateModified":"2023-08-04T11:23:40+00:00","description":"Scopri tutti gli eventi di Musica Classica organizzati dall'Associazione \"Le Muse e le Dolomiti\".","breadcrumb":{"@id":"https:\/\/www.musedolomiti.it\/evento\/in-paradisum-2\/#breadcrumb"},"inLanguage":"en-US","potentialAction":[{"@type":"ReadAction","target":["https:\/\/www.musedolomiti.it\/evento\/in-paradisum-2\/"]}]},{"@type":"ImageObject","inLanguage":"en-US","@id":"https:\/\/www.musedolomiti.it\/evento\/in-paradisum-2\/#primaryimage","url":"https:\/\/www.musedolomiti.it\/wp-content\/uploads\/2023\/06\/Foto.0141.jpg","contentUrl":"https:\/\/www.musedolomiti.it\/wp-content\/uploads\/2023\/06\/Foto.0141.jpg","width":1500,"height":1000},{"@type":"BreadcrumbList","@id":"https:\/\/www.musedolomiti.it\/evento\/in-paradisum-2\/#breadcrumb","itemListElement":[{"@type":"ListItem","position":1,"name":"Home","item":"https:\/\/www.musedolomiti.it\/en\/"},{"@type":"ListItem","position":2,"name":"Eventi","item":"https:\/\/www.musedolomiti.it\/calendario\/"},{"@type":"ListItem","position":3,"name":"In Paradisum"}]},{"@type":"WebSite","@id":"https:\/\/www.musedolomiti.it\/en\/#website","url":"https:\/\/www.musedolomiti.it\/en\/","name":"Le Muse e le Dolomiti","description":"Da Nord a Sud, da Est a Ovest, la Musica e il Belcanto uniscono il mondo.","potentialAction":[{"@type":"SearchAction","target":{"@type":"EntryPoint","urlTemplate":"https:\/\/www.musedolomiti.it\/en\/?s={search_term_string}"},"query-input":{"@type":"PropertyValueSpecification","valueRequired":true,"valueName":"search_term_string"}}],"inLanguage":"en-US"}]}},"_links":{"self":[{"href":"https:\/\/www.musedolomiti.it\/en\/wp-json\/wp\/v2\/tribe_events\/6019","targetHints":{"allow":["GET"]}}],"collection":[{"href":"https:\/\/www.musedolomiti.it\/en\/wp-json\/wp\/v2\/tribe_events"}],"about":[{"href":"https:\/\/www.musedolomiti.it\/en\/wp-json\/wp\/v2\/types\/tribe_events"}],"author":[{"embeddable":true,"href":"https:\/\/www.musedolomiti.it\/en\/wp-json\/wp\/v2\/users\/2"}],"version-history":[{"count":6,"href":"https:\/\/www.musedolomiti.it\/en\/wp-json\/wp\/v2\/tribe_events\/6019\/revisions"}],"predecessor-version":[{"id":6184,"href":"https:\/\/www.musedolomiti.it\/en\/wp-json\/wp\/v2\/tribe_events\/6019\/revisions\/6184"}],"wp:featuredmedia":[{"embeddable":true,"href":"https:\/\/www.musedolomiti.it\/en\/wp-json\/wp\/v2\/media\/6021"}],"wp:attachment":[{"href":"https:\/\/www.musedolomiti.it\/en\/wp-json\/wp\/v2\/media?parent=6019"}],"wp:term":[{"taxonomy":"post_tag","embeddable":true,"href":"https:\/\/www.musedolomiti.it\/en\/wp-json\/wp\/v2\/tags?post=6019"},{"taxonomy":"tribe_events_cat","embeddable":true,"href":"https:\/\/www.musedolomiti.it\/en\/wp-json\/wp\/v2\/tribe_events_cat?post=6019"}],"curies":[{"name":"wp","href":"https:\/\/api.w.org\/{rel}","templated":true}]}}

<h5 class="p1"><span class="s1">Venerdì 11 Agosto 2023, ore 21 | Chiesa di S. Nicolò, Carano di Ville di Fiemme |<span class="Apple-converted-space">  </span>INGRESSO LIBERO</span></h5>
<hr />
<h2><strong><em>IN PARADISUM<br />
</em></strong><strong><em>Concerto Vocale Sacro Teatrale</em></strong></h2>
<p>Voci Bianche e Giovanili della<br />
<strong>Scuola Interregionale di Canto e Teatro<br />
</strong><em>Sedi di Agordo, Cavalese, Moena e Vallada Agordina</em><strong><br />
</strong></p>
<p><strong>Oda Zoe Hochscheid,</strong> preparazione musicale e teatrale<br />
<strong>Ai Yoshida e Alex Gai</strong>, organo<br />
<strong>Paolo Trettel,</strong> tromba</p>
<p>I protagonisti di questo &#8220;concerto teatrale&#8221; saranno gli studenti della Scuola Interregionale di Canto e Teatro. Lanciato nell&#8217;autunno del 2021, la Scuola è un progetto formativo unico nel territorio con forte scopo sociale, che unisce bambini e giovani (età 6-17) dal Bellunese e dal Trentino.</p>
<p>Il programma del concerto sarà presentato dalla vice-presidente dell&#8217;associazione, Adelisa Tabiadon e comprenderà il bellissimo &#8220;In Paradisum&#8221; dal Requiem di Gabriel Fauré, una delle musiche più importanti composte per voci bianche.</p>
<p><em>Le Muse e le Dolomiti ringraziano il Comune di Ville di Fiemme, la Parrocchia di Carano e il Museo &#8220;Casa Begna&#8221; per la preziosa collaborazione!</em></p>

<p>Venerdì 11 Agosto 2023, ore 21 | Chiesa di S. Nicolò, Carano di Ville di Fiemme |  INGRESSO LIBERO IN PARADISUM Concerto Vocale Sacro Teatrale Voci Bianche e Giovanili della&#8230; </p>
<div class="clear"></div>
<p><a href="https://www.musedolomiti.it/en/evento/in-paradisum-2/" class="gdlr-button with-border excerpt-read-more">Read More</a></p>
