{"id":6238,"date":"2023-10-21T16:21:39","date_gmt":"2023-10-21T14:21:39","guid":{"rendered":"https:\/\/www.musedolomiti.it\/?post_type=tribe_events&#038;p=6238"},"modified":"2023-10-21T17:23:12","modified_gmt":"2023-10-21T15:23:12","slug":"dolomiticoro","status":"publish","type":"tribe_events","link":"https:\/\/www.musedolomiti.it\/en\/evento\/dolomiticoro\/","title":{"rendered":"Dolomiti in Coro"},"content":{"rendered":"<h5 class=\"p1\"><span class=\"s1\">Venerd\u00ec 27 Ottobre 2023, ore 20:30 | Chiesa di San Pietro a Belluno |<span class=\"Apple-converted-space\">\u00a0 <\/span>INGRESSO LIBERO<\/span><\/h5>\n<hr \/>\n<p>La serata rappresenta una super-opportunit\u00e0 per i ragazzi e per le ragazze della nostra Scuola Interregionale di Canto e Teatro e inoltre&#8230;. per voi, il nostro il pubblico!<\/p>\n<p>Ospite d&#8217;onore del concerto \u00e8 il &#8220;Cantemus Boys Choir&#8221; diretto dal Maestro Soma Szab\u00f3, coro proveniente dall&#8217;Ungheria e composto da circa 50 bambini e ragazzi (tutti voci maschili) tra i 10 e i 18 anni.<\/p>\n<p>Il Cantemus Boys Choir \u00e8 un coro scolastico, eccellente esemplare del livello che raggiungono le scuole d&#8217;obbligo con indirizzo musicale &#8220;Zolt\u00e1n Kod\u00e1ly&#8221; in Ungheria. Kod\u00e1ly, uno dei migliori compositori corali del ventesimo secolo, cre\u00f2 un metodo infallibile per lo sviluppo dell&#8217;intonazione della voce bianca. Il suo metodo \u00e8 tuttora usato e rinomato nel mondo intero. Infatti, anche la nostra Scuola interregionale di Canto e Teatro fa uso di questo metodo di &#8220;solfeggio cantato con il do mobile&#8221;.<\/p>\n<p>Il direttore, Soma Szab\u00f3, oltre a svolgere il suo importante lavoro formativo, dirige vari complessi professionali e conta tra i migliori direttori di coro nel mondo. Maggiori informazioni in merito alla Scuola Kod\u00e1ly &#8220;Cantemus Choral Institute&#8221;, a Ny\u00edregyh\u00e1za, Ungheria, si trovano <a href=\"https:\/\/cantemus.org.hu\" target=\"_blank\" rel=\"noopener\">cliccando qui<\/a>.<\/p>\n<p>Un onore davvero, poterci esibire a fianco di una realt\u00e0 internazionale di tale rilievo! Ringraziamo di cuore\u00a0la Consulta <a href=\"https:\/\/www.asac-cori.it\" target=\"_blank\" rel=\"noopener\">ASAC di Belluno<\/a>\u00a0che ci ha invitato assieme al Coro Femminile &#8220;Nova Cantica&#8221; di Belluno, diretto dal Maestro Luciano Borin. La serata fa parte della Rassegna biennale &#8220;Dolomiti in Coro&#8221;.<\/p>\n<p>Per ulteriori informazioni vedi la locandina di seguito!<\/p>\n<p><a href=\"https:\/\/www.musedolomiti.it\/wp-content\/uploads\/2023\/10\/DolomitiInCoro_27102023.jpeg\"><img loading=\"lazy\" decoding=\"async\" class=\"alignleft size-large wp-image-6242\" src=\"https:\/\/www.musedolomiti.it\/wp-content\/uploads\/2023\/10\/DolomitiInCoro_27102023-724x1024.jpeg\" alt=\"\" width=\"724\" height=\"1024\" srcset=\"https:\/\/www.musedolomiti.it\/wp-content\/uploads\/2023\/10\/DolomitiInCoro_27102023-724x1024.jpeg 724w, https:\/\/www.musedolomiti.it\/wp-content\/uploads\/2023\/10\/DolomitiInCoro_27102023-212x300.jpeg 212w, https:\/\/www.musedolomiti.it\/wp-content\/uploads\/2023\/10\/DolomitiInCoro_27102023-768x1086.jpeg 768w, https:\/\/www.musedolomiti.it\/wp-content\/uploads\/2023\/10\/DolomitiInCoro_27102023-1086x1536.jpeg 1086w, https:\/\/www.musedolomiti.it\/wp-content\/uploads\/2023\/10\/DolomitiInCoro_27102023.jpeg 1131w\" sizes=\"auto, (max-width: 724px) 100vw, 724px\" \/><\/a><\/p>\n<p>&nbsp;<\/p>\n<p>&nbsp;<\/p>\n","protected":false},"excerpt":{"rendered":"<p>Venerd\u00ec 27 Ottobre 2023, ore 20:30 | Chiesa di San Pietro a Belluno |\u00a0 INGRESSO LIBERO La serata rappresenta una super-opportunit\u00e0 per i ragazzi e per le ragazze della nostra&#8230; <\/p>\n<div class=\"clear\"><\/div>\n<p><a href=\"https:\/\/www.musedolomiti.it\/en\/evento\/dolomiticoro\/\" class=\"gdlr-button with-border excerpt-read-more\">Read More<\/a><\/p>\n","protected":false},"author":2,"featured_media":6248,"template":"","meta":{"_acf_changed":false,"_tribe_events_status":"","_tribe_events_status_reason":"","footnotes":""},"tags":[],"tribe_events_cat":[77],"class_list":["post-6238","tribe_events","type-tribe_events","status-publish","has-post-thumbnail","hentry","tribe_events_cat-xi-edizione-2023","cat_xi-edizione-2023"],"acf":[],"yoast_head":"<!-- This site is optimized with the Yoast SEO plugin v27.1.1 - https:\/\/yoast.com\/product\/yoast-seo-wordpress\/ -->\n<title>Dolomiti in Coro - Le Muse e le Dolomiti<\/title>\n<meta name=\"description\" content=\"Scopri tutti gli eventi di Musica Classica organizzati dall&#039;Associazione &quot;Le Muse e le Dolomiti&quot;.\" \/>\n<meta name=\"robots\" content=\"index, follow, max-snippet:-1, max-image-preview:large, max-video-preview:-1\" \/>\n<link rel=\"canonical\" href=\"https:\/\/www.musedolomiti.it\/evento\/dolomiticoro\/\" \/>\n<meta property=\"og:locale\" content=\"en_US\" \/>\n<meta property=\"og:type\" content=\"article\" \/>\n<meta property=\"og:title\" content=\"Dolomiti in Coro - Le Muse e le Dolomiti\" \/>\n<meta property=\"og:description\" content=\"Scopri tutti gli eventi di Musica Classica organizzati dall&#039;Associazione &quot;Le Muse e le Dolomiti&quot;.\" \/>\n<meta property=\"og:url\" content=\"https:\/\/www.musedolomiti.it\/evento\/dolomiticoro\/\" \/>\n<meta property=\"og:site_name\" content=\"Le Muse e le Dolomiti\" \/>\n<meta property=\"article:publisher\" content=\"https:\/\/it-it.facebook.com\/musedolomiti\/\" \/>\n<meta property=\"article:modified_time\" content=\"2023-10-21T15:23:12+00:00\" \/>\n<meta property=\"og:image\" content=\"https:\/\/www.musedolomiti.it\/wp-content\/uploads\/2020\/02\/2023_08_12_in_paradisum_carano_039.jpeg\" \/>\n\t<meta property=\"og:image:width\" content=\"1280\" \/>\n\t<meta property=\"og:image:height\" content=\"855\" \/>\n\t<meta property=\"og:image:type\" content=\"image\/jpeg\" \/>\n<meta name=\"twitter:card\" content=\"summary_large_image\" \/>\n<meta name=\"twitter:label1\" content=\"Est. reading time\" \/>\n\t<meta name=\"twitter:data1\" content=\"2 minutes\" \/>\n<script type=\"application\/ld+json\" class=\"yoast-schema-graph\">{\"@context\":\"https:\/\/schema.org\",\"@graph\":[{\"@type\":\"WebPage\",\"@id\":\"https:\/\/www.musedolomiti.it\/evento\/dolomiticoro\/\",\"url\":\"https:\/\/www.musedolomiti.it\/evento\/dolomiticoro\/\",\"name\":\"Dolomiti in Coro - Le Muse e le Dolomiti\",\"isPartOf\":{\"@id\":\"https:\/\/www.musedolomiti.it\/en\/#website\"},\"primaryImageOfPage\":{\"@id\":\"https:\/\/www.musedolomiti.it\/evento\/dolomiticoro\/#primaryimage\"},\"image\":{\"@id\":\"https:\/\/www.musedolomiti.it\/evento\/dolomiticoro\/#primaryimage\"},\"thumbnailUrl\":\"https:\/\/www.musedolomiti.it\/wp-content\/uploads\/2020\/02\/2023_08_12_in_paradisum_carano_039.jpeg\",\"datePublished\":\"2023-10-21T14:21:39+00:00\",\"dateModified\":\"2023-10-21T15:23:12+00:00\",\"description\":\"Scopri tutti gli eventi di Musica Classica organizzati dall'Associazione \\\"Le Muse e le Dolomiti\\\".\",\"breadcrumb\":{\"@id\":\"https:\/\/www.musedolomiti.it\/evento\/dolomiticoro\/#breadcrumb\"},\"inLanguage\":\"en-US\",\"potentialAction\":[{\"@type\":\"ReadAction\",\"target\":[\"https:\/\/www.musedolomiti.it\/evento\/dolomiticoro\/\"]}]},{\"@type\":\"ImageObject\",\"inLanguage\":\"en-US\",\"@id\":\"https:\/\/www.musedolomiti.it\/evento\/dolomiticoro\/#primaryimage\",\"url\":\"https:\/\/www.musedolomiti.it\/wp-content\/uploads\/2020\/02\/2023_08_12_in_paradisum_carano_039.jpeg\",\"contentUrl\":\"https:\/\/www.musedolomiti.it\/wp-content\/uploads\/2020\/02\/2023_08_12_in_paradisum_carano_039.jpeg\",\"width\":1280,\"height\":855},{\"@type\":\"BreadcrumbList\",\"@id\":\"https:\/\/www.musedolomiti.it\/evento\/dolomiticoro\/#breadcrumb\",\"itemListElement\":[{\"@type\":\"ListItem\",\"position\":1,\"name\":\"Home\",\"item\":\"https:\/\/www.musedolomiti.it\/en\/\"},{\"@type\":\"ListItem\",\"position\":2,\"name\":\"Eventi\",\"item\":\"https:\/\/www.musedolomiti.it\/calendario\/\"},{\"@type\":\"ListItem\",\"position\":3,\"name\":\"Dolomiti in Coro\"}]},{\"@type\":\"WebSite\",\"@id\":\"https:\/\/www.musedolomiti.it\/en\/#website\",\"url\":\"https:\/\/www.musedolomiti.it\/en\/\",\"name\":\"Le Muse e le Dolomiti\",\"description\":\"Da Nord a Sud, da Est a Ovest, la Musica e il Belcanto uniscono il mondo.\",\"potentialAction\":[{\"@type\":\"SearchAction\",\"target\":{\"@type\":\"EntryPoint\",\"urlTemplate\":\"https:\/\/www.musedolomiti.it\/en\/?s={search_term_string}\"},\"query-input\":{\"@type\":\"PropertyValueSpecification\",\"valueRequired\":true,\"valueName\":\"search_term_string\"}}],\"inLanguage\":\"en-US\"}]}<\/script>\n<!-- \/ Yoast SEO plugin. -->","yoast_head_json":{"title":"Dolomiti in Coro - Le Muse e le Dolomiti","description":"Scopri tutti gli eventi di Musica Classica organizzati dall'Associazione \"Le Muse e le Dolomiti\".","robots":{"index":"index","follow":"follow","max-snippet":"max-snippet:-1","max-image-preview":"max-image-preview:large","max-video-preview":"max-video-preview:-1"},"canonical":"https:\/\/www.musedolomiti.it\/evento\/dolomiticoro\/","og_locale":"en_US","og_type":"article","og_title":"Dolomiti in Coro - Le Muse e le Dolomiti","og_description":"Scopri tutti gli eventi di Musica Classica organizzati dall'Associazione \"Le Muse e le Dolomiti\".","og_url":"https:\/\/www.musedolomiti.it\/evento\/dolomiticoro\/","og_site_name":"Le Muse e le Dolomiti","article_publisher":"https:\/\/it-it.facebook.com\/musedolomiti\/","article_modified_time":"2023-10-21T15:23:12+00:00","og_image":[{"width":1280,"height":855,"url":"https:\/\/www.musedolomiti.it\/wp-content\/uploads\/2020\/02\/2023_08_12_in_paradisum_carano_039.jpeg","type":"image\/jpeg"}],"twitter_card":"summary_large_image","twitter_misc":{"Est. reading time":"2 minutes"},"schema":{"@context":"https:\/\/schema.org","@graph":[{"@type":"WebPage","@id":"https:\/\/www.musedolomiti.it\/evento\/dolomiticoro\/","url":"https:\/\/www.musedolomiti.it\/evento\/dolomiticoro\/","name":"Dolomiti in Coro - Le Muse e le Dolomiti","isPartOf":{"@id":"https:\/\/www.musedolomiti.it\/en\/#website"},"primaryImageOfPage":{"@id":"https:\/\/www.musedolomiti.it\/evento\/dolomiticoro\/#primaryimage"},"image":{"@id":"https:\/\/www.musedolomiti.it\/evento\/dolomiticoro\/#primaryimage"},"thumbnailUrl":"https:\/\/www.musedolomiti.it\/wp-content\/uploads\/2020\/02\/2023_08_12_in_paradisum_carano_039.jpeg","datePublished":"2023-10-21T14:21:39+00:00","dateModified":"2023-10-21T15:23:12+00:00","description":"Scopri tutti gli eventi di Musica Classica organizzati dall'Associazione \"Le Muse e le Dolomiti\".","breadcrumb":{"@id":"https:\/\/www.musedolomiti.it\/evento\/dolomiticoro\/#breadcrumb"},"inLanguage":"en-US","potentialAction":[{"@type":"ReadAction","target":["https:\/\/www.musedolomiti.it\/evento\/dolomiticoro\/"]}]},{"@type":"ImageObject","inLanguage":"en-US","@id":"https:\/\/www.musedolomiti.it\/evento\/dolomiticoro\/#primaryimage","url":"https:\/\/www.musedolomiti.it\/wp-content\/uploads\/2020\/02\/2023_08_12_in_paradisum_carano_039.jpeg","contentUrl":"https:\/\/www.musedolomiti.it\/wp-content\/uploads\/2020\/02\/2023_08_12_in_paradisum_carano_039.jpeg","width":1280,"height":855},{"@type":"BreadcrumbList","@id":"https:\/\/www.musedolomiti.it\/evento\/dolomiticoro\/#breadcrumb","itemListElement":[{"@type":"ListItem","position":1,"name":"Home","item":"https:\/\/www.musedolomiti.it\/en\/"},{"@type":"ListItem","position":2,"name":"Eventi","item":"https:\/\/www.musedolomiti.it\/calendario\/"},{"@type":"ListItem","position":3,"name":"Dolomiti in Coro"}]},{"@type":"WebSite","@id":"https:\/\/www.musedolomiti.it\/en\/#website","url":"https:\/\/www.musedolomiti.it\/en\/","name":"Le Muse e le Dolomiti","description":"Da Nord a Sud, da Est a Ovest, la Musica e il Belcanto uniscono il mondo.","potentialAction":[{"@type":"SearchAction","target":{"@type":"EntryPoint","urlTemplate":"https:\/\/www.musedolomiti.it\/en\/?s={search_term_string}"},"query-input":{"@type":"PropertyValueSpecification","valueRequired":true,"valueName":"search_term_string"}}],"inLanguage":"en-US"}]}},"_links":{"self":[{"href":"https:\/\/www.musedolomiti.it\/en\/wp-json\/wp\/v2\/tribe_events\/6238","targetHints":{"allow":["GET"]}}],"collection":[{"href":"https:\/\/www.musedolomiti.it\/en\/wp-json\/wp\/v2\/tribe_events"}],"about":[{"href":"https:\/\/www.musedolomiti.it\/en\/wp-json\/wp\/v2\/types\/tribe_events"}],"author":[{"embeddable":true,"href":"https:\/\/www.musedolomiti.it\/en\/wp-json\/wp\/v2\/users\/2"}],"version-history":[{"count":10,"href":"https:\/\/www.musedolomiti.it\/en\/wp-json\/wp\/v2\/tribe_events\/6238\/revisions"}],"predecessor-version":[{"id":6256,"href":"https:\/\/www.musedolomiti.it\/en\/wp-json\/wp\/v2\/tribe_events\/6238\/revisions\/6256"}],"wp:featuredmedia":[{"embeddable":true,"href":"https:\/\/www.musedolomiti.it\/en\/wp-json\/wp\/v2\/media\/6248"}],"wp:attachment":[{"href":"https:\/\/www.musedolomiti.it\/en\/wp-json\/wp\/v2\/media?parent=6238"}],"wp:term":[{"taxonomy":"post_tag","embeddable":true,"href":"https:\/\/www.musedolomiti.it\/en\/wp-json\/wp\/v2\/tags?post=6238"},{"taxonomy":"tribe_events_cat","embeddable":true,"href":"https:\/\/www.musedolomiti.it\/en\/wp-json\/wp\/v2\/tribe_events_cat?post=6238"}],"curies":[{"name":"wp","href":"https:\/\/api.w.org\/{rel}","templated":true}]}}

<h5 class="p1"><span class="s1">Venerdì 27 Ottobre 2023, ore 20:30 | Chiesa di San Pietro a Belluno |<span class="Apple-converted-space">  </span>INGRESSO LIBERO</span></h5>
<hr />
<p>La serata rappresenta una super-opportunità per i ragazzi e per le ragazze della nostra Scuola Interregionale di Canto e Teatro e inoltre&#8230;. per voi, il nostro il pubblico!</p>
<p>Ospite d&#8217;onore del concerto è il &#8220;Cantemus Boys Choir&#8221; diretto dal Maestro Soma Szabó, coro proveniente dall&#8217;Ungheria e composto da circa 50 bambini e ragazzi (tutti voci maschili) tra i 10 e i 18 anni.</p>
<p>Il Cantemus Boys Choir è un coro scolastico, eccellente esemplare del livello che raggiungono le scuole d&#8217;obbligo con indirizzo musicale &#8220;Zoltán Kodály&#8221; in Ungheria. Kodály, uno dei migliori compositori corali del ventesimo secolo, creò un metodo infallibile per lo sviluppo dell&#8217;intonazione della voce bianca. Il suo metodo è tuttora usato e rinomato nel mondo intero. Infatti, anche la nostra Scuola interregionale di Canto e Teatro fa uso di questo metodo di &#8220;solfeggio cantato con il do mobile&#8221;.</p>
<p>Il direttore, Soma Szabó, oltre a svolgere il suo importante lavoro formativo, dirige vari complessi professionali e conta tra i migliori direttori di coro nel mondo. Maggiori informazioni in merito alla Scuola Kodály &#8220;Cantemus Choral Institute&#8221;, a Nyíregyháza, Ungheria, si trovano <a href="https://cantemus.org.hu" target="_blank" rel="noopener">cliccando qui</a>.</p>
<p>Un onore davvero, poterci esibire a fianco di una realtà internazionale di tale rilievo! Ringraziamo di cuore la Consulta <a href="https://www.asac-cori.it" target="_blank" rel="noopener">ASAC di Belluno</a> che ci ha invitato assieme al Coro Femminile &#8220;Nova Cantica&#8221; di Belluno, diretto dal Maestro Luciano Borin. La serata fa parte della Rassegna biennale &#8220;Dolomiti in Coro&#8221;.</p>
<p>Per ulteriori informazioni vedi la locandina di seguito!</p>
<p><a href="https://www.musedolomiti.it/wp-content/uploads/2023/10/DolomitiInCoro_27102023.jpeg"><img loading="lazy" decoding="async" class="alignleft size-large wp-image-6242" src="https://www.musedolomiti.it/wp-content/uploads/2023/10/DolomitiInCoro_27102023-724x1024.jpeg" alt="" width="724" height="1024" srcset="https://www.musedolomiti.it/wp-content/uploads/2023/10/DolomitiInCoro_27102023-724x1024.jpeg 724w, https://www.musedolomiti.it/wp-content/uploads/2023/10/DolomitiInCoro_27102023-212x300.jpeg 212w, https://www.musedolomiti.it/wp-content/uploads/2023/10/DolomitiInCoro_27102023-768x1086.jpeg 768w, https://www.musedolomiti.it/wp-content/uploads/2023/10/DolomitiInCoro_27102023-1086x1536.jpeg 1086w, https://www.musedolomiti.it/wp-content/uploads/2023/10/DolomitiInCoro_27102023.jpeg 1131w" sizes="auto, (max-width: 724px) 100vw, 724px" /></a></p>
<p>&nbsp;</p>
<p>&nbsp;</p>

<p>Venerdì 27 Ottobre 2023, ore 20:30 | Chiesa di San Pietro a Belluno |  INGRESSO LIBERO La serata rappresenta una super-opportunità per i ragazzi e per le ragazze della nostra&#8230; </p>
<div class="clear"></div>
<p><a href="https://www.musedolomiti.it/en/evento/dolomiticoro/" class="gdlr-button with-border excerpt-read-more">Read More</a></p>
