{"id":6263,"date":"2023-10-24T15:54:39","date_gmt":"2023-10-24T13:54:39","guid":{"rendered":"https:\/\/www.musedolomiti.it\/?post_type=tribe_events&#038;p=6263"},"modified":"2023-10-24T19:23:09","modified_gmt":"2023-10-24T17:23:09","slug":"lingue-incantate","status":"publish","type":"tribe_events","link":"https:\/\/www.musedolomiti.it\/en\/evento\/lingue-incantate\/","title":{"rendered":"Lingue InCantate"},"content":{"rendered":"<h5 class=\"p1\"><span class=\"s1\">Sabato 4 Novembre 2023, ore 21 | Aula Magna del Polo Scolastica, Moena \u00a0|<span class=\"Apple-converted-space\">\u00a0 <\/span>INGRESSO LIBERO<\/span><\/h5>\n<hr \/>\n<h2>Victoria Burneo Sanchez, soprano<br \/>\nOda Zoe Hochscheid, mezzosoprano<br \/>\nWalter Franceschini, baritono<br \/>\nClaudio Vadagnini, pianoforte<\/h2>\n<p>Questo concerto \u00e8 il frutto di una nuova e bellissima collaborazione con l&#8217;Associazione moenese &#8220;Aurona&#8221;, che da parecchi anni \u00e8 conosciuta nelle Province di Trento, Bolzano e oltre per la sua orchestra sinfonica diretta dal Maestro Claudio Vadagnini e per i loro progetti coinvolgenti.<\/p>\n<p>In occasione dei 60 anni dalla fondazione del &#8220;Grop Ladin de Moena&#8221; e su invito dell&#8217;Unione Ladina di Fassa e del Comune di Moena, le Associazioni Aurona e Le Muse e le Dolomiti propongono insieme un recital operistico particolare, da non mancare!<br \/>\nSaranno eseguite arie e duetti del grande repertorio lirico: passaggi da titoli come &#8220;La Traviata&#8221;, &#8220;Il Barbiere di Siviglia&#8221;, &#8220;Don Pasquale&#8221; e molto altro. Intrecciati con questi titoli famosi, conosciuti\u00a0ed apprezzati in tutto il mondo, il pubblico potr\u00e0 ascoltare passaggi dall&#8217;opera lirica in lingua ladina &#8220;Aneta&#8221;, composta da Claudio Vadagnini su libretto di Fabio Chiocchetti. Anet\u00e0 \u00e8 un racconto lirico che non solo valorizza la lingua ladina, ma la cultura ladina in generale, perch\u00e9 la trama \u00e8 radicata fortemente nelle leggende ladine e nella storia di questa minoranza etnica.<\/p>\n<p>L&#8217;ascolto dei brani in programma sar\u00e0 aiutata da coinvolgenti presentazioni che porteranno il pubblico a porre l\u2019attenzione anche a elementi musicali arricchendo cos\u00ec la propria conoscenza personale.<\/p>\n<p><em>Ringraziamo di cuore l&#8217;Associazione Aurona per l&#8217;entusiasmo e per la collaborazione (per informazioni, <a href=\"https:\/\/aurona.eu\/portfolio-articoli\/lingue-incantate-moena\/\" target=\"_blank\" rel=\"noopener\">cliccate qui<\/a>), e i partners organizzativi per l&#8217;invito all&#8217;importante occasione:<\/em><\/p>\n<p><em><strong>Comune di Moena &#8211; <a href=\"https:\/\/www.ladinsdefascia.it\" target=\"_blank\" rel=\"noopener\">Union di Ladins de Fascia<\/a> &#8211; Grop Ladin de Moena<\/strong><\/em><\/p>\n<p>&nbsp;<\/p>\n<p>&nbsp;<\/p>\n<p>&nbsp;<\/p>\n","protected":false},"excerpt":{"rendered":"<p>Sabato 4 Novembre 2023, ore 21 | Aula Magna del Polo Scolastica, Moena \u00a0|\u00a0 INGRESSO LIBERO Victoria Burneo Sanchez, soprano Oda Zoe Hochscheid, mezzosoprano Walter Franceschini, baritono Claudio Vadagnini, pianoforte&#8230; <\/p>\n<div class=\"clear\"><\/div>\n<p><a href=\"https:\/\/www.musedolomiti.it\/en\/evento\/lingue-incantate\/\" class=\"gdlr-button with-border excerpt-read-more\">Read More<\/a><\/p>\n","protected":false},"author":2,"featured_media":6264,"template":"","meta":{"_acf_changed":false,"_tribe_events_status":"","_tribe_events_status_reason":"","footnotes":""},"tags":[],"tribe_events_cat":[77],"class_list":["post-6263","tribe_events","type-tribe_events","status-publish","has-post-thumbnail","hentry","tribe_events_cat-xi-edizione-2023","cat_xi-edizione-2023"],"acf":[],"yoast_head":"<!-- This site is optimized with the Yoast SEO plugin v27.1.1 - https:\/\/yoast.com\/product\/yoast-seo-wordpress\/ -->\n<title>Lingue InCantate - Le Muse e le Dolomiti<\/title>\n<meta name=\"description\" content=\"Scopri tutti gli eventi di Musica Classica organizzati dall&#039;Associazione &quot;Le Muse e le Dolomiti&quot;.\" \/>\n<meta name=\"robots\" content=\"index, follow, max-snippet:-1, max-image-preview:large, max-video-preview:-1\" \/>\n<link rel=\"canonical\" href=\"https:\/\/www.musedolomiti.it\/evento\/lingue-incantate\/\" \/>\n<meta property=\"og:locale\" content=\"en_US\" \/>\n<meta property=\"og:type\" content=\"article\" \/>\n<meta property=\"og:title\" content=\"Lingue InCantate - Le Muse e le Dolomiti\" \/>\n<meta property=\"og:description\" content=\"Scopri tutti gli eventi di Musica Classica organizzati dall&#039;Associazione &quot;Le Muse e le Dolomiti&quot;.\" \/>\n<meta property=\"og:url\" content=\"https:\/\/www.musedolomiti.it\/evento\/lingue-incantate\/\" \/>\n<meta property=\"og:site_name\" content=\"Le Muse e le Dolomiti\" \/>\n<meta property=\"article:publisher\" content=\"https:\/\/it-it.facebook.com\/musedolomiti\/\" \/>\n<meta property=\"article:modified_time\" content=\"2023-10-24T17:23:09+00:00\" \/>\n<meta property=\"og:image\" content=\"https:\/\/www.musedolomiti.it\/wp-content\/uploads\/2023\/10\/1500x100px_lingue-incantate.jpg\" \/>\n\t<meta property=\"og:image:width\" content=\"1500\" \/>\n\t<meta property=\"og:image:height\" content=\"1000\" \/>\n\t<meta property=\"og:image:type\" content=\"image\/jpeg\" \/>\n<meta name=\"twitter:card\" content=\"summary_large_image\" \/>\n<meta name=\"twitter:label1\" content=\"Est. reading time\" \/>\n\t<meta name=\"twitter:data1\" content=\"2 minutes\" \/>\n<script type=\"application\/ld+json\" class=\"yoast-schema-graph\">{\"@context\":\"https:\/\/schema.org\",\"@graph\":[{\"@type\":\"WebPage\",\"@id\":\"https:\/\/www.musedolomiti.it\/evento\/lingue-incantate\/\",\"url\":\"https:\/\/www.musedolomiti.it\/evento\/lingue-incantate\/\",\"name\":\"Lingue InCantate - Le Muse e le Dolomiti\",\"isPartOf\":{\"@id\":\"https:\/\/www.musedolomiti.it\/en\/#website\"},\"primaryImageOfPage\":{\"@id\":\"https:\/\/www.musedolomiti.it\/evento\/lingue-incantate\/#primaryimage\"},\"image\":{\"@id\":\"https:\/\/www.musedolomiti.it\/evento\/lingue-incantate\/#primaryimage\"},\"thumbnailUrl\":\"https:\/\/www.musedolomiti.it\/wp-content\/uploads\/2023\/10\/1500x100px_lingue-incantate.jpg\",\"datePublished\":\"2023-10-24T13:54:39+00:00\",\"dateModified\":\"2023-10-24T17:23:09+00:00\",\"description\":\"Scopri tutti gli eventi di Musica Classica organizzati dall'Associazione \\\"Le Muse e le Dolomiti\\\".\",\"breadcrumb\":{\"@id\":\"https:\/\/www.musedolomiti.it\/evento\/lingue-incantate\/#breadcrumb\"},\"inLanguage\":\"en-US\",\"potentialAction\":[{\"@type\":\"ReadAction\",\"target\":[\"https:\/\/www.musedolomiti.it\/evento\/lingue-incantate\/\"]}]},{\"@type\":\"ImageObject\",\"inLanguage\":\"en-US\",\"@id\":\"https:\/\/www.musedolomiti.it\/evento\/lingue-incantate\/#primaryimage\",\"url\":\"https:\/\/www.musedolomiti.it\/wp-content\/uploads\/2023\/10\/1500x100px_lingue-incantate.jpg\",\"contentUrl\":\"https:\/\/www.musedolomiti.it\/wp-content\/uploads\/2023\/10\/1500x100px_lingue-incantate.jpg\",\"width\":1500,\"height\":1000},{\"@type\":\"BreadcrumbList\",\"@id\":\"https:\/\/www.musedolomiti.it\/evento\/lingue-incantate\/#breadcrumb\",\"itemListElement\":[{\"@type\":\"ListItem\",\"position\":1,\"name\":\"Home\",\"item\":\"https:\/\/www.musedolomiti.it\/en\/\"},{\"@type\":\"ListItem\",\"position\":2,\"name\":\"Eventi\",\"item\":\"https:\/\/www.musedolomiti.it\/calendario\/\"},{\"@type\":\"ListItem\",\"position\":3,\"name\":\"Lingue InCantate\"}]},{\"@type\":\"WebSite\",\"@id\":\"https:\/\/www.musedolomiti.it\/en\/#website\",\"url\":\"https:\/\/www.musedolomiti.it\/en\/\",\"name\":\"Le Muse e le Dolomiti\",\"description\":\"Da Nord a Sud, da Est a Ovest, la Musica e il Belcanto uniscono il mondo.\",\"potentialAction\":[{\"@type\":\"SearchAction\",\"target\":{\"@type\":\"EntryPoint\",\"urlTemplate\":\"https:\/\/www.musedolomiti.it\/en\/?s={search_term_string}\"},\"query-input\":{\"@type\":\"PropertyValueSpecification\",\"valueRequired\":true,\"valueName\":\"search_term_string\"}}],\"inLanguage\":\"en-US\"}]}<\/script>\n<!-- \/ Yoast SEO plugin. -->","yoast_head_json":{"title":"Lingue InCantate - Le Muse e le Dolomiti","description":"Scopri tutti gli eventi di Musica Classica organizzati dall'Associazione \"Le Muse e le Dolomiti\".","robots":{"index":"index","follow":"follow","max-snippet":"max-snippet:-1","max-image-preview":"max-image-preview:large","max-video-preview":"max-video-preview:-1"},"canonical":"https:\/\/www.musedolomiti.it\/evento\/lingue-incantate\/","og_locale":"en_US","og_type":"article","og_title":"Lingue InCantate - Le Muse e le Dolomiti","og_description":"Scopri tutti gli eventi di Musica Classica organizzati dall'Associazione \"Le Muse e le Dolomiti\".","og_url":"https:\/\/www.musedolomiti.it\/evento\/lingue-incantate\/","og_site_name":"Le Muse e le Dolomiti","article_publisher":"https:\/\/it-it.facebook.com\/musedolomiti\/","article_modified_time":"2023-10-24T17:23:09+00:00","og_image":[{"width":1500,"height":1000,"url":"https:\/\/www.musedolomiti.it\/wp-content\/uploads\/2023\/10\/1500x100px_lingue-incantate.jpg","type":"image\/jpeg"}],"twitter_card":"summary_large_image","twitter_misc":{"Est. reading time":"2 minutes"},"schema":{"@context":"https:\/\/schema.org","@graph":[{"@type":"WebPage","@id":"https:\/\/www.musedolomiti.it\/evento\/lingue-incantate\/","url":"https:\/\/www.musedolomiti.it\/evento\/lingue-incantate\/","name":"Lingue InCantate - Le Muse e le Dolomiti","isPartOf":{"@id":"https:\/\/www.musedolomiti.it\/en\/#website"},"primaryImageOfPage":{"@id":"https:\/\/www.musedolomiti.it\/evento\/lingue-incantate\/#primaryimage"},"image":{"@id":"https:\/\/www.musedolomiti.it\/evento\/lingue-incantate\/#primaryimage"},"thumbnailUrl":"https:\/\/www.musedolomiti.it\/wp-content\/uploads\/2023\/10\/1500x100px_lingue-incantate.jpg","datePublished":"2023-10-24T13:54:39+00:00","dateModified":"2023-10-24T17:23:09+00:00","description":"Scopri tutti gli eventi di Musica Classica organizzati dall'Associazione \"Le Muse e le Dolomiti\".","breadcrumb":{"@id":"https:\/\/www.musedolomiti.it\/evento\/lingue-incantate\/#breadcrumb"},"inLanguage":"en-US","potentialAction":[{"@type":"ReadAction","target":["https:\/\/www.musedolomiti.it\/evento\/lingue-incantate\/"]}]},{"@type":"ImageObject","inLanguage":"en-US","@id":"https:\/\/www.musedolomiti.it\/evento\/lingue-incantate\/#primaryimage","url":"https:\/\/www.musedolomiti.it\/wp-content\/uploads\/2023\/10\/1500x100px_lingue-incantate.jpg","contentUrl":"https:\/\/www.musedolomiti.it\/wp-content\/uploads\/2023\/10\/1500x100px_lingue-incantate.jpg","width":1500,"height":1000},{"@type":"BreadcrumbList","@id":"https:\/\/www.musedolomiti.it\/evento\/lingue-incantate\/#breadcrumb","itemListElement":[{"@type":"ListItem","position":1,"name":"Home","item":"https:\/\/www.musedolomiti.it\/en\/"},{"@type":"ListItem","position":2,"name":"Eventi","item":"https:\/\/www.musedolomiti.it\/calendario\/"},{"@type":"ListItem","position":3,"name":"Lingue InCantate"}]},{"@type":"WebSite","@id":"https:\/\/www.musedolomiti.it\/en\/#website","url":"https:\/\/www.musedolomiti.it\/en\/","name":"Le Muse e le Dolomiti","description":"Da Nord a Sud, da Est a Ovest, la Musica e il Belcanto uniscono il mondo.","potentialAction":[{"@type":"SearchAction","target":{"@type":"EntryPoint","urlTemplate":"https:\/\/www.musedolomiti.it\/en\/?s={search_term_string}"},"query-input":{"@type":"PropertyValueSpecification","valueRequired":true,"valueName":"search_term_string"}}],"inLanguage":"en-US"}]}},"_links":{"self":[{"href":"https:\/\/www.musedolomiti.it\/en\/wp-json\/wp\/v2\/tribe_events\/6263","targetHints":{"allow":["GET"]}}],"collection":[{"href":"https:\/\/www.musedolomiti.it\/en\/wp-json\/wp\/v2\/tribe_events"}],"about":[{"href":"https:\/\/www.musedolomiti.it\/en\/wp-json\/wp\/v2\/types\/tribe_events"}],"author":[{"embeddable":true,"href":"https:\/\/www.musedolomiti.it\/en\/wp-json\/wp\/v2\/users\/2"}],"version-history":[{"count":8,"href":"https:\/\/www.musedolomiti.it\/en\/wp-json\/wp\/v2\/tribe_events\/6263\/revisions"}],"predecessor-version":[{"id":6275,"href":"https:\/\/www.musedolomiti.it\/en\/wp-json\/wp\/v2\/tribe_events\/6263\/revisions\/6275"}],"wp:featuredmedia":[{"embeddable":true,"href":"https:\/\/www.musedolomiti.it\/en\/wp-json\/wp\/v2\/media\/6264"}],"wp:attachment":[{"href":"https:\/\/www.musedolomiti.it\/en\/wp-json\/wp\/v2\/media?parent=6263"}],"wp:term":[{"taxonomy":"post_tag","embeddable":true,"href":"https:\/\/www.musedolomiti.it\/en\/wp-json\/wp\/v2\/tags?post=6263"},{"taxonomy":"tribe_events_cat","embeddable":true,"href":"https:\/\/www.musedolomiti.it\/en\/wp-json\/wp\/v2\/tribe_events_cat?post=6263"}],"curies":[{"name":"wp","href":"https:\/\/api.w.org\/{rel}","templated":true}]}}

<h5 class="p1"><span class="s1">Sabato 4 Novembre 2023, ore 21 | Aula Magna del Polo Scolastica, Moena  |<span class="Apple-converted-space">  </span>INGRESSO LIBERO</span></h5>
<hr />
<h2>Victoria Burneo Sanchez, soprano<br />
Oda Zoe Hochscheid, mezzosoprano<br />
Walter Franceschini, baritono<br />
Claudio Vadagnini, pianoforte</h2>
<p>Questo concerto è il frutto di una nuova e bellissima collaborazione con l&#8217;Associazione moenese &#8220;Aurona&#8221;, che da parecchi anni è conosciuta nelle Province di Trento, Bolzano e oltre per la sua orchestra sinfonica diretta dal Maestro Claudio Vadagnini e per i loro progetti coinvolgenti.</p>
<p>In occasione dei 60 anni dalla fondazione del &#8220;Grop Ladin de Moena&#8221; e su invito dell&#8217;Unione Ladina di Fassa e del Comune di Moena, le Associazioni Aurona e Le Muse e le Dolomiti propongono insieme un recital operistico particolare, da non mancare!<br />
Saranno eseguite arie e duetti del grande repertorio lirico: passaggi da titoli come &#8220;La Traviata&#8221;, &#8220;Il Barbiere di Siviglia&#8221;, &#8220;Don Pasquale&#8221; e molto altro. Intrecciati con questi titoli famosi, conosciuti ed apprezzati in tutto il mondo, il pubblico potrà ascoltare passaggi dall&#8217;opera lirica in lingua ladina &#8220;Aneta&#8221;, composta da Claudio Vadagnini su libretto di Fabio Chiocchetti. Anetà è un racconto lirico che non solo valorizza la lingua ladina, ma la cultura ladina in generale, perché la trama è radicata fortemente nelle leggende ladine e nella storia di questa minoranza etnica.</p>
<p>L&#8217;ascolto dei brani in programma sarà aiutata da coinvolgenti presentazioni che porteranno il pubblico a porre l’attenzione anche a elementi musicali arricchendo così la propria conoscenza personale.</p>
<p><em>Ringraziamo di cuore l&#8217;Associazione Aurona per l&#8217;entusiasmo e per la collaborazione (per informazioni, <a href="https://aurona.eu/portfolio-articoli/lingue-incantate-moena/" target="_blank" rel="noopener">cliccate qui</a>), e i partners organizzativi per l&#8217;invito all&#8217;importante occasione:</em></p>
<p><em><strong>Comune di Moena &#8211; <a href="https://www.ladinsdefascia.it" target="_blank" rel="noopener">Union di Ladins de Fascia</a> &#8211; Grop Ladin de Moena</strong></em></p>
<p>&nbsp;</p>
<p>&nbsp;</p>
<p>&nbsp;</p>
