{"id":6419,"date":"2024-05-28T18:49:18","date_gmt":"2024-05-28T16:49:18","guid":{"rendered":"https:\/\/www.musedolomiti.it\/?post_type=tribe_events&#038;p=6419"},"modified":"2024-07-16T11:57:14","modified_gmt":"2024-07-16T09:57:14","slug":"allegria","status":"publish","type":"tribe_events","link":"https:\/\/www.musedolomiti.it\/en\/evento\/allegria\/","title":{"rendered":"ALLEGRIA!"},"content":{"rendered":"<h5 class=\"p1\"><span class=\"s1\">Venerd\u00ec 2 Agosto 2024, ore 21 | Teatro Navalge di Moena \u00a0|<span class=\"Apple-converted-space\">\u00a0 <\/span>INGRESSO LIBERO<\/span><\/h5>\n<hr \/>\n<h4>BUS NAVETTA!<br \/>\nE&#8217; attivo il servizio &#8220;Navetta Teatro&#8221; andata e ritorno da Falcade al prezzo di 5 euro a persona.<br \/>\nInfo in fondo a questa pagina web.<\/h4>\n<hr \/>\n<p><em><strong>Spettacolo latino americano per tutte le et\u00e0!<\/strong><\/em><\/p>\n<p><strong>TRIO GALANTES:<\/strong><\/p>\n<p><strong>AUGUSTO VALEN\u00c7A, voce<br \/>\nALVARO PINTO LYON, voce e chitarre<br \/>\nHUMBERTO ALBORES MARTINEZ, voce e chitarre<\/strong><\/p>\n<p><strong>Studenti della SCUOLA INTERREGIONALE DI CANTO E TEATRO per voci bianche e giovanili<\/strong><\/p>\n<p><strong>Preparazione voci bianche e direzione artistica \u00a0| \u00a0ODA ZOE HOCHSCHEID<br \/>\n<\/strong><strong>Regia \u00a0| \u00a0 GIACOMO GAMBA<\/strong><br \/>\n<strong>Luci e Audio | \u00a0ZANNA BROS<\/strong><\/p>\n<hr \/>\n<p>Vi proponiamo uno spettacolo di un&#8217;ora senza pausa, dedicato alla musica latino americana:\u00a0un\u2019ondata garantita di<br \/>\ndivertimento, energia e ritmo!<\/p>\n<p>Gi\u00e0 ospiti della decima edizione &#8220;Le Muse e le Dolomiti&#8221; e a grande richiesta tornano i musicisti del Trio Galantes. Di base ad Amsterdam, il\u00a0trio \u00e8 composto da musicisti di preparazione classica; Alvaro \u00e8 cileno, Humberto messicano e Augusto \u00e8 originario del Brasile. Ci proporranno musiche romantiche latino-americane degli anni \u201940 e \u201950, con stili originali e <i>fusion<\/i> che includono bolero, copla, huapango, tango, bossa nova e ballada.<\/p>\n<p><strong>Ma non solo!<\/strong><\/p>\n<p>Le Muse e le Dolomiti hanno lanciato nell&#8217;autunno del 2021 una &#8220;Scuola Interregionale di Canto e Teatro&#8221; per voci bianche e giovanili dai 6 anni in poi. Un progetto con forte scopo sociale: la scuola unisce studenti di una vasta zona interregionale di vallate dolomitiche, non sempre connesse tra loro, tramite la formazione artistica. Stasera vedrete e sentirete tutti gli studenti della scuola sul palco, a fianco del Trio Galantes: i livelli &#8220;Robin junior&#8221; e &#8220;Robin 1&#8221; (da 6 a 13 anni), il livello Robin 2 (da 9 a 14 anni) e i ragazzi del livello giovanile maschile (dai 13 ai 18 anni). I bambini e ragazzi canteranno musiche classiche ed etniche provenienti da un gran numero di paesi latino americani.<\/p>\n<p>La forma scenica dello spettacolo sar\u00e0 in mano al regista Giacomo Gamba:\u00a0creativo \u00e8 attore, scrittore, drammaturgo e regista teatrale affermato a livello internazionale. \u00a0Per approfondimenti si prega di <a href=\"https:\/\/giacomogamba.it\" target=\"_blank\" rel=\"noopener\">cliccare qui.<\/a><\/p>\n<p><strong>Una serata coinvolgente, multicolore, unica &#8230; e adatta a tutte le et\u00e0!!<\/strong><\/p>\n<p><em>Lo spettacolo \u00e8 realizzato in collaborazione con\u00a0i Comuni di Moena e Falcade, con Moena Eventi e con PromoFalcade, ai quali va il nostro sentito ringraziamento.<\/em><\/p>\n<hr \/>\n<h4>NAVETTA TEATRO PER CHI ARRIVA DAL BELLUNESE<\/h4>\n<p>Il Teatro Navalge, teatro di riferimento per una vasta zona dolomitica interregionale, \u00e8 facilmente raggiungibile da Falcade con il servizio bus navetta.<\/p>\n<p><strong>Partenza alle ore 19:45 da Piazza Municipio a Falcade, costo 5 euro a persona. <\/strong><\/p>\n<p>Evita la ricerca di un posteggio macchina a Moena in pieno periodo turistico e prenota subito!<\/p>\n<p><strong>La prenotazione \u00e8 obbligatoria e possibile fino alle ore 12 del 2 agosto 2024.\u00a0<\/strong><br \/>\n<strong>Whatsapp +39 340 230 5439<\/strong><br \/>\n<strong>Mail ufficio@musedolomiti.it<\/strong><\/p>\n","protected":false},"excerpt":{"rendered":"<p>Venerd\u00ec 2 Agosto 2024, ore 21 | Teatro Navalge di Moena \u00a0|\u00a0 INGRESSO LIBERO BUS NAVETTA! E&#8217; attivo il servizio &#8220;Navetta Teatro&#8221; andata e ritorno da Falcade al prezzo di&#8230; <\/p>\n<div class=\"clear\"><\/div>\n<p><a href=\"https:\/\/www.musedolomiti.it\/en\/evento\/allegria\/\" class=\"gdlr-button with-border excerpt-read-more\">Read More<\/a><\/p>\n","protected":false},"author":2,"featured_media":6420,"template":"","meta":{"_acf_changed":false,"_tribe_events_status":"","_tribe_events_status_reason":"","footnotes":""},"tags":[],"tribe_events_cat":[78],"class_list":["post-6419","tribe_events","type-tribe_events","status-publish","has-post-thumbnail","hentry","tribe_events_cat-xii-edizione-2024","cat_xii-edizione-2024"],"acf":[],"yoast_head":"<!-- This site is optimized with the Yoast SEO plugin v27.1.1 - https:\/\/yoast.com\/product\/yoast-seo-wordpress\/ -->\n<title>ALLEGRIA! - Le Muse e le Dolomiti<\/title>\n<meta name=\"description\" content=\"Scopri tutti gli eventi di Musica Classica organizzati dall&#039;Associazione &quot;Le Muse e le Dolomiti&quot;.\" \/>\n<meta name=\"robots\" content=\"index, follow, max-snippet:-1, max-image-preview:large, max-video-preview:-1\" \/>\n<link rel=\"canonical\" href=\"https:\/\/www.musedolomiti.it\/evento\/allegria\/\" \/>\n<meta property=\"og:locale\" content=\"en_US\" \/>\n<meta property=\"og:type\" content=\"article\" \/>\n<meta property=\"og:title\" content=\"ALLEGRIA! - Le Muse e le Dolomiti\" \/>\n<meta property=\"og:description\" content=\"Scopri tutti gli eventi di Musica Classica organizzati dall&#039;Associazione &quot;Le Muse e le Dolomiti&quot;.\" \/>\n<meta property=\"og:url\" content=\"https:\/\/www.musedolomiti.it\/evento\/allegria\/\" \/>\n<meta property=\"og:site_name\" content=\"Le Muse e le Dolomiti\" \/>\n<meta property=\"article:publisher\" content=\"https:\/\/it-it.facebook.com\/musedolomiti\/\" \/>\n<meta property=\"article:modified_time\" content=\"2024-07-16T09:57:14+00:00\" \/>\n<meta property=\"og:image\" content=\"https:\/\/www.musedolomiti.it\/wp-content\/uploads\/2024\/05\/1500x100px_Allegria.jpg\" \/>\n\t<meta property=\"og:image:width\" content=\"1500\" \/>\n\t<meta property=\"og:image:height\" content=\"1000\" \/>\n\t<meta property=\"og:image:type\" content=\"image\/jpeg\" \/>\n<meta name=\"twitter:card\" content=\"summary_large_image\" \/>\n<meta name=\"twitter:label1\" content=\"Est. reading time\" \/>\n\t<meta name=\"twitter:data1\" content=\"4 minutes\" \/>\n<script type=\"application\/ld+json\" class=\"yoast-schema-graph\">{\"@context\":\"https:\/\/schema.org\",\"@graph\":[{\"@type\":\"WebPage\",\"@id\":\"https:\/\/www.musedolomiti.it\/evento\/allegria\/\",\"url\":\"https:\/\/www.musedolomiti.it\/evento\/allegria\/\",\"name\":\"ALLEGRIA! - Le Muse e le Dolomiti\",\"isPartOf\":{\"@id\":\"https:\/\/www.musedolomiti.it\/en\/#website\"},\"primaryImageOfPage\":{\"@id\":\"https:\/\/www.musedolomiti.it\/evento\/allegria\/#primaryimage\"},\"image\":{\"@id\":\"https:\/\/www.musedolomiti.it\/evento\/allegria\/#primaryimage\"},\"thumbnailUrl\":\"https:\/\/www.musedolomiti.it\/wp-content\/uploads\/2024\/05\/1500x100px_Allegria.jpg\",\"datePublished\":\"2024-05-28T16:49:18+00:00\",\"dateModified\":\"2024-07-16T09:57:14+00:00\",\"description\":\"Scopri tutti gli eventi di Musica Classica organizzati dall'Associazione \\\"Le Muse e le Dolomiti\\\".\",\"breadcrumb\":{\"@id\":\"https:\/\/www.musedolomiti.it\/evento\/allegria\/#breadcrumb\"},\"inLanguage\":\"en-US\",\"potentialAction\":[{\"@type\":\"ReadAction\",\"target\":[\"https:\/\/www.musedolomiti.it\/evento\/allegria\/\"]}]},{\"@type\":\"ImageObject\",\"inLanguage\":\"en-US\",\"@id\":\"https:\/\/www.musedolomiti.it\/evento\/allegria\/#primaryimage\",\"url\":\"https:\/\/www.musedolomiti.it\/wp-content\/uploads\/2024\/05\/1500x100px_Allegria.jpg\",\"contentUrl\":\"https:\/\/www.musedolomiti.it\/wp-content\/uploads\/2024\/05\/1500x100px_Allegria.jpg\",\"width\":1500,\"height\":1000},{\"@type\":\"BreadcrumbList\",\"@id\":\"https:\/\/www.musedolomiti.it\/evento\/allegria\/#breadcrumb\",\"itemListElement\":[{\"@type\":\"ListItem\",\"position\":1,\"name\":\"Home\",\"item\":\"https:\/\/www.musedolomiti.it\/en\/\"},{\"@type\":\"ListItem\",\"position\":2,\"name\":\"Eventi\",\"item\":\"https:\/\/www.musedolomiti.it\/calendario\/\"},{\"@type\":\"ListItem\",\"position\":3,\"name\":\"ALLEGRIA!\"}]},{\"@type\":\"WebSite\",\"@id\":\"https:\/\/www.musedolomiti.it\/en\/#website\",\"url\":\"https:\/\/www.musedolomiti.it\/en\/\",\"name\":\"Le Muse e le Dolomiti\",\"description\":\"Da Nord a Sud, da Est a Ovest, la Musica e il Belcanto uniscono il mondo.\",\"potentialAction\":[{\"@type\":\"SearchAction\",\"target\":{\"@type\":\"EntryPoint\",\"urlTemplate\":\"https:\/\/www.musedolomiti.it\/en\/?s={search_term_string}\"},\"query-input\":{\"@type\":\"PropertyValueSpecification\",\"valueRequired\":true,\"valueName\":\"search_term_string\"}}],\"inLanguage\":\"en-US\"}]}<\/script>\n<!-- \/ Yoast SEO plugin. -->","yoast_head_json":{"title":"ALLEGRIA! - Le Muse e le Dolomiti","description":"Scopri tutti gli eventi di Musica Classica organizzati dall'Associazione \"Le Muse e le Dolomiti\".","robots":{"index":"index","follow":"follow","max-snippet":"max-snippet:-1","max-image-preview":"max-image-preview:large","max-video-preview":"max-video-preview:-1"},"canonical":"https:\/\/www.musedolomiti.it\/evento\/allegria\/","og_locale":"en_US","og_type":"article","og_title":"ALLEGRIA! - Le Muse e le Dolomiti","og_description":"Scopri tutti gli eventi di Musica Classica organizzati dall'Associazione \"Le Muse e le Dolomiti\".","og_url":"https:\/\/www.musedolomiti.it\/evento\/allegria\/","og_site_name":"Le Muse e le Dolomiti","article_publisher":"https:\/\/it-it.facebook.com\/musedolomiti\/","article_modified_time":"2024-07-16T09:57:14+00:00","og_image":[{"width":1500,"height":1000,"url":"https:\/\/www.musedolomiti.it\/wp-content\/uploads\/2024\/05\/1500x100px_Allegria.jpg","type":"image\/jpeg"}],"twitter_card":"summary_large_image","twitter_misc":{"Est. reading time":"4 minutes"},"schema":{"@context":"https:\/\/schema.org","@graph":[{"@type":"WebPage","@id":"https:\/\/www.musedolomiti.it\/evento\/allegria\/","url":"https:\/\/www.musedolomiti.it\/evento\/allegria\/","name":"ALLEGRIA! - Le Muse e le Dolomiti","isPartOf":{"@id":"https:\/\/www.musedolomiti.it\/en\/#website"},"primaryImageOfPage":{"@id":"https:\/\/www.musedolomiti.it\/evento\/allegria\/#primaryimage"},"image":{"@id":"https:\/\/www.musedolomiti.it\/evento\/allegria\/#primaryimage"},"thumbnailUrl":"https:\/\/www.musedolomiti.it\/wp-content\/uploads\/2024\/05\/1500x100px_Allegria.jpg","datePublished":"2024-05-28T16:49:18+00:00","dateModified":"2024-07-16T09:57:14+00:00","description":"Scopri tutti gli eventi di Musica Classica organizzati dall'Associazione \"Le Muse e le Dolomiti\".","breadcrumb":{"@id":"https:\/\/www.musedolomiti.it\/evento\/allegria\/#breadcrumb"},"inLanguage":"en-US","potentialAction":[{"@type":"ReadAction","target":["https:\/\/www.musedolomiti.it\/evento\/allegria\/"]}]},{"@type":"ImageObject","inLanguage":"en-US","@id":"https:\/\/www.musedolomiti.it\/evento\/allegria\/#primaryimage","url":"https:\/\/www.musedolomiti.it\/wp-content\/uploads\/2024\/05\/1500x100px_Allegria.jpg","contentUrl":"https:\/\/www.musedolomiti.it\/wp-content\/uploads\/2024\/05\/1500x100px_Allegria.jpg","width":1500,"height":1000},{"@type":"BreadcrumbList","@id":"https:\/\/www.musedolomiti.it\/evento\/allegria\/#breadcrumb","itemListElement":[{"@type":"ListItem","position":1,"name":"Home","item":"https:\/\/www.musedolomiti.it\/en\/"},{"@type":"ListItem","position":2,"name":"Eventi","item":"https:\/\/www.musedolomiti.it\/calendario\/"},{"@type":"ListItem","position":3,"name":"ALLEGRIA!"}]},{"@type":"WebSite","@id":"https:\/\/www.musedolomiti.it\/en\/#website","url":"https:\/\/www.musedolomiti.it\/en\/","name":"Le Muse e le Dolomiti","description":"Da Nord a Sud, da Est a Ovest, la Musica e il Belcanto uniscono il mondo.","potentialAction":[{"@type":"SearchAction","target":{"@type":"EntryPoint","urlTemplate":"https:\/\/www.musedolomiti.it\/en\/?s={search_term_string}"},"query-input":{"@type":"PropertyValueSpecification","valueRequired":true,"valueName":"search_term_string"}}],"inLanguage":"en-US"}]}},"_links":{"self":[{"href":"https:\/\/www.musedolomiti.it\/en\/wp-json\/wp\/v2\/tribe_events\/6419","targetHints":{"allow":["GET"]}}],"collection":[{"href":"https:\/\/www.musedolomiti.it\/en\/wp-json\/wp\/v2\/tribe_events"}],"about":[{"href":"https:\/\/www.musedolomiti.it\/en\/wp-json\/wp\/v2\/types\/tribe_events"}],"author":[{"embeddable":true,"href":"https:\/\/www.musedolomiti.it\/en\/wp-json\/wp\/v2\/users\/2"}],"version-history":[{"count":10,"href":"https:\/\/www.musedolomiti.it\/en\/wp-json\/wp\/v2\/tribe_events\/6419\/revisions"}],"predecessor-version":[{"id":6526,"href":"https:\/\/www.musedolomiti.it\/en\/wp-json\/wp\/v2\/tribe_events\/6419\/revisions\/6526"}],"wp:featuredmedia":[{"embeddable":true,"href":"https:\/\/www.musedolomiti.it\/en\/wp-json\/wp\/v2\/media\/6420"}],"wp:attachment":[{"href":"https:\/\/www.musedolomiti.it\/en\/wp-json\/wp\/v2\/media?parent=6419"}],"wp:term":[{"taxonomy":"post_tag","embeddable":true,"href":"https:\/\/www.musedolomiti.it\/en\/wp-json\/wp\/v2\/tags?post=6419"},{"taxonomy":"tribe_events_cat","embeddable":true,"href":"https:\/\/www.musedolomiti.it\/en\/wp-json\/wp\/v2\/tribe_events_cat?post=6419"}],"curies":[{"name":"wp","href":"https:\/\/api.w.org\/{rel}","templated":true}]}}

<h5 class="p1"><span class="s1">Venerdì 2 Agosto 2024, ore 21 | Teatro Navalge di Moena  |<span class="Apple-converted-space">  </span>INGRESSO LIBERO</span></h5>
<hr />
<h4>BUS NAVETTA!<br />
E&#8217; attivo il servizio &#8220;Navetta Teatro&#8221; andata e ritorno da Falcade al prezzo di 5 euro a persona.<br />
Info in fondo a questa pagina web.</h4>
<hr />
<p><em><strong>Spettacolo latino americano per tutte le età!</strong></em></p>
<p><strong>TRIO GALANTES:</strong></p>
<p><strong>AUGUSTO VALENÇA, voce<br />
ALVARO PINTO LYON, voce e chitarre<br />
HUMBERTO ALBORES MARTINEZ, voce e chitarre</strong></p>
<p><strong>Studenti della SCUOLA INTERREGIONALE DI CANTO E TEATRO per voci bianche e giovanili</strong></p>
<p><strong>Preparazione voci bianche e direzione artistica  |  ODA ZOE HOCHSCHEID<br />
</strong><strong>Regia  |   GIACOMO GAMBA</strong><br />
<strong>Luci e Audio |  ZANNA BROS</strong></p>
<hr />
<p>Vi proponiamo uno spettacolo di un&#8217;ora senza pausa, dedicato alla musica latino americana: un’ondata garantita di<br />
divertimento, energia e ritmo!</p>
<p>Già ospiti della decima edizione &#8220;Le Muse e le Dolomiti&#8221; e a grande richiesta tornano i musicisti del Trio Galantes. Di base ad Amsterdam, il trio è composto da musicisti di preparazione classica; Alvaro è cileno, Humberto messicano e Augusto è originario del Brasile. Ci proporranno musiche romantiche latino-americane degli anni ’40 e ’50, con stili originali e <i>fusion</i> che includono bolero, copla, huapango, tango, bossa nova e ballada.</p>
<p><strong>Ma non solo!</strong></p>
<p>Le Muse e le Dolomiti hanno lanciato nell&#8217;autunno del 2021 una &#8220;Scuola Interregionale di Canto e Teatro&#8221; per voci bianche e giovanili dai 6 anni in poi. Un progetto con forte scopo sociale: la scuola unisce studenti di una vasta zona interregionale di vallate dolomitiche, non sempre connesse tra loro, tramite la formazione artistica. Stasera vedrete e sentirete tutti gli studenti della scuola sul palco, a fianco del Trio Galantes: i livelli &#8220;Robin junior&#8221; e &#8220;Robin 1&#8221; (da 6 a 13 anni), il livello Robin 2 (da 9 a 14 anni) e i ragazzi del livello giovanile maschile (dai 13 ai 18 anni). I bambini e ragazzi canteranno musiche classiche ed etniche provenienti da un gran numero di paesi latino americani.</p>
<p>La forma scenica dello spettacolo sarà in mano al regista Giacomo Gamba: creativo è attore, scrittore, drammaturgo e regista teatrale affermato a livello internazionale.  Per approfondimenti si prega di <a href="https://giacomogamba.it" target="_blank" rel="noopener">cliccare qui.</a></p>
<p><strong>Una serata coinvolgente, multicolore, unica &#8230; e adatta a tutte le età!!</strong></p>
<p><em>Lo spettacolo è realizzato in collaborazione con i Comuni di Moena e Falcade, con Moena Eventi e con PromoFalcade, ai quali va il nostro sentito ringraziamento.</em></p>
<hr />
<h4>NAVETTA TEATRO PER CHI ARRIVA DAL BELLUNESE</h4>
<p>Il Teatro Navalge, teatro di riferimento per una vasta zona dolomitica interregionale, è facilmente raggiungibile da Falcade con il servizio bus navetta.</p>
<p><strong>Partenza alle ore 19:45 da Piazza Municipio a Falcade, costo 5 euro a persona. </strong></p>
<p>Evita la ricerca di un posteggio macchina a Moena in pieno periodo turistico e prenota subito!</p>
<p><strong>La prenotazione è obbligatoria e possibile fino alle ore 12 del 2 agosto 2024. </strong><br />
<strong>Whatsapp +39 340 230 5439</strong><br />
<strong>Mail ufficio@musedolomiti.it</strong></p>

<p>Venerdì 2 Agosto 2024, ore 21 | Teatro Navalge di Moena  |  INGRESSO LIBERO BUS NAVETTA! E&#8217; attivo il servizio &#8220;Navetta Teatro&#8221; andata e ritorno da Falcade al prezzo di&#8230; </p>
<div class="clear"></div>
<p><a href="https://www.musedolomiti.it/en/evento/allegria/" class="gdlr-button with-border excerpt-read-more">Read More</a></p>
