{"id":6468,"date":"2024-06-18T11:55:50","date_gmt":"2024-06-18T09:55:50","guid":{"rendered":"https:\/\/www.musedolomiti.it\/?post_type=tribe_events&#038;p=6468"},"modified":"2024-07-16T12:08:04","modified_gmt":"2024-07-16T10:08:04","slug":"musica-e-mito-2024","status":"publish","type":"tribe_events","link":"https:\/\/www.musedolomiti.it\/en\/evento\/musica-e-mito-2024\/","title":{"rendered":"Musica e Mito"},"content":{"rendered":"<h5 class=\"p1\"><span class=\"s1\">Sabato 17 Agosto 2024, ore 21:00 | Sala Bavarese a Tesero | INGRESSO LIBERO<\/span><\/h5>\n<hr \/>\n<p><strong>Oda Zoe Hochscheid, mezzosoprano<\/strong><br \/>\n<strong>Chiara de Zuani, cembalo<\/strong><br \/>\n<strong>M\u00e1ria Magyarov\u00e1 Pl\u0161ekov\u00e1, organo<\/strong><\/p>\n<p>Stasera si realizza un desiderio che avevamo da molto tempo: condividere con voi un programma che vede la Mitologia Greca Antica ispiratrice della Musica.<\/p>\n<p>La composizione di brani vocali su testi mitologici \u00e8 un fenomeno che pervade tutti i secoli ma noi ci concentreremo su brani vocali del &#8216;700 e del primo &#8216;800. Sentirete musiche di Purcell, Gluck, Haydn e altri, incorniciati dal suono dell&#8217;organo &#8220;Andrea Zeni&#8221; presente nella Sala Bavarese.<\/p>\n<p><em>Le Muse e le Dolomiti ringraziano di cuore il Comune e il Comitato Manifestazioni di Tesero e l&#8217;Associazione amica e collaboratrice\u00a0<a href=\"https:\/\/giulianoorganotesero.it\" target=\"_blank\" rel=\"noopener\">&#8220;Giuliano per l&#8217;Organo di Tesero&#8221;<\/a>!<\/em><\/p>\n<p>&nbsp;<\/p>\n","protected":false},"excerpt":{"rendered":"<p>Sabato 17 Agosto 2024, ore 21:00 | Sala Bavarese a Tesero | INGRESSO LIBERO Oda Zoe Hochscheid, mezzosoprano Chiara de Zuani, cembalo M\u00e1ria Magyarov\u00e1 Pl\u0161ekov\u00e1, organo Stasera si realizza un&#8230; <\/p>\n<div class=\"clear\"><\/div>\n<p><a href=\"https:\/\/www.musedolomiti.it\/en\/evento\/musica-e-mito-2024\/\" class=\"gdlr-button with-border excerpt-read-more\">Read More<\/a><\/p>\n","protected":false},"author":2,"featured_media":6469,"template":"","meta":{"_acf_changed":false,"_tribe_events_status":"","_tribe_events_status_reason":"","footnotes":""},"tags":[],"tribe_events_cat":[78],"class_list":["post-6468","tribe_events","type-tribe_events","status-publish","has-post-thumbnail","hentry","tribe_events_cat-xii-edizione-2024","cat_xii-edizione-2024"],"acf":[],"yoast_head":"<!-- This site is optimized with the Yoast SEO plugin v27.1.1 - https:\/\/yoast.com\/product\/yoast-seo-wordpress\/ -->\n<title>Musica e Mito - Le Muse e le Dolomiti<\/title>\n<meta name=\"description\" content=\"Scopri tutti gli eventi di Musica Classica organizzati dall&#039;Associazione &quot;Le Muse e le Dolomiti&quot;.\" \/>\n<meta name=\"robots\" content=\"index, follow, max-snippet:-1, max-image-preview:large, max-video-preview:-1\" \/>\n<link rel=\"canonical\" href=\"https:\/\/www.musedolomiti.it\/evento\/musica-e-mito-2024\/\" \/>\n<meta property=\"og:locale\" content=\"en_US\" \/>\n<meta property=\"og:type\" content=\"article\" \/>\n<meta property=\"og:title\" content=\"Musica e Mito - Le Muse e le Dolomiti\" \/>\n<meta property=\"og:description\" content=\"Scopri tutti gli eventi di Musica Classica organizzati dall&#039;Associazione &quot;Le Muse e le Dolomiti&quot;.\" \/>\n<meta property=\"og:url\" content=\"https:\/\/www.musedolomiti.it\/evento\/musica-e-mito-2024\/\" \/>\n<meta property=\"og:site_name\" content=\"Le Muse e le Dolomiti\" \/>\n<meta property=\"article:publisher\" content=\"https:\/\/it-it.facebook.com\/musedolomiti\/\" \/>\n<meta property=\"article:modified_time\" content=\"2024-07-16T10:08:04+00:00\" \/>\n<meta property=\"og:image\" content=\"https:\/\/www.musedolomiti.it\/wp-content\/uploads\/2024\/06\/Sleeping_Ariadne_2.jpg\" \/>\n\t<meta property=\"og:image:width\" content=\"1500\" \/>\n\t<meta property=\"og:image:height\" content=\"1081\" \/>\n\t<meta property=\"og:image:type\" content=\"image\/jpeg\" \/>\n<meta name=\"twitter:card\" content=\"summary_large_image\" \/>\n<meta name=\"twitter:label1\" content=\"Est. reading time\" \/>\n\t<meta name=\"twitter:data1\" content=\"1 minute\" \/>\n<script type=\"application\/ld+json\" class=\"yoast-schema-graph\">{\"@context\":\"https:\/\/schema.org\",\"@graph\":[{\"@type\":\"WebPage\",\"@id\":\"https:\/\/www.musedolomiti.it\/evento\/musica-e-mito-2024\/\",\"url\":\"https:\/\/www.musedolomiti.it\/evento\/musica-e-mito-2024\/\",\"name\":\"Musica e Mito - Le Muse e le Dolomiti\",\"isPartOf\":{\"@id\":\"https:\/\/www.musedolomiti.it\/en\/#website\"},\"primaryImageOfPage\":{\"@id\":\"https:\/\/www.musedolomiti.it\/evento\/musica-e-mito-2024\/#primaryimage\"},\"image\":{\"@id\":\"https:\/\/www.musedolomiti.it\/evento\/musica-e-mito-2024\/#primaryimage\"},\"thumbnailUrl\":\"https:\/\/www.musedolomiti.it\/wp-content\/uploads\/2024\/06\/Sleeping_Ariadne_2.jpg\",\"datePublished\":\"2024-06-18T09:55:50+00:00\",\"dateModified\":\"2024-07-16T10:08:04+00:00\",\"description\":\"Scopri tutti gli eventi di Musica Classica organizzati dall'Associazione \\\"Le Muse e le Dolomiti\\\".\",\"breadcrumb\":{\"@id\":\"https:\/\/www.musedolomiti.it\/evento\/musica-e-mito-2024\/#breadcrumb\"},\"inLanguage\":\"en-US\",\"potentialAction\":[{\"@type\":\"ReadAction\",\"target\":[\"https:\/\/www.musedolomiti.it\/evento\/musica-e-mito-2024\/\"]}]},{\"@type\":\"ImageObject\",\"inLanguage\":\"en-US\",\"@id\":\"https:\/\/www.musedolomiti.it\/evento\/musica-e-mito-2024\/#primaryimage\",\"url\":\"https:\/\/www.musedolomiti.it\/wp-content\/uploads\/2024\/06\/Sleeping_Ariadne_2.jpg\",\"contentUrl\":\"https:\/\/www.musedolomiti.it\/wp-content\/uploads\/2024\/06\/Sleeping_Ariadne_2.jpg\",\"width\":1500,\"height\":1081},{\"@type\":\"BreadcrumbList\",\"@id\":\"https:\/\/www.musedolomiti.it\/evento\/musica-e-mito-2024\/#breadcrumb\",\"itemListElement\":[{\"@type\":\"ListItem\",\"position\":1,\"name\":\"Home\",\"item\":\"https:\/\/www.musedolomiti.it\/en\/\"},{\"@type\":\"ListItem\",\"position\":2,\"name\":\"Eventi\",\"item\":\"https:\/\/www.musedolomiti.it\/calendario\/\"},{\"@type\":\"ListItem\",\"position\":3,\"name\":\"Musica e Mito\"}]},{\"@type\":\"WebSite\",\"@id\":\"https:\/\/www.musedolomiti.it\/en\/#website\",\"url\":\"https:\/\/www.musedolomiti.it\/en\/\",\"name\":\"Le Muse e le Dolomiti\",\"description\":\"Da Nord a Sud, da Est a Ovest, la Musica e il Belcanto uniscono il mondo.\",\"potentialAction\":[{\"@type\":\"SearchAction\",\"target\":{\"@type\":\"EntryPoint\",\"urlTemplate\":\"https:\/\/www.musedolomiti.it\/en\/?s={search_term_string}\"},\"query-input\":{\"@type\":\"PropertyValueSpecification\",\"valueRequired\":true,\"valueName\":\"search_term_string\"}}],\"inLanguage\":\"en-US\"}]}<\/script>\n<!-- \/ Yoast SEO plugin. -->","yoast_head_json":{"title":"Musica e Mito - Le Muse e le Dolomiti","description":"Scopri tutti gli eventi di Musica Classica organizzati dall'Associazione \"Le Muse e le Dolomiti\".","robots":{"index":"index","follow":"follow","max-snippet":"max-snippet:-1","max-image-preview":"max-image-preview:large","max-video-preview":"max-video-preview:-1"},"canonical":"https:\/\/www.musedolomiti.it\/evento\/musica-e-mito-2024\/","og_locale":"en_US","og_type":"article","og_title":"Musica e Mito - Le Muse e le Dolomiti","og_description":"Scopri tutti gli eventi di Musica Classica organizzati dall'Associazione \"Le Muse e le Dolomiti\".","og_url":"https:\/\/www.musedolomiti.it\/evento\/musica-e-mito-2024\/","og_site_name":"Le Muse e le Dolomiti","article_publisher":"https:\/\/it-it.facebook.com\/musedolomiti\/","article_modified_time":"2024-07-16T10:08:04+00:00","og_image":[{"width":1500,"height":1081,"url":"https:\/\/www.musedolomiti.it\/wp-content\/uploads\/2024\/06\/Sleeping_Ariadne_2.jpg","type":"image\/jpeg"}],"twitter_card":"summary_large_image","twitter_misc":{"Est. reading time":"1 minute"},"schema":{"@context":"https:\/\/schema.org","@graph":[{"@type":"WebPage","@id":"https:\/\/www.musedolomiti.it\/evento\/musica-e-mito-2024\/","url":"https:\/\/www.musedolomiti.it\/evento\/musica-e-mito-2024\/","name":"Musica e Mito - Le Muse e le Dolomiti","isPartOf":{"@id":"https:\/\/www.musedolomiti.it\/en\/#website"},"primaryImageOfPage":{"@id":"https:\/\/www.musedolomiti.it\/evento\/musica-e-mito-2024\/#primaryimage"},"image":{"@id":"https:\/\/www.musedolomiti.it\/evento\/musica-e-mito-2024\/#primaryimage"},"thumbnailUrl":"https:\/\/www.musedolomiti.it\/wp-content\/uploads\/2024\/06\/Sleeping_Ariadne_2.jpg","datePublished":"2024-06-18T09:55:50+00:00","dateModified":"2024-07-16T10:08:04+00:00","description":"Scopri tutti gli eventi di Musica Classica organizzati dall'Associazione \"Le Muse e le Dolomiti\".","breadcrumb":{"@id":"https:\/\/www.musedolomiti.it\/evento\/musica-e-mito-2024\/#breadcrumb"},"inLanguage":"en-US","potentialAction":[{"@type":"ReadAction","target":["https:\/\/www.musedolomiti.it\/evento\/musica-e-mito-2024\/"]}]},{"@type":"ImageObject","inLanguage":"en-US","@id":"https:\/\/www.musedolomiti.it\/evento\/musica-e-mito-2024\/#primaryimage","url":"https:\/\/www.musedolomiti.it\/wp-content\/uploads\/2024\/06\/Sleeping_Ariadne_2.jpg","contentUrl":"https:\/\/www.musedolomiti.it\/wp-content\/uploads\/2024\/06\/Sleeping_Ariadne_2.jpg","width":1500,"height":1081},{"@type":"BreadcrumbList","@id":"https:\/\/www.musedolomiti.it\/evento\/musica-e-mito-2024\/#breadcrumb","itemListElement":[{"@type":"ListItem","position":1,"name":"Home","item":"https:\/\/www.musedolomiti.it\/en\/"},{"@type":"ListItem","position":2,"name":"Eventi","item":"https:\/\/www.musedolomiti.it\/calendario\/"},{"@type":"ListItem","position":3,"name":"Musica e Mito"}]},{"@type":"WebSite","@id":"https:\/\/www.musedolomiti.it\/en\/#website","url":"https:\/\/www.musedolomiti.it\/en\/","name":"Le Muse e le Dolomiti","description":"Da Nord a Sud, da Est a Ovest, la Musica e il Belcanto uniscono il mondo.","potentialAction":[{"@type":"SearchAction","target":{"@type":"EntryPoint","urlTemplate":"https:\/\/www.musedolomiti.it\/en\/?s={search_term_string}"},"query-input":{"@type":"PropertyValueSpecification","valueRequired":true,"valueName":"search_term_string"}}],"inLanguage":"en-US"}]}},"_links":{"self":[{"href":"https:\/\/www.musedolomiti.it\/en\/wp-json\/wp\/v2\/tribe_events\/6468","targetHints":{"allow":["GET"]}}],"collection":[{"href":"https:\/\/www.musedolomiti.it\/en\/wp-json\/wp\/v2\/tribe_events"}],"about":[{"href":"https:\/\/www.musedolomiti.it\/en\/wp-json\/wp\/v2\/types\/tribe_events"}],"author":[{"embeddable":true,"href":"https:\/\/www.musedolomiti.it\/en\/wp-json\/wp\/v2\/users\/2"}],"version-history":[{"count":5,"href":"https:\/\/www.musedolomiti.it\/en\/wp-json\/wp\/v2\/tribe_events\/6468\/revisions"}],"predecessor-version":[{"id":6530,"href":"https:\/\/www.musedolomiti.it\/en\/wp-json\/wp\/v2\/tribe_events\/6468\/revisions\/6530"}],"wp:featuredmedia":[{"embeddable":true,"href":"https:\/\/www.musedolomiti.it\/en\/wp-json\/wp\/v2\/media\/6469"}],"wp:attachment":[{"href":"https:\/\/www.musedolomiti.it\/en\/wp-json\/wp\/v2\/media?parent=6468"}],"wp:term":[{"taxonomy":"post_tag","embeddable":true,"href":"https:\/\/www.musedolomiti.it\/en\/wp-json\/wp\/v2\/tags?post=6468"},{"taxonomy":"tribe_events_cat","embeddable":true,"href":"https:\/\/www.musedolomiti.it\/en\/wp-json\/wp\/v2\/tribe_events_cat?post=6468"}],"curies":[{"name":"wp","href":"https:\/\/api.w.org\/{rel}","templated":true}]}}

<h5 class="p1"><span class="s1">Sabato 17 Agosto 2024, ore 21:00 | Sala Bavarese a Tesero | INGRESSO LIBERO</span></h5>
<hr />
<p><strong>Oda Zoe Hochscheid, mezzosoprano</strong><br />
<strong>Chiara de Zuani, cembalo</strong><br />
<strong>Mária Magyarová Plšeková, organo</strong></p>
<p>Stasera si realizza un desiderio che avevamo da molto tempo: condividere con voi un programma che vede la Mitologia Greca Antica ispiratrice della Musica.</p>
<p>La composizione di brani vocali su testi mitologici è un fenomeno che pervade tutti i secoli ma noi ci concentreremo su brani vocali del &#8216;700 e del primo &#8216;800. Sentirete musiche di Purcell, Gluck, Haydn e altri, incorniciati dal suono dell&#8217;organo &#8220;Andrea Zeni&#8221; presente nella Sala Bavarese.</p>
<p><em>Le Muse e le Dolomiti ringraziano di cuore il Comune e il Comitato Manifestazioni di Tesero e l&#8217;Associazione amica e collaboratrice <a href="https://giulianoorganotesero.it" target="_blank" rel="noopener">&#8220;Giuliano per l&#8217;Organo di Tesero&#8221;</a>!</em></p>
<p>&nbsp;</p>

<p>Sabato 17 Agosto 2024, ore 21:00 | Sala Bavarese a Tesero | INGRESSO LIBERO Oda Zoe Hochscheid, mezzosoprano Chiara de Zuani, cembalo Mária Magyarová Plšeková, organo Stasera si realizza un&#8230; </p>
<div class="clear"></div>
<p><a href="https://www.musedolomiti.it/en/evento/musica-e-mito-2024/" class="gdlr-button with-border excerpt-read-more">Read More</a></p>
