{"id":6487,"date":"2024-06-18T22:34:58","date_gmt":"2024-06-18T20:34:58","guid":{"rendered":"https:\/\/www.musedolomiti.it\/?post_type=tribe_events&#038;p=6487"},"modified":"2024-07-16T12:04:09","modified_gmt":"2024-07-16T10:04:09","slug":"il-labirinto-cavalese-2024","status":"publish","type":"tribe_events","link":"https:\/\/www.musedolomiti.it\/en\/evento\/il-labirinto-cavalese-2024\/","title":{"rendered":"Il Labirinto"},"content":{"rendered":"<h5 class=\"p1\"><span class=\"s1\">Luned\u00ec 12 Agosto 2024, ore 21:00 | Palazzo della &#8220;Magnificia Comunit\u00e0 di Fiemme&#8221;, Cavalese | Biglietto \u20ac8 \/ \u20ac5<\/span><\/h5>\n<h2>Duo &#8220;ARPARLA&#8221;:<br \/>\nMaria Christina Cleary, arpa doppia<br \/>\nDavide Monti, violino barocco<\/h2>\n<p>Il Labirinto, probabilmente nato al tempo dei Micenei, \u00e8 stato fin dal 2000 a.C. un simbolo presente nella storia dell\u2019uomo. Si ipotizza che prima della struttura architettonica o paesaggistica il Labirinto sia stato una Danza, probabilmente sacra o iniziatica. Il potere di questa esperienza da sempre consiste nella forte confusione e smarrimento, paura e morte, che nel rito iniziatico coincidono con il passaggio dall\u2019uomo vecchio che entra nel labirinto, all\u2019uomo nuovo che ne esce trasformato.<\/p>\n<p>Ugualmente Teseo, aiutato dall\u2019amore di Arianna, riesce a compiere l\u2019impresa e uscire dal Labirinto dopo aver ucciso il Minotauro. Ma il mito racconta che Arianna viene abbandonata a Creta da Teseo che se ne torna a casa. Solo in tempi pi\u00f9 recenti, dopo il 1550, il labirinto diventa il luogo in cui si deve scegliere tra pi\u00f9 percorsi, ed \u00e8 qui che il significato del Labirinto si trasforma nell&#8217;idea di indecisione, di incapacit\u00e0 di scelta, di perdita della strada giusta, di perdizione. Non sempre l\u2019esperienza del labirinto \u00e8 di successo, non tutti ne escono, e non per tutti l\u2019avventura si trasforma in gioia.<\/p>\n<p>In ogni caso, il Labirinto rimane un\u2019esperienza che sfida, che richiede coraggio e responsabilit\u00e0. Forse \u00e8 quello che anche la societ\u00e0 di oggi sta sperimentando, in un intrigo di situazioni che stanno mettendo in crisi l\u2019esistenza dell\u2019uomo sulla terra, e da cui tante volte non si sa quale sia la via d\u2019uscita.<\/p>\n<p>Il duo Arparla eseguir\u00e0 musiche di Benedetto Marcello, Johann Sebastian Bach, Marin Marais e Pietro Antonio Locatelli, che includono alcune gemme del repertorio violinistico.<span class=\"Apple-converted-space\">\u00a0<\/span><\/p>\n<p>Tutti i brani hanno un forte legame con il concetto del Labirinto, per esempio narrando la vicenda dell\u2019abbandono di Arianna a Creta da parte di Teseo. Un\u2019improvvisazione finale su basso di passacaglia rappresenta la presa di responsabilit\u00e0 di ognuno nella risoluzione dei labirinti del giorno d\u2019oggi.<span class=\"Apple-converted-space\">\u00a0<\/span><\/p>\n<hr \/>\n<div class=\"xdj266r x11i5rnm xat24cr x1mh8g0r x1vvkbs x126k92a\"><\/div>\n<div class=\"x11i5rnm xat24cr x1mh8g0r x1vvkbs xtlvy1s x126k92a\">\n<div dir=\"auto\">\n<p><strong>Biglietto \u20ac 8 Adulto<br \/>\n<\/strong><strong>Biglietto \u20ac 5 fino a 18 anni \u2013 soci \u201cLe Muse e le Dolomiti\u201d \u2013 Vicini della Magnifica Comunit\u00e0 di Fiemme<\/strong><\/p>\n<p><strong>Prenotazioni via email: info@palazzomagnifica.eu<\/strong><\/p>\n<p><strong>Prenotazioni via telefono: 0462.340812 (tutti i giorni escl. marted\u00ec dalle 10 alle 12 e dalle 15 alle 18:30)<\/strong><\/p>\n<p><strong>&#8230; Oppure vendita direttamente in loco.<\/strong><\/p>\n<hr \/>\n<p><em>Ringraziamo\u00a0la Regola \u201cMagnifica Comunit\u00e0 di Fiemme\u201d, il personale del Palazzo e il Comune di Cavalese!<\/em><\/p>\n<p>Ph Davide Campana<\/p>\n<\/div>\n<\/div>\n<p>&nbsp;<\/p>\n","protected":false},"excerpt":{"rendered":"<p>Luned\u00ec 12 Agosto 2024, ore 21:00 | Palazzo della &#8220;Magnificia Comunit\u00e0 di Fiemme&#8221;, Cavalese | Biglietto \u20ac8 \/ \u20ac5 Duo &#8220;ARPARLA&#8221;: Maria Christina Cleary, arpa doppia Davide Monti, violino barocco&#8230; <\/p>\n<div class=\"clear\"><\/div>\n<p><a href=\"https:\/\/www.musedolomiti.it\/en\/evento\/il-labirinto-cavalese-2024\/\" class=\"gdlr-button with-border excerpt-read-more\">Read More<\/a><\/p>\n","protected":false},"author":2,"featured_media":6482,"template":"","meta":{"_acf_changed":false,"_tribe_events_status":"","_tribe_events_status_reason":"","footnotes":""},"tags":[],"tribe_events_cat":[78],"class_list":["post-6487","tribe_events","type-tribe_events","status-publish","has-post-thumbnail","hentry","tribe_events_cat-xii-edizione-2024","cat_xii-edizione-2024"],"acf":[],"yoast_head":"<!-- This site is optimized with the Yoast SEO plugin v27.1.1 - https:\/\/yoast.com\/product\/yoast-seo-wordpress\/ -->\n<title>Il Labirinto - Le Muse e le Dolomiti<\/title>\n<meta name=\"description\" content=\"Scopri tutti gli eventi di Musica Classica organizzati dall&#039;Associazione &quot;Le Muse e le Dolomiti&quot;.\" \/>\n<meta name=\"robots\" content=\"index, follow, max-snippet:-1, max-image-preview:large, max-video-preview:-1\" \/>\n<link rel=\"canonical\" href=\"https:\/\/www.musedolomiti.it\/evento\/il-labirinto-cavalese-2024\/\" \/>\n<meta property=\"og:locale\" content=\"en_US\" \/>\n<meta property=\"og:type\" content=\"article\" \/>\n<meta property=\"og:title\" content=\"Il Labirinto - Le Muse e le Dolomiti\" \/>\n<meta property=\"og:description\" content=\"Scopri tutti gli eventi di Musica Classica organizzati dall&#039;Associazione &quot;Le Muse e le Dolomiti&quot;.\" \/>\n<meta property=\"og:url\" content=\"https:\/\/www.musedolomiti.it\/evento\/il-labirinto-cavalese-2024\/\" \/>\n<meta property=\"og:site_name\" content=\"Le Muse e le Dolomiti\" \/>\n<meta property=\"article:publisher\" content=\"https:\/\/it-it.facebook.com\/musedolomiti\/\" \/>\n<meta property=\"article:modified_time\" content=\"2024-07-16T10:04:09+00:00\" \/>\n<meta property=\"og:image\" content=\"https:\/\/www.musedolomiti.it\/wp-content\/uploads\/2024\/06\/arparla1_al_muro.jpg\" \/>\n\t<meta property=\"og:image:width\" content=\"821\" \/>\n\t<meta property=\"og:image:height\" content=\"570\" \/>\n\t<meta property=\"og:image:type\" content=\"image\/jpeg\" \/>\n<meta name=\"twitter:card\" content=\"summary_large_image\" \/>\n<meta name=\"twitter:label1\" content=\"Est. reading time\" \/>\n\t<meta name=\"twitter:data1\" content=\"2 minutes\" \/>\n<script type=\"application\/ld+json\" class=\"yoast-schema-graph\">{\"@context\":\"https:\/\/schema.org\",\"@graph\":[{\"@type\":\"WebPage\",\"@id\":\"https:\/\/www.musedolomiti.it\/evento\/il-labirinto-cavalese-2024\/\",\"url\":\"https:\/\/www.musedolomiti.it\/evento\/il-labirinto-cavalese-2024\/\",\"name\":\"Il Labirinto - Le Muse e le Dolomiti\",\"isPartOf\":{\"@id\":\"https:\/\/www.musedolomiti.it\/en\/#website\"},\"primaryImageOfPage\":{\"@id\":\"https:\/\/www.musedolomiti.it\/evento\/il-labirinto-cavalese-2024\/#primaryimage\"},\"image\":{\"@id\":\"https:\/\/www.musedolomiti.it\/evento\/il-labirinto-cavalese-2024\/#primaryimage\"},\"thumbnailUrl\":\"https:\/\/www.musedolomiti.it\/wp-content\/uploads\/2024\/06\/arparla1_al_muro.jpg\",\"datePublished\":\"2024-06-18T20:34:58+00:00\",\"dateModified\":\"2024-07-16T10:04:09+00:00\",\"description\":\"Scopri tutti gli eventi di Musica Classica organizzati dall'Associazione \\\"Le Muse e le Dolomiti\\\".\",\"breadcrumb\":{\"@id\":\"https:\/\/www.musedolomiti.it\/evento\/il-labirinto-cavalese-2024\/#breadcrumb\"},\"inLanguage\":\"en-US\",\"potentialAction\":[{\"@type\":\"ReadAction\",\"target\":[\"https:\/\/www.musedolomiti.it\/evento\/il-labirinto-cavalese-2024\/\"]}]},{\"@type\":\"ImageObject\",\"inLanguage\":\"en-US\",\"@id\":\"https:\/\/www.musedolomiti.it\/evento\/il-labirinto-cavalese-2024\/#primaryimage\",\"url\":\"https:\/\/www.musedolomiti.it\/wp-content\/uploads\/2024\/06\/arparla1_al_muro.jpg\",\"contentUrl\":\"https:\/\/www.musedolomiti.it\/wp-content\/uploads\/2024\/06\/arparla1_al_muro.jpg\",\"width\":821,\"height\":570},{\"@type\":\"BreadcrumbList\",\"@id\":\"https:\/\/www.musedolomiti.it\/evento\/il-labirinto-cavalese-2024\/#breadcrumb\",\"itemListElement\":[{\"@type\":\"ListItem\",\"position\":1,\"name\":\"Home\",\"item\":\"https:\/\/www.musedolomiti.it\/en\/\"},{\"@type\":\"ListItem\",\"position\":2,\"name\":\"Eventi\",\"item\":\"https:\/\/www.musedolomiti.it\/calendario\/\"},{\"@type\":\"ListItem\",\"position\":3,\"name\":\"Il Labirinto\"}]},{\"@type\":\"WebSite\",\"@id\":\"https:\/\/www.musedolomiti.it\/en\/#website\",\"url\":\"https:\/\/www.musedolomiti.it\/en\/\",\"name\":\"Le Muse e le Dolomiti\",\"description\":\"Da Nord a Sud, da Est a Ovest, la Musica e il Belcanto uniscono il mondo.\",\"potentialAction\":[{\"@type\":\"SearchAction\",\"target\":{\"@type\":\"EntryPoint\",\"urlTemplate\":\"https:\/\/www.musedolomiti.it\/en\/?s={search_term_string}\"},\"query-input\":{\"@type\":\"PropertyValueSpecification\",\"valueRequired\":true,\"valueName\":\"search_term_string\"}}],\"inLanguage\":\"en-US\"}]}<\/script>\n<!-- \/ Yoast SEO plugin. -->","yoast_head_json":{"title":"Il Labirinto - Le Muse e le Dolomiti","description":"Scopri tutti gli eventi di Musica Classica organizzati dall'Associazione \"Le Muse e le Dolomiti\".","robots":{"index":"index","follow":"follow","max-snippet":"max-snippet:-1","max-image-preview":"max-image-preview:large","max-video-preview":"max-video-preview:-1"},"canonical":"https:\/\/www.musedolomiti.it\/evento\/il-labirinto-cavalese-2024\/","og_locale":"en_US","og_type":"article","og_title":"Il Labirinto - Le Muse e le Dolomiti","og_description":"Scopri tutti gli eventi di Musica Classica organizzati dall'Associazione \"Le Muse e le Dolomiti\".","og_url":"https:\/\/www.musedolomiti.it\/evento\/il-labirinto-cavalese-2024\/","og_site_name":"Le Muse e le Dolomiti","article_publisher":"https:\/\/it-it.facebook.com\/musedolomiti\/","article_modified_time":"2024-07-16T10:04:09+00:00","og_image":[{"width":821,"height":570,"url":"https:\/\/www.musedolomiti.it\/wp-content\/uploads\/2024\/06\/arparla1_al_muro.jpg","type":"image\/jpeg"}],"twitter_card":"summary_large_image","twitter_misc":{"Est. reading time":"2 minutes"},"schema":{"@context":"https:\/\/schema.org","@graph":[{"@type":"WebPage","@id":"https:\/\/www.musedolomiti.it\/evento\/il-labirinto-cavalese-2024\/","url":"https:\/\/www.musedolomiti.it\/evento\/il-labirinto-cavalese-2024\/","name":"Il Labirinto - Le Muse e le Dolomiti","isPartOf":{"@id":"https:\/\/www.musedolomiti.it\/en\/#website"},"primaryImageOfPage":{"@id":"https:\/\/www.musedolomiti.it\/evento\/il-labirinto-cavalese-2024\/#primaryimage"},"image":{"@id":"https:\/\/www.musedolomiti.it\/evento\/il-labirinto-cavalese-2024\/#primaryimage"},"thumbnailUrl":"https:\/\/www.musedolomiti.it\/wp-content\/uploads\/2024\/06\/arparla1_al_muro.jpg","datePublished":"2024-06-18T20:34:58+00:00","dateModified":"2024-07-16T10:04:09+00:00","description":"Scopri tutti gli eventi di Musica Classica organizzati dall'Associazione \"Le Muse e le Dolomiti\".","breadcrumb":{"@id":"https:\/\/www.musedolomiti.it\/evento\/il-labirinto-cavalese-2024\/#breadcrumb"},"inLanguage":"en-US","potentialAction":[{"@type":"ReadAction","target":["https:\/\/www.musedolomiti.it\/evento\/il-labirinto-cavalese-2024\/"]}]},{"@type":"ImageObject","inLanguage":"en-US","@id":"https:\/\/www.musedolomiti.it\/evento\/il-labirinto-cavalese-2024\/#primaryimage","url":"https:\/\/www.musedolomiti.it\/wp-content\/uploads\/2024\/06\/arparla1_al_muro.jpg","contentUrl":"https:\/\/www.musedolomiti.it\/wp-content\/uploads\/2024\/06\/arparla1_al_muro.jpg","width":821,"height":570},{"@type":"BreadcrumbList","@id":"https:\/\/www.musedolomiti.it\/evento\/il-labirinto-cavalese-2024\/#breadcrumb","itemListElement":[{"@type":"ListItem","position":1,"name":"Home","item":"https:\/\/www.musedolomiti.it\/en\/"},{"@type":"ListItem","position":2,"name":"Eventi","item":"https:\/\/www.musedolomiti.it\/calendario\/"},{"@type":"ListItem","position":3,"name":"Il Labirinto"}]},{"@type":"WebSite","@id":"https:\/\/www.musedolomiti.it\/en\/#website","url":"https:\/\/www.musedolomiti.it\/en\/","name":"Le Muse e le Dolomiti","description":"Da Nord a Sud, da Est a Ovest, la Musica e il Belcanto uniscono il mondo.","potentialAction":[{"@type":"SearchAction","target":{"@type":"EntryPoint","urlTemplate":"https:\/\/www.musedolomiti.it\/en\/?s={search_term_string}"},"query-input":{"@type":"PropertyValueSpecification","valueRequired":true,"valueName":"search_term_string"}}],"inLanguage":"en-US"}]}},"_links":{"self":[{"href":"https:\/\/www.musedolomiti.it\/en\/wp-json\/wp\/v2\/tribe_events\/6487","targetHints":{"allow":["GET"]}}],"collection":[{"href":"https:\/\/www.musedolomiti.it\/en\/wp-json\/wp\/v2\/tribe_events"}],"about":[{"href":"https:\/\/www.musedolomiti.it\/en\/wp-json\/wp\/v2\/types\/tribe_events"}],"author":[{"embeddable":true,"href":"https:\/\/www.musedolomiti.it\/en\/wp-json\/wp\/v2\/users\/2"}],"version-history":[{"count":2,"href":"https:\/\/www.musedolomiti.it\/en\/wp-json\/wp\/v2\/tribe_events\/6487\/revisions"}],"predecessor-version":[{"id":6529,"href":"https:\/\/www.musedolomiti.it\/en\/wp-json\/wp\/v2\/tribe_events\/6487\/revisions\/6529"}],"wp:featuredmedia":[{"embeddable":true,"href":"https:\/\/www.musedolomiti.it\/en\/wp-json\/wp\/v2\/media\/6482"}],"wp:attachment":[{"href":"https:\/\/www.musedolomiti.it\/en\/wp-json\/wp\/v2\/media?parent=6487"}],"wp:term":[{"taxonomy":"post_tag","embeddable":true,"href":"https:\/\/www.musedolomiti.it\/en\/wp-json\/wp\/v2\/tags?post=6487"},{"taxonomy":"tribe_events_cat","embeddable":true,"href":"https:\/\/www.musedolomiti.it\/en\/wp-json\/wp\/v2\/tribe_events_cat?post=6487"}],"curies":[{"name":"wp","href":"https:\/\/api.w.org\/{rel}","templated":true}]}}

<h5 class="p1"><span class="s1">Lunedì 12 Agosto 2024, ore 21:00 | Palazzo della &#8220;Magnificia Comunità di Fiemme&#8221;, Cavalese | Biglietto €8 / €5</span></h5>
<h2>Duo &#8220;ARPARLA&#8221;:<br />
Maria Christina Cleary, arpa doppia<br />
Davide Monti, violino barocco</h2>
<p>Il Labirinto, probabilmente nato al tempo dei Micenei, è stato fin dal 2000 a.C. un simbolo presente nella storia dell’uomo. Si ipotizza che prima della struttura architettonica o paesaggistica il Labirinto sia stato una Danza, probabilmente sacra o iniziatica. Il potere di questa esperienza da sempre consiste nella forte confusione e smarrimento, paura e morte, che nel rito iniziatico coincidono con il passaggio dall’uomo vecchio che entra nel labirinto, all’uomo nuovo che ne esce trasformato.</p>
<p>Ugualmente Teseo, aiutato dall’amore di Arianna, riesce a compiere l’impresa e uscire dal Labirinto dopo aver ucciso il Minotauro. Ma il mito racconta che Arianna viene abbandonata a Creta da Teseo che se ne torna a casa. Solo in tempi più recenti, dopo il 1550, il labirinto diventa il luogo in cui si deve scegliere tra più percorsi, ed è qui che il significato del Labirinto si trasforma nell&#8217;idea di indecisione, di incapacità di scelta, di perdita della strada giusta, di perdizione. Non sempre l’esperienza del labirinto è di successo, non tutti ne escono, e non per tutti l’avventura si trasforma in gioia.</p>
<p>In ogni caso, il Labirinto rimane un’esperienza che sfida, che richiede coraggio e responsabilità. Forse è quello che anche la società di oggi sta sperimentando, in un intrigo di situazioni che stanno mettendo in crisi l’esistenza dell’uomo sulla terra, e da cui tante volte non si sa quale sia la via d’uscita.</p>
<p>Il duo Arparla eseguirà musiche di Benedetto Marcello, Johann Sebastian Bach, Marin Marais e Pietro Antonio Locatelli, che includono alcune gemme del repertorio violinistico.<span class="Apple-converted-space"> </span></p>
<p>Tutti i brani hanno un forte legame con il concetto del Labirinto, per esempio narrando la vicenda dell’abbandono di Arianna a Creta da parte di Teseo. Un’improvvisazione finale su basso di passacaglia rappresenta la presa di responsabilità di ognuno nella risoluzione dei labirinti del giorno d’oggi.<span class="Apple-converted-space"> </span></p>
<hr />
<div class="xdj266r x11i5rnm xat24cr x1mh8g0r x1vvkbs x126k92a"></div>
<div class="x11i5rnm xat24cr x1mh8g0r x1vvkbs xtlvy1s x126k92a">
<div dir="auto">
<p><strong>Biglietto € 8 Adulto<br />
</strong><strong>Biglietto € 5 fino a 18 anni – soci “Le Muse e le Dolomiti” – Vicini della Magnifica Comunità di Fiemme</strong></p>
<p><strong>Prenotazioni via email: info@palazzomagnifica.eu</strong></p>
<p><strong>Prenotazioni via telefono: 0462.340812 (tutti i giorni escl. martedì dalle 10 alle 12 e dalle 15 alle 18:30)</strong></p>
<p><strong>&#8230; Oppure vendita direttamente in loco.</strong></p>
<hr />
<p><em>Ringraziamo la Regola “Magnifica Comunità di Fiemme”, il personale del Palazzo e il Comune di Cavalese!</em></p>
<p>Ph Davide Campana</p>
</div>
</div>
<p>&nbsp;</p>

<p>Lunedì 12 Agosto 2024, ore 21:00 | Palazzo della &#8220;Magnificia Comunità di Fiemme&#8221;, Cavalese | Biglietto €8 / €5 Duo &#8220;ARPARLA&#8221;: Maria Christina Cleary, arpa doppia Davide Monti, violino barocco&#8230; </p>
<div class="clear"></div>
<p><a href="https://www.musedolomiti.it/en/evento/il-labirinto-cavalese-2024/" class="gdlr-button with-border excerpt-read-more">Read More</a></p>
