{"id":6608,"date":"2024-11-15T10:18:19","date_gmt":"2024-11-15T09:18:19","guid":{"rendered":"https:\/\/www.musedolomiti.it\/?post_type=tribe_events&#038;p=6608"},"modified":"2024-11-15T10:20:09","modified_gmt":"2024-11-15T09:20:09","slug":"luna-belluno","status":"publish","type":"tribe_events","link":"https:\/\/www.musedolomiti.it\/en\/evento\/luna-belluno\/","title":{"rendered":"LUNA"},"content":{"rendered":"<h5 class=\"p1\"><span class=\"s1\">Domenica 8 Dicembre 2024, ore 17:30 | Salone Nobile del Palazzo Fulcis, Belluno | Ingresso libero con prenotazione obbligatoria \u00a0 | \u00a0<\/span><em>Attenzione! concerto pomeridiano<\/em><\/h5>\n<h2>Oda Zoe Hochscheid, mezzosoprano<\/h2>\n<h2>Doris Hochscheid, violoncello<\/h2>\n<h2>Frans van Ruth, pianoforte<\/h2>\n<p>Questo concerto \u00e8 un elogio alla luna. Una luna che diventa il simbolo della notte, rappresentata da poeti e compositori in tutto il suo mistero, la sua oscurit\u00e0 e la sua quiete.<\/p>\n<p>Esiste una quantit\u00e0 sorprendente di repertorio splendido per voce, violoncello e pianoforte. Lieder (brani di musica da camera vocale) provenienti da svariati paesi cantati in cinque lingue diverse. Nel corso della serata, la luna entra in scena ovunque, ma sempre con un significato diverso e distinto.<\/p>\n<p>I compositori del concerto includono Camille Saint-Sa\u00ebns, Joseph Marx, Pauline Viardot, Gabri\u00ebl Faur\u00e9 e Anton\u00edn Dvor\u00e1k. Apice del programma \u00e8 la nuova composizione \u201cI watched the Moon around the House\u201d del compositore Max Knigge su poesia di Emily Dickinson, commissionato per il trio Hochscheid-Hochscheid-van Ruth dalla Fondazione Arti Scenici (Fonds Podiumkunsten) Olandese. Knigge, compositore gi\u00e0 eseguito dal famoso Concertgebouw Orkest di Amsterdam, vanta una produzione vocale ricca e riconosciuta a livello internazionale.<\/p>\n<p>Durante il concerto, frammenti della nuova composizione si alternano con i brani tardo-romantici, creando cos\u00ec uno stimolante intreccio tra il contemporaneo e la Liederistica di tradizione. Un programma che garantisce grandi emozioni, musica coinvolgente di alta qualit\u00e0 e una scelta musicale tanto \u201cromantica\u201d quanto \u201cinnovativa\u201d.<\/p>\n<p>&nbsp;<\/p>\n<hr \/>\n<div class=\"xdj266r x11i5rnm xat24cr x1mh8g0r x1vvkbs x126k92a\"><\/div>\n<div class=\"x11i5rnm xat24cr x1mh8g0r x1vvkbs xtlvy1s x126k92a\">\n<div dir=\"auto\">\n<p><b>Ingresso libero con prenotazione obbligatoria: posti limitati!<\/b><\/p>\n<p><strong>Prenotazioni via email: prenotazionimuseo@comune.belluno.it<\/strong><\/p>\n<p><strong>Prenotazioni via telefono, 0437 913323<br \/>\nDa marted\u00ec a venerd\u00ec dalle 9:30 alle 12:30<br \/>\nMarted\u00ec, Mercoled\u00ec e Venerd\u00ec dalle 15:30 alle 18:30<br \/>\nSabato e Domenica dalle 10 alle 18:30<\/strong><\/p>\n<hr \/>\n<p><em>Ringraziamo i Musei Civici di Belluno, specialmente il Curatore Dott. Carlo Cavalli, il Personale del Palazzo Fulcis e il Comune di Belluno!<\/em><\/p>\n<\/div>\n<\/div>\n<p>&nbsp;<\/p>\n","protected":false},"excerpt":{"rendered":"<p>Domenica 8 Dicembre 2024, ore 17:30 | Salone Nobile del Palazzo Fulcis, Belluno | Ingresso libero con prenotazione obbligatoria \u00a0 | \u00a0Attenzione! concerto pomeridiano Oda Zoe Hochscheid, mezzosoprano Doris Hochscheid,&#8230; <\/p>\n<div class=\"clear\"><\/div>\n<p><a href=\"https:\/\/www.musedolomiti.it\/en\/evento\/luna-belluno\/\" class=\"gdlr-button with-border excerpt-read-more\">Read More<\/a><\/p>\n","protected":false},"author":2,"featured_media":6605,"template":"","meta":{"_acf_changed":false,"_tribe_events_status":"","_tribe_events_status_reason":"","footnotes":""},"tags":[],"tribe_events_cat":[78],"class_list":["post-6608","tribe_events","type-tribe_events","status-publish","has-post-thumbnail","hentry","tribe_events_cat-xii-edizione-2024","cat_xii-edizione-2024"],"acf":[],"yoast_head":"<!-- This site is optimized with the Yoast SEO plugin v27.1.1 - https:\/\/yoast.com\/product\/yoast-seo-wordpress\/ -->\n<title>LUNA - Le Muse e le Dolomiti<\/title>\n<meta name=\"description\" content=\"Scopri tutti gli eventi di Musica Classica organizzati dall&#039;Associazione &quot;Le Muse e le Dolomiti&quot;.\" \/>\n<meta name=\"robots\" content=\"index, follow, max-snippet:-1, max-image-preview:large, max-video-preview:-1\" \/>\n<link rel=\"canonical\" href=\"https:\/\/www.musedolomiti.it\/evento\/luna-belluno\/\" \/>\n<meta property=\"og:locale\" content=\"en_US\" \/>\n<meta property=\"og:type\" content=\"article\" \/>\n<meta property=\"og:title\" content=\"LUNA - Le Muse e le Dolomiti\" \/>\n<meta property=\"og:description\" content=\"Scopri tutti gli eventi di Musica Classica organizzati dall&#039;Associazione &quot;Le Muse e le Dolomiti&quot;.\" \/>\n<meta property=\"og:url\" content=\"https:\/\/www.musedolomiti.it\/evento\/luna-belluno\/\" \/>\n<meta property=\"og:site_name\" content=\"Le Muse e le Dolomiti\" \/>\n<meta property=\"article:publisher\" content=\"https:\/\/it-it.facebook.com\/musedolomiti\/\" \/>\n<meta property=\"article:modified_time\" content=\"2024-11-15T09:20:09+00:00\" \/>\n<meta property=\"og:image\" content=\"https:\/\/www.musedolomiti.it\/wp-content\/uploads\/2024\/11\/WhatsApp-Image-2024-11-15-at-10.05.55.jpeg\" \/>\n\t<meta property=\"og:image:width\" content=\"1500\" \/>\n\t<meta property=\"og:image:height\" content=\"1000\" \/>\n\t<meta property=\"og:image:type\" content=\"image\/jpeg\" \/>\n<meta name=\"twitter:card\" content=\"summary_large_image\" \/>\n<meta name=\"twitter:label1\" content=\"Est. reading time\" \/>\n\t<meta name=\"twitter:data1\" content=\"2 minutes\" \/>\n<script type=\"application\/ld+json\" class=\"yoast-schema-graph\">{\"@context\":\"https:\/\/schema.org\",\"@graph\":[{\"@type\":\"WebPage\",\"@id\":\"https:\/\/www.musedolomiti.it\/evento\/luna-belluno\/\",\"url\":\"https:\/\/www.musedolomiti.it\/evento\/luna-belluno\/\",\"name\":\"LUNA - Le Muse e le Dolomiti\",\"isPartOf\":{\"@id\":\"https:\/\/www.musedolomiti.it\/en\/#website\"},\"primaryImageOfPage\":{\"@id\":\"https:\/\/www.musedolomiti.it\/evento\/luna-belluno\/#primaryimage\"},\"image\":{\"@id\":\"https:\/\/www.musedolomiti.it\/evento\/luna-belluno\/#primaryimage\"},\"thumbnailUrl\":\"https:\/\/www.musedolomiti.it\/wp-content\/uploads\/2024\/11\/WhatsApp-Image-2024-11-15-at-10.05.55.jpeg\",\"datePublished\":\"2024-11-15T09:18:19+00:00\",\"dateModified\":\"2024-11-15T09:20:09+00:00\",\"description\":\"Scopri tutti gli eventi di Musica Classica organizzati dall'Associazione \\\"Le Muse e le Dolomiti\\\".\",\"breadcrumb\":{\"@id\":\"https:\/\/www.musedolomiti.it\/evento\/luna-belluno\/#breadcrumb\"},\"inLanguage\":\"en-US\",\"potentialAction\":[{\"@type\":\"ReadAction\",\"target\":[\"https:\/\/www.musedolomiti.it\/evento\/luna-belluno\/\"]}]},{\"@type\":\"ImageObject\",\"inLanguage\":\"en-US\",\"@id\":\"https:\/\/www.musedolomiti.it\/evento\/luna-belluno\/#primaryimage\",\"url\":\"https:\/\/www.musedolomiti.it\/wp-content\/uploads\/2024\/11\/WhatsApp-Image-2024-11-15-at-10.05.55.jpeg\",\"contentUrl\":\"https:\/\/www.musedolomiti.it\/wp-content\/uploads\/2024\/11\/WhatsApp-Image-2024-11-15-at-10.05.55.jpeg\",\"width\":1500,\"height\":1000},{\"@type\":\"BreadcrumbList\",\"@id\":\"https:\/\/www.musedolomiti.it\/evento\/luna-belluno\/#breadcrumb\",\"itemListElement\":[{\"@type\":\"ListItem\",\"position\":1,\"name\":\"Home\",\"item\":\"https:\/\/www.musedolomiti.it\/en\/\"},{\"@type\":\"ListItem\",\"position\":2,\"name\":\"Eventi\",\"item\":\"https:\/\/www.musedolomiti.it\/calendario\/\"},{\"@type\":\"ListItem\",\"position\":3,\"name\":\"LUNA\"}]},{\"@type\":\"WebSite\",\"@id\":\"https:\/\/www.musedolomiti.it\/en\/#website\",\"url\":\"https:\/\/www.musedolomiti.it\/en\/\",\"name\":\"Le Muse e le Dolomiti\",\"description\":\"Da Nord a Sud, da Est a Ovest, la Musica e il Belcanto uniscono il mondo.\",\"potentialAction\":[{\"@type\":\"SearchAction\",\"target\":{\"@type\":\"EntryPoint\",\"urlTemplate\":\"https:\/\/www.musedolomiti.it\/en\/?s={search_term_string}\"},\"query-input\":{\"@type\":\"PropertyValueSpecification\",\"valueRequired\":true,\"valueName\":\"search_term_string\"}}],\"inLanguage\":\"en-US\"}]}<\/script>\n<!-- \/ Yoast SEO plugin. -->","yoast_head_json":{"title":"LUNA - Le Muse e le Dolomiti","description":"Scopri tutti gli eventi di Musica Classica organizzati dall'Associazione \"Le Muse e le Dolomiti\".","robots":{"index":"index","follow":"follow","max-snippet":"max-snippet:-1","max-image-preview":"max-image-preview:large","max-video-preview":"max-video-preview:-1"},"canonical":"https:\/\/www.musedolomiti.it\/evento\/luna-belluno\/","og_locale":"en_US","og_type":"article","og_title":"LUNA - Le Muse e le Dolomiti","og_description":"Scopri tutti gli eventi di Musica Classica organizzati dall'Associazione \"Le Muse e le Dolomiti\".","og_url":"https:\/\/www.musedolomiti.it\/evento\/luna-belluno\/","og_site_name":"Le Muse e le Dolomiti","article_publisher":"https:\/\/it-it.facebook.com\/musedolomiti\/","article_modified_time":"2024-11-15T09:20:09+00:00","og_image":[{"width":1500,"height":1000,"url":"https:\/\/www.musedolomiti.it\/wp-content\/uploads\/2024\/11\/WhatsApp-Image-2024-11-15-at-10.05.55.jpeg","type":"image\/jpeg"}],"twitter_card":"summary_large_image","twitter_misc":{"Est. reading time":"2 minutes"},"schema":{"@context":"https:\/\/schema.org","@graph":[{"@type":"WebPage","@id":"https:\/\/www.musedolomiti.it\/evento\/luna-belluno\/","url":"https:\/\/www.musedolomiti.it\/evento\/luna-belluno\/","name":"LUNA - Le Muse e le Dolomiti","isPartOf":{"@id":"https:\/\/www.musedolomiti.it\/en\/#website"},"primaryImageOfPage":{"@id":"https:\/\/www.musedolomiti.it\/evento\/luna-belluno\/#primaryimage"},"image":{"@id":"https:\/\/www.musedolomiti.it\/evento\/luna-belluno\/#primaryimage"},"thumbnailUrl":"https:\/\/www.musedolomiti.it\/wp-content\/uploads\/2024\/11\/WhatsApp-Image-2024-11-15-at-10.05.55.jpeg","datePublished":"2024-11-15T09:18:19+00:00","dateModified":"2024-11-15T09:20:09+00:00","description":"Scopri tutti gli eventi di Musica Classica organizzati dall'Associazione \"Le Muse e le Dolomiti\".","breadcrumb":{"@id":"https:\/\/www.musedolomiti.it\/evento\/luna-belluno\/#breadcrumb"},"inLanguage":"en-US","potentialAction":[{"@type":"ReadAction","target":["https:\/\/www.musedolomiti.it\/evento\/luna-belluno\/"]}]},{"@type":"ImageObject","inLanguage":"en-US","@id":"https:\/\/www.musedolomiti.it\/evento\/luna-belluno\/#primaryimage","url":"https:\/\/www.musedolomiti.it\/wp-content\/uploads\/2024\/11\/WhatsApp-Image-2024-11-15-at-10.05.55.jpeg","contentUrl":"https:\/\/www.musedolomiti.it\/wp-content\/uploads\/2024\/11\/WhatsApp-Image-2024-11-15-at-10.05.55.jpeg","width":1500,"height":1000},{"@type":"BreadcrumbList","@id":"https:\/\/www.musedolomiti.it\/evento\/luna-belluno\/#breadcrumb","itemListElement":[{"@type":"ListItem","position":1,"name":"Home","item":"https:\/\/www.musedolomiti.it\/en\/"},{"@type":"ListItem","position":2,"name":"Eventi","item":"https:\/\/www.musedolomiti.it\/calendario\/"},{"@type":"ListItem","position":3,"name":"LUNA"}]},{"@type":"WebSite","@id":"https:\/\/www.musedolomiti.it\/en\/#website","url":"https:\/\/www.musedolomiti.it\/en\/","name":"Le Muse e le Dolomiti","description":"Da Nord a Sud, da Est a Ovest, la Musica e il Belcanto uniscono il mondo.","potentialAction":[{"@type":"SearchAction","target":{"@type":"EntryPoint","urlTemplate":"https:\/\/www.musedolomiti.it\/en\/?s={search_term_string}"},"query-input":{"@type":"PropertyValueSpecification","valueRequired":true,"valueName":"search_term_string"}}],"inLanguage":"en-US"}]}},"_links":{"self":[{"href":"https:\/\/www.musedolomiti.it\/en\/wp-json\/wp\/v2\/tribe_events\/6608","targetHints":{"allow":["GET"]}}],"collection":[{"href":"https:\/\/www.musedolomiti.it\/en\/wp-json\/wp\/v2\/tribe_events"}],"about":[{"href":"https:\/\/www.musedolomiti.it\/en\/wp-json\/wp\/v2\/types\/tribe_events"}],"author":[{"embeddable":true,"href":"https:\/\/www.musedolomiti.it\/en\/wp-json\/wp\/v2\/users\/2"}],"version-history":[{"count":3,"href":"https:\/\/www.musedolomiti.it\/en\/wp-json\/wp\/v2\/tribe_events\/6608\/revisions"}],"predecessor-version":[{"id":6611,"href":"https:\/\/www.musedolomiti.it\/en\/wp-json\/wp\/v2\/tribe_events\/6608\/revisions\/6611"}],"wp:featuredmedia":[{"embeddable":true,"href":"https:\/\/www.musedolomiti.it\/en\/wp-json\/wp\/v2\/media\/6605"}],"wp:attachment":[{"href":"https:\/\/www.musedolomiti.it\/en\/wp-json\/wp\/v2\/media?parent=6608"}],"wp:term":[{"taxonomy":"post_tag","embeddable":true,"href":"https:\/\/www.musedolomiti.it\/en\/wp-json\/wp\/v2\/tags?post=6608"},{"taxonomy":"tribe_events_cat","embeddable":true,"href":"https:\/\/www.musedolomiti.it\/en\/wp-json\/wp\/v2\/tribe_events_cat?post=6608"}],"curies":[{"name":"wp","href":"https:\/\/api.w.org\/{rel}","templated":true}]}}

<h5 class="p1"><span class="s1">Domenica 8 Dicembre 2024, ore 17:30 | Salone Nobile del Palazzo Fulcis, Belluno | Ingresso libero con prenotazione obbligatoria   |  </span><em>Attenzione! concerto pomeridiano</em></h5>
<h2>Oda Zoe Hochscheid, mezzosoprano</h2>
<h2>Doris Hochscheid, violoncello</h2>
<h2>Frans van Ruth, pianoforte</h2>
<p>Questo concerto è un elogio alla luna. Una luna che diventa il simbolo della notte, rappresentata da poeti e compositori in tutto il suo mistero, la sua oscurità e la sua quiete.</p>
<p>Esiste una quantità sorprendente di repertorio splendido per voce, violoncello e pianoforte. Lieder (brani di musica da camera vocale) provenienti da svariati paesi cantati in cinque lingue diverse. Nel corso della serata, la luna entra in scena ovunque, ma sempre con un significato diverso e distinto.</p>
<p>I compositori del concerto includono Camille Saint-Saëns, Joseph Marx, Pauline Viardot, Gabriël Fauré e Antonín Dvorák. Apice del programma è la nuova composizione “I watched the Moon around the House” del compositore Max Knigge su poesia di Emily Dickinson, commissionato per il trio Hochscheid-Hochscheid-van Ruth dalla Fondazione Arti Scenici (Fonds Podiumkunsten) Olandese. Knigge, compositore già eseguito dal famoso Concertgebouw Orkest di Amsterdam, vanta una produzione vocale ricca e riconosciuta a livello internazionale.</p>
<p>Durante il concerto, frammenti della nuova composizione si alternano con i brani tardo-romantici, creando così uno stimolante intreccio tra il contemporaneo e la Liederistica di tradizione. Un programma che garantisce grandi emozioni, musica coinvolgente di alta qualità e una scelta musicale tanto “romantica” quanto “innovativa”.</p>
<p>&nbsp;</p>
<hr />
<div class="xdj266r x11i5rnm xat24cr x1mh8g0r x1vvkbs x126k92a"></div>
<div class="x11i5rnm xat24cr x1mh8g0r x1vvkbs xtlvy1s x126k92a">
<div dir="auto">
<p><b>Ingresso libero con prenotazione obbligatoria: posti limitati!</b></p>
<p><strong>Prenotazioni via email: prenotazionimuseo@comune.belluno.it</strong></p>
<p><strong>Prenotazioni via telefono, 0437 913323<br />
Da martedì a venerdì dalle 9:30 alle 12:30<br />
Martedì, Mercoledì e Venerdì dalle 15:30 alle 18:30<br />
Sabato e Domenica dalle 10 alle 18:30</strong></p>
<hr />
<p><em>Ringraziamo i Musei Civici di Belluno, specialmente il Curatore Dott. Carlo Cavalli, il Personale del Palazzo Fulcis e il Comune di Belluno!</em></p>
</div>
</div>
<p>&nbsp;</p>
