{"id":6757,"date":"2025-07-08T22:30:10","date_gmt":"2025-07-08T20:30:10","guid":{"rendered":"https:\/\/www.musedolomiti.it\/?post_type=tribe_events&#038;p=6757"},"modified":"2025-07-09T13:27:04","modified_gmt":"2025-07-09T11:27:04","slug":"dietro-le-quinte-2025","status":"publish","type":"tribe_events","link":"https:\/\/www.musedolomiti.it\/en\/evento\/dietro-le-quinte-2025\/","title":{"rendered":"Dietro le Quinte"},"content":{"rendered":"<h5 class=\"p1\"><span class=\"s1\">Marted\u00ec 15 &#8211; Gioved\u00ec 24 Luglio 2025 | Scuola Primaria &#8220;Padre Felice Cappello&#8221;, Falcade |<span class=\"Apple-converted-space\">\u00a0 <\/span>INGRESSO LIBERO<\/span><\/h5>\n<hr \/>\n<p>Vi aspettiamo numerosi ad uno dei nostri eventi chiave&#8230;.: <strong>&#8220;Dietro le Quinte&#8221;!<\/strong><\/p>\n<p>Dal 2013, l&#8217;evento \u00e8 legato alla <b>Masterclass Internazionale \u201cOpera, Liederistica e Musica Sacra\u201d <\/b>tenuta dal soprano <b>Adelisa Tabiadon<\/b> e dal pianista\/maestro di repertorio <b>Loris Peverada.\u00a0<\/b><\/p>\n<p>Adelisa Tabiadon, le cui origini familiari sono a Tabiadon di Val, frazione del Comune di Falcade, \u00e8 un famoso soprano lirico-spinto. Ha cantato nei teatri pi\u00f9 importanti d&#8217;Italia e del mondo, interpretando i ruoli principali del repertorio verdiano, sempre a fianco di artisti importanti come Luciano Pavarotti, Leo Nucci, Riccardo Chailly e molti altri. Adelisa Tabiadon insegna presso la Scuola Civica \u201cC. Abbado\u201d di Milano ed \u00e8 insegnante della Masterclass Internazionale dal 2013, anno di inizio del progetto.<\/p>\n<p>Loris Peverada \u00e8 pianista e maestro collaboratore di esperienza trentennale nel mondo della lirica, ha collaborato con artisti del pi\u00f9 alto livello e con numerosi teatri ed enti importanti, come quelli di Macerata, Montepulciano, L\u2019Aquila, Trieste, Nizza, Lugano oltre alla Radio della Svizzera Italiana.<\/p>\n<p>La tredicesima edizione della masterclass di lirica prevede la presenza di 15 cantanti internazionali provenienti dalla Cina, dall&#8217;Italia e dalla Francia.<\/p>\n<p><strong>Le lezioni saranno aperte, sempre in forma gratuita, al pubblico, che potr\u00e0 cos\u00ec scoprire il lavoro dietro le quinte: non \u00e8 solo talento che porta al palcoscenico!<\/strong><\/p>\n<p>Molti hanno gi\u00e0 usufruito di questa possibilit\u00e0 di vedere dal vivo l&#8217;allenamento di un professionista dello spettacolo lirico&#8230;. e sarete le benvenute e i benvenuti anche quest&#8217;anno, in orari che decidete voi e per una durata che decidete voi. Sono benvenuti tutti, grandi e piccoli. Basta entrare nella Scuola Elementare&#8230;. e seguire il suono della voce per trovare l&#8217;aula giusta, quella dei Maestri!<\/p>\n<p><strong>Le lezioni di canto lirico si terranno dal 15 al 24 luglio 2024 con orari dalle 09:30 alle 12.30 e dalle 14 alle 18:30. <\/strong><\/p>\n<p><strong>Segnaliamo che gli orari potrebbero variare il giorno 21 luglio, causa concerto serale a San Simon (vedasi il nostro calendario).<br \/>\n<\/strong><\/p>\n<p><b>Vi invitiamo a chiamarci al numero 342 914 7711 per ulteriori info.<\/b><\/p>\n<p><em>Le Muse e le Dolomiti ringraziano il\u00a0Comune di Falcade e l&#8217;Istituto comprensivo di Cencenighe.<\/em><\/p>\n","protected":false},"excerpt":{"rendered":"<p>Marted\u00ec 15 &#8211; Gioved\u00ec 24 Luglio 2025 | Scuola Primaria &#8220;Padre Felice Cappello&#8221;, Falcade |\u00a0 INGRESSO LIBERO Vi aspettiamo numerosi ad uno dei nostri eventi chiave&#8230;.: &#8220;Dietro le Quinte&#8221;! Dal&#8230; <\/p>\n<div class=\"clear\"><\/div>\n<p><a href=\"https:\/\/www.musedolomiti.it\/en\/evento\/dietro-le-quinte-2025\/\" class=\"gdlr-button with-border excerpt-read-more\">Read More<\/a><\/p>\n","protected":false},"author":2,"featured_media":3841,"template":"","meta":{"_acf_changed":false,"_tribe_events_status":"","_tribe_events_status_reason":"","footnotes":""},"tags":[],"tribe_events_cat":[79],"class_list":["post-6757","tribe_events","type-tribe_events","status-publish","has-post-thumbnail","hentry","tribe_events_cat-xiii-edizione-2025","cat_xiii-edizione-2025"],"acf":[],"yoast_head":"<!-- This site is optimized with the Yoast SEO plugin v27.1.1 - https:\/\/yoast.com\/product\/yoast-seo-wordpress\/ -->\n<title>Dietro le Quinte - Le Muse e le Dolomiti<\/title>\n<meta name=\"description\" content=\"Scopri tutti gli eventi di Musica Classica organizzati dall&#039;Associazione &quot;Le Muse e le Dolomiti&quot;.\" \/>\n<meta name=\"robots\" content=\"index, follow, max-snippet:-1, max-image-preview:large, max-video-preview:-1\" \/>\n<link rel=\"canonical\" href=\"https:\/\/www.musedolomiti.it\/evento\/dietro-le-quinte-2025\/\" \/>\n<meta property=\"og:locale\" content=\"en_US\" \/>\n<meta property=\"og:type\" content=\"article\" \/>\n<meta property=\"og:title\" content=\"Dietro le Quinte - Le Muse e le Dolomiti\" \/>\n<meta property=\"og:description\" content=\"Scopri tutti gli eventi di Musica Classica organizzati dall&#039;Associazione &quot;Le Muse e le Dolomiti&quot;.\" \/>\n<meta property=\"og:url\" content=\"https:\/\/www.musedolomiti.it\/evento\/dietro-le-quinte-2025\/\" \/>\n<meta property=\"og:site_name\" content=\"Le Muse e le Dolomiti\" \/>\n<meta property=\"article:publisher\" content=\"https:\/\/it-it.facebook.com\/musedolomiti\/\" \/>\n<meta property=\"article:modified_time\" content=\"2025-07-09T11:27:04+00:00\" \/>\n<meta property=\"og:image\" content=\"https:\/\/www.musedolomiti.it\/wp-content\/uploads\/2018\/06\/3_DIETROLEQUINTE.jpg\" \/>\n\t<meta property=\"og:image:width\" content=\"1800\" \/>\n\t<meta property=\"og:image:height\" content=\"1200\" \/>\n\t<meta property=\"og:image:type\" content=\"image\/jpeg\" \/>\n<meta name=\"twitter:card\" content=\"summary_large_image\" \/>\n<meta name=\"twitter:label1\" content=\"Est. reading time\" \/>\n\t<meta name=\"twitter:data1\" content=\"3 minutes\" \/>\n<script type=\"application\/ld+json\" class=\"yoast-schema-graph\">{\"@context\":\"https:\/\/schema.org\",\"@graph\":[{\"@type\":\"WebPage\",\"@id\":\"https:\/\/www.musedolomiti.it\/evento\/dietro-le-quinte-2025\/\",\"url\":\"https:\/\/www.musedolomiti.it\/evento\/dietro-le-quinte-2025\/\",\"name\":\"Dietro le Quinte - Le Muse e le Dolomiti\",\"isPartOf\":{\"@id\":\"https:\/\/www.musedolomiti.it\/en\/#website\"},\"primaryImageOfPage\":{\"@id\":\"https:\/\/www.musedolomiti.it\/evento\/dietro-le-quinte-2025\/#primaryimage\"},\"image\":{\"@id\":\"https:\/\/www.musedolomiti.it\/evento\/dietro-le-quinte-2025\/#primaryimage\"},\"thumbnailUrl\":\"https:\/\/www.musedolomiti.it\/wp-content\/uploads\/2018\/06\/3_DIETROLEQUINTE.jpg\",\"datePublished\":\"2025-07-08T20:30:10+00:00\",\"dateModified\":\"2025-07-09T11:27:04+00:00\",\"description\":\"Scopri tutti gli eventi di Musica Classica organizzati dall'Associazione \\\"Le Muse e le Dolomiti\\\".\",\"breadcrumb\":{\"@id\":\"https:\/\/www.musedolomiti.it\/evento\/dietro-le-quinte-2025\/#breadcrumb\"},\"inLanguage\":\"en-US\",\"potentialAction\":[{\"@type\":\"ReadAction\",\"target\":[\"https:\/\/www.musedolomiti.it\/evento\/dietro-le-quinte-2025\/\"]}]},{\"@type\":\"ImageObject\",\"inLanguage\":\"en-US\",\"@id\":\"https:\/\/www.musedolomiti.it\/evento\/dietro-le-quinte-2025\/#primaryimage\",\"url\":\"https:\/\/www.musedolomiti.it\/wp-content\/uploads\/2018\/06\/3_DIETROLEQUINTE.jpg\",\"contentUrl\":\"https:\/\/www.musedolomiti.it\/wp-content\/uploads\/2018\/06\/3_DIETROLEQUINTE.jpg\",\"width\":1800,\"height\":1200},{\"@type\":\"BreadcrumbList\",\"@id\":\"https:\/\/www.musedolomiti.it\/evento\/dietro-le-quinte-2025\/#breadcrumb\",\"itemListElement\":[{\"@type\":\"ListItem\",\"position\":1,\"name\":\"Home\",\"item\":\"https:\/\/www.musedolomiti.it\/en\/\"},{\"@type\":\"ListItem\",\"position\":2,\"name\":\"Eventi\",\"item\":\"https:\/\/www.musedolomiti.it\/calendario\/\"},{\"@type\":\"ListItem\",\"position\":3,\"name\":\"Dietro le Quinte\"}]},{\"@type\":\"WebSite\",\"@id\":\"https:\/\/www.musedolomiti.it\/en\/#website\",\"url\":\"https:\/\/www.musedolomiti.it\/en\/\",\"name\":\"Le Muse e le Dolomiti\",\"description\":\"Da Nord a Sud, da Est a Ovest, la Musica e il Belcanto uniscono il mondo.\",\"potentialAction\":[{\"@type\":\"SearchAction\",\"target\":{\"@type\":\"EntryPoint\",\"urlTemplate\":\"https:\/\/www.musedolomiti.it\/en\/?s={search_term_string}\"},\"query-input\":{\"@type\":\"PropertyValueSpecification\",\"valueRequired\":true,\"valueName\":\"search_term_string\"}}],\"inLanguage\":\"en-US\"}]}<\/script>\n<!-- \/ Yoast SEO plugin. -->","yoast_head_json":{"title":"Dietro le Quinte - Le Muse e le Dolomiti","description":"Scopri tutti gli eventi di Musica Classica organizzati dall'Associazione \"Le Muse e le Dolomiti\".","robots":{"index":"index","follow":"follow","max-snippet":"max-snippet:-1","max-image-preview":"max-image-preview:large","max-video-preview":"max-video-preview:-1"},"canonical":"https:\/\/www.musedolomiti.it\/evento\/dietro-le-quinte-2025\/","og_locale":"en_US","og_type":"article","og_title":"Dietro le Quinte - Le Muse e le Dolomiti","og_description":"Scopri tutti gli eventi di Musica Classica organizzati dall'Associazione \"Le Muse e le Dolomiti\".","og_url":"https:\/\/www.musedolomiti.it\/evento\/dietro-le-quinte-2025\/","og_site_name":"Le Muse e le Dolomiti","article_publisher":"https:\/\/it-it.facebook.com\/musedolomiti\/","article_modified_time":"2025-07-09T11:27:04+00:00","og_image":[{"width":1800,"height":1200,"url":"https:\/\/www.musedolomiti.it\/wp-content\/uploads\/2018\/06\/3_DIETROLEQUINTE.jpg","type":"image\/jpeg"}],"twitter_card":"summary_large_image","twitter_misc":{"Est. reading time":"3 minutes"},"schema":{"@context":"https:\/\/schema.org","@graph":[{"@type":"WebPage","@id":"https:\/\/www.musedolomiti.it\/evento\/dietro-le-quinte-2025\/","url":"https:\/\/www.musedolomiti.it\/evento\/dietro-le-quinte-2025\/","name":"Dietro le Quinte - Le Muse e le Dolomiti","isPartOf":{"@id":"https:\/\/www.musedolomiti.it\/en\/#website"},"primaryImageOfPage":{"@id":"https:\/\/www.musedolomiti.it\/evento\/dietro-le-quinte-2025\/#primaryimage"},"image":{"@id":"https:\/\/www.musedolomiti.it\/evento\/dietro-le-quinte-2025\/#primaryimage"},"thumbnailUrl":"https:\/\/www.musedolomiti.it\/wp-content\/uploads\/2018\/06\/3_DIETROLEQUINTE.jpg","datePublished":"2025-07-08T20:30:10+00:00","dateModified":"2025-07-09T11:27:04+00:00","description":"Scopri tutti gli eventi di Musica Classica organizzati dall'Associazione \"Le Muse e le Dolomiti\".","breadcrumb":{"@id":"https:\/\/www.musedolomiti.it\/evento\/dietro-le-quinte-2025\/#breadcrumb"},"inLanguage":"en-US","potentialAction":[{"@type":"ReadAction","target":["https:\/\/www.musedolomiti.it\/evento\/dietro-le-quinte-2025\/"]}]},{"@type":"ImageObject","inLanguage":"en-US","@id":"https:\/\/www.musedolomiti.it\/evento\/dietro-le-quinte-2025\/#primaryimage","url":"https:\/\/www.musedolomiti.it\/wp-content\/uploads\/2018\/06\/3_DIETROLEQUINTE.jpg","contentUrl":"https:\/\/www.musedolomiti.it\/wp-content\/uploads\/2018\/06\/3_DIETROLEQUINTE.jpg","width":1800,"height":1200},{"@type":"BreadcrumbList","@id":"https:\/\/www.musedolomiti.it\/evento\/dietro-le-quinte-2025\/#breadcrumb","itemListElement":[{"@type":"ListItem","position":1,"name":"Home","item":"https:\/\/www.musedolomiti.it\/en\/"},{"@type":"ListItem","position":2,"name":"Eventi","item":"https:\/\/www.musedolomiti.it\/calendario\/"},{"@type":"ListItem","position":3,"name":"Dietro le Quinte"}]},{"@type":"WebSite","@id":"https:\/\/www.musedolomiti.it\/en\/#website","url":"https:\/\/www.musedolomiti.it\/en\/","name":"Le Muse e le Dolomiti","description":"Da Nord a Sud, da Est a Ovest, la Musica e il Belcanto uniscono il mondo.","potentialAction":[{"@type":"SearchAction","target":{"@type":"EntryPoint","urlTemplate":"https:\/\/www.musedolomiti.it\/en\/?s={search_term_string}"},"query-input":{"@type":"PropertyValueSpecification","valueRequired":true,"valueName":"search_term_string"}}],"inLanguage":"en-US"}]}},"_links":{"self":[{"href":"https:\/\/www.musedolomiti.it\/en\/wp-json\/wp\/v2\/tribe_events\/6757","targetHints":{"allow":["GET"]}}],"collection":[{"href":"https:\/\/www.musedolomiti.it\/en\/wp-json\/wp\/v2\/tribe_events"}],"about":[{"href":"https:\/\/www.musedolomiti.it\/en\/wp-json\/wp\/v2\/types\/tribe_events"}],"author":[{"embeddable":true,"href":"https:\/\/www.musedolomiti.it\/en\/wp-json\/wp\/v2\/users\/2"}],"version-history":[{"count":2,"href":"https:\/\/www.musedolomiti.it\/en\/wp-json\/wp\/v2\/tribe_events\/6757\/revisions"}],"predecessor-version":[{"id":6794,"href":"https:\/\/www.musedolomiti.it\/en\/wp-json\/wp\/v2\/tribe_events\/6757\/revisions\/6794"}],"wp:featuredmedia":[{"embeddable":true,"href":"https:\/\/www.musedolomiti.it\/en\/wp-json\/wp\/v2\/media\/3841"}],"wp:attachment":[{"href":"https:\/\/www.musedolomiti.it\/en\/wp-json\/wp\/v2\/media?parent=6757"}],"wp:term":[{"taxonomy":"post_tag","embeddable":true,"href":"https:\/\/www.musedolomiti.it\/en\/wp-json\/wp\/v2\/tags?post=6757"},{"taxonomy":"tribe_events_cat","embeddable":true,"href":"https:\/\/www.musedolomiti.it\/en\/wp-json\/wp\/v2\/tribe_events_cat?post=6757"}],"curies":[{"name":"wp","href":"https:\/\/api.w.org\/{rel}","templated":true}]}}

<h5 class="p1"><span class="s1">Martedì 15 &#8211; Giovedì 24 Luglio 2025 | Scuola Primaria &#8220;Padre Felice Cappello&#8221;, Falcade |<span class="Apple-converted-space">  </span>INGRESSO LIBERO</span></h5>
<hr />
<p>Vi aspettiamo numerosi ad uno dei nostri eventi chiave&#8230;.: <strong>&#8220;Dietro le Quinte&#8221;!</strong></p>
<p>Dal 2013, l&#8217;evento è legato alla <b>Masterclass Internazionale “Opera, Liederistica e Musica Sacra” </b>tenuta dal soprano <b>Adelisa Tabiadon</b> e dal pianista/maestro di repertorio <b>Loris Peverada. </b></p>
<p>Adelisa Tabiadon, le cui origini familiari sono a Tabiadon di Val, frazione del Comune di Falcade, è un famoso soprano lirico-spinto. Ha cantato nei teatri più importanti d&#8217;Italia e del mondo, interpretando i ruoli principali del repertorio verdiano, sempre a fianco di artisti importanti come Luciano Pavarotti, Leo Nucci, Riccardo Chailly e molti altri. Adelisa Tabiadon insegna presso la Scuola Civica “C. Abbado” di Milano ed è insegnante della Masterclass Internazionale dal 2013, anno di inizio del progetto.</p>
<p>Loris Peverada è pianista e maestro collaboratore di esperienza trentennale nel mondo della lirica, ha collaborato con artisti del più alto livello e con numerosi teatri ed enti importanti, come quelli di Macerata, Montepulciano, L’Aquila, Trieste, Nizza, Lugano oltre alla Radio della Svizzera Italiana.</p>
<p>La tredicesima edizione della masterclass di lirica prevede la presenza di 15 cantanti internazionali provenienti dalla Cina, dall&#8217;Italia e dalla Francia.</p>
<p><strong>Le lezioni saranno aperte, sempre in forma gratuita, al pubblico, che potrà così scoprire il lavoro dietro le quinte: non è solo talento che porta al palcoscenico!</strong></p>
<p>Molti hanno già usufruito di questa possibilità di vedere dal vivo l&#8217;allenamento di un professionista dello spettacolo lirico&#8230;. e sarete le benvenute e i benvenuti anche quest&#8217;anno, in orari che decidete voi e per una durata che decidete voi. Sono benvenuti tutti, grandi e piccoli. Basta entrare nella Scuola Elementare&#8230;. e seguire il suono della voce per trovare l&#8217;aula giusta, quella dei Maestri!</p>
<p><strong>Le lezioni di canto lirico si terranno dal 15 al 24 luglio 2024 con orari dalle 09:30 alle 12.30 e dalle 14 alle 18:30. </strong></p>
<p><strong>Segnaliamo che gli orari potrebbero variare il giorno 21 luglio, causa concerto serale a San Simon (vedasi il nostro calendario).<br />
</strong></p>
<p><b>Vi invitiamo a chiamarci al numero 342 914 7711 per ulteriori info.</b></p>
<p><em>Le Muse e le Dolomiti ringraziano il Comune di Falcade e l&#8217;Istituto comprensivo di Cencenighe.</em></p>

<p>Martedì 15 &#8211; Giovedì 24 Luglio 2025 | Scuola Primaria &#8220;Padre Felice Cappello&#8221;, Falcade |  INGRESSO LIBERO Vi aspettiamo numerosi ad uno dei nostri eventi chiave&#8230;.: &#8220;Dietro le Quinte&#8221;! Dal&#8230; </p>
<div class="clear"></div>
<p><a href="https://www.musedolomiti.it/en/evento/dietro-le-quinte-2025/" class="gdlr-button with-border excerpt-read-more">Read More</a></p>
